000
CXUS52 KCAE 021602
CLMCAE


CLIMATE REPORT
NATIONAL WEATHER SERVICE COLUMBIA SC
1201 PM EDT SUN JUL 2 2017

...................................

...THE COLUMBIA METRO AIRPORT SC CLIMATE SUMMARY FOR THE MONTH OF JUNE 2017...

CLIMATE NORMAL PERIOD 1981 TO 2010
CLIMATE RECORD PERIOD 1887 TO 2017

WEATHER         OBSERVED          NORMAL  DEPART
                 VALUE   DATE(S)  VALUE   FROM
                                          NORMAL
................................................
TEMPERATURE (F)
RECORD
 HIGH             109   06/30/2012
                        06/29/2012
                        54/01/2206
 LOW               44   06/01/1984
HIGHEST            97   06/14        MM      MM
LOWEST             62   06/09        MM      MM
                        06/08
AVG. MAXIMUM     89.3              90.0    -0.7
AVG. MINIMUM     70.1              68.2     1.9
MEAN             79.7              79.1     0.6
DAYS MAX >= 90     16              15.6     0.4
DAYS MAX <= 32      0               0.0     0.0
DAYS MIN <= 32      0               0.0     0.0
DAYS MIN <= 0       0               0.0     0.0

PRECIPITATION (INCHES)
RECORD
 MAXIMUM        14.81   1973
 MINIMUM         0.49   2002
TOTALS           5.13              4.69    0.44
DAILY AVG.       0.17              0.16    0.01
DAYS >= .01         8              10.5    -2.5
DAYS >= .10         6               7.1    -1.1
DAYS >= .50         2               3.1    -1.1
DAYS >= 1.00        1               1.3    -0.3
GREATEST
 24 HR. TOTAL    3.25   06/15 TO 06/15
 STORM TOTAL       MM
 (MM/DD(HH))            MM

SNOWFALL (INCHES)
RECORDS
 TOTAL             MM   MM
TOTALS            0.0               0.0     0.0
SINCE 7/1         0.1               1.5    -1.4
DAYS >= TRACE       0               0.0     0.0
DAYS >= 1.0         0               0.0     0.0
GREATEST
 SNOW DEPTH         0   MM

DEGREE_DAYS
HEATING TOTAL       0                 1      -1
 SINCE 7/1       1665              2552    -887
COOLING TOTAL     450               424      26
 SINCE 1/1        979               745     234

FREEZE DATES
RECORD
 EARLIEST     10/15/1991
 LATEST       04/03/1964
EARLIEST      11/20             11/05
LATEST        03/20             03/22
.................................................

WIND (MPH)
AVERAGE WIND SPEED              5.2
RESULTANT WIND SPEED/DIRECTION   2/171
HIGHEST WIND SPEED/DIRECTION    28/310    DATE  06/15
HIGHEST GUST SPEED/DIRECTION    54/310    DATE  06/15

SKY COVER
POSSIBLE SUNSHINE (PERCENT)   MM
AVERAGE SKY COVER           0.60
NUMBER OF DAYS FAIR            2
NUMBER OF DAYS PC             19
NUMBER OF DAYS CLOUDY          9

AVERAGE RH (PERCENT)     67

WEATHER CONDITIONS. NUMBER OF DAYS WITH
THUNDERSTORM              0     MIXED PRECIP               0
HEAVY RAIN                5     RAIN                       7
LIGHT RAIN               13     FREEZING RAIN              0
LT FREEZING RAIN          0     HAIL                       1
HEAVY SNOW                0     SNOW                       0
LIGHT SNOW                0     SLEET                      0
FOG                      10     FOG W/VIS <= 1/4 MILE      1
HAZE                      2

-  INDICATES NEGATIVE NUMBERS.
R  INDICATES RECORD WAS SET OR TIED.
MM INDICATES DATA IS MISSING.
T  INDICATES TRACE AMOUNT.

$$
