000
CXUS52 KCAE 020004
CLMCAE


CLIMATE REPORT
NATIONAL WEATHER SERVICE COLUMBIA SC
800 PM EDT SAT APR 1 2017

...................................

...THE COLUMBIA METRO AIRPORT SC CLIMATE SUMMARY FOR THE MONTH OF MARCH 2017...

CLIMATE NORMAL PERIOD 1981 TO 2010
CLIMATE RECORD PERIOD 1887 TO 2017

WEATHER         OBSERVED          NORMAL  DEPART
                 VALUE   DATE(S)  VALUE   FROM
                                          NORMAL
................................................
TEMPERATURE (F)
RECORD
 HIGH              93   03/23/1907
 LOW                4   03/03/1980
HIGHEST            89   03/21        MM      MM
LOWEST             22   03/16        MM      MM
AVG. MAXIMUM     70.9              68.2     2.7
AVG. MINIMUM     44.1              43.0     1.1
MEAN             57.5              55.6     1.9
DAYS MAX >= 90      0               0.0     0.0
DAYS MAX <= 32      0               0.0     0.0
DAYS MIN <= 32      7               4.4     2.6
DAYS MIN <= 0       0               0.0     0.0

PRECIPITATION (INCHES)
RECORD
 MAXIMUM        10.89   1973
 MINIMUM         0.56   1985
TOTALS           2.38              3.73   -1.35
DAILY AVG.       0.08              0.12   -0.04
DAYS >= .01        13               8.6     4.4
DAYS >= .10         6               5.9     0.1
DAYS >= .50         1               2.6    -1.6
DAYS >= 1.00        0               1.1    -1.1
GREATEST
 24 HR. TOTAL    0.57   03/13 TO 03/13
 STORM TOTAL       MM
 (MM/DD(HH))            MM

SNOWFALL (INCHES)
RECORDS
 TOTAL            4.1   1980
TOTALS              T               0.1    -0.1
SINCE 7/1         0.1               1.5    -1.4
DAYS >= TRACE       1               0.1     0.9
DAYS >= 1.0         0               0.0     0.0
GREATEST
 SNOW DEPTH         0   MM

DEGREE_DAYS
HEATING TOTAL     274               310     -36
 SINCE 7/1       1615              2409    -794
COOLING TOTAL      49                18      31
 SINCE 1/1         67                22      45

FREEZE DATES
RECORD
 EARLIEST     10/15/1991
 LATEST       04/03/1964
EARLIEST                        11/05
LATEST                          03/22
.................................................

WIND (MPH)
AVERAGE WIND SPEED              7.1
RESULTANT WIND SPEED/DIRECTION   2/244
HIGHEST WIND SPEED/DIRECTION    37/300    DATE  03/21
HIGHEST GUST SPEED/DIRECTION    50/290    DATE  03/21

SKY COVER
POSSIBLE SUNSHINE (PERCENT)   MM
AVERAGE SKY COVER           0.40
NUMBER OF DAYS FAIR           12
NUMBER OF DAYS PC             16
NUMBER OF DAYS CLOUDY          3

AVERAGE RH (PERCENT)     56

WEATHER CONDITIONS. NUMBER OF DAYS WITH
THUNDERSTORM              7     MIXED PRECIP               0
HEAVY RAIN                4     RAIN                       7
LIGHT RAIN               15     FREEZING RAIN              0
LT FREEZING RAIN          0     HAIL                       0
HEAVY SNOW                0     SNOW                       0
LIGHT SNOW                1     SLEET                      0
FOG                       9     FOG W/VIS <= 1/4 MILE      0
HAZE                      1

-  INDICATES NEGATIVE NUMBERS.
R  INDICATES RECORD WAS SET OR TIED.
MM INDICATES DATA IS MISSING.
T  INDICATES TRACE AMOUNT.

$$
