000
CXUS51 KCAR 120135
CLMCAR


CLIMATE REPORT
NATIONAL WEATHER SERVICE CARIBOU, ME
835 PM EST MON DEC 11 2017

...................................

...THE CARIBOU ME CLIMATE SUMMARY FOR THE SEASON, FROM
9/1/2017 TO 11/30/2017...

CLIMATE NORMAL PERIOD 1981 TO 2010
CLIMATE RECORD PERIOD 1939 TO 2017

WEATHER         OBSERVED          NORMAL  DEPART  LAST YEAR`S
                 VALUE   DATE(S)  VALUE   FROM    VALUE  DATE(S)
                                          NORMAL
................................................................
TEMPERATURE (F)
RECORD
 HIGH              92   09/01/2010
 LOW               -8   11/30/1995
HIGHEST            88   09/26        MM      MM       82  09/07
                        09/25
LOWEST              8   11/28        MM      MM       23  11/29
                                                          11/07
                                                          11/12
AVG. MAXIMUM     58.0              51.9     6.1     56.0
AVG. MINIMUM     37.5              34.6     2.9     38.6
MEAN             47.8              43.3     4.5     47.3
DAYS MAX >= 90      0               0.1    -0.1        0
DAYS MAX <= 32      7               8.1    -1.1        2
DAYS MIN <= 32     34              38.0    -4.0       29
DAYS MIN <= 0       0               0.2    -0.2        0

PRECIPITATION (INCHES)
RECORD
 MAXIMUM        19.03   2008
 MINIMUM         4.65   1955
TOTALS          13.03             10.48    2.55     8.65
DAILY AVG.       0.14              0.12    0.02     0.09
DAYS >= .01        34              39.2    -5.2       43
DAYS >= .10        22              22.4    -0.4       24
DAYS >= .50         7               6.7     0.3        5
DAYS >= 1.00        2               2.0     0.0        0
GREATEST
 24 HR. TOTAL    2.92   MM                       11/30 TO 11/30
                                                          11/30 TO 11/30
                                                          11/30 TO 11/30

SNOWFALL (INCHES)
RECORDS
 TOTAL           35.3   1974
TOTALS            3.9              12.2    -8.3     20.2
SINCE 7/1         3.9              12.2    -8.3     20.2
SNOWDEPTH AVG.      0                MM      MM        1
DAYS >= 1.0         1               3.1    -2.1        5
GREATEST
 SNOW DEPTH         1   11/29                         16  11/30
                        11/27
                        11/28
 24 HR TOTAL      1.7   MM                       11/30 TO 11/30
                                                          11/30 TO 11/30
                                                          11/30 TO 11/30

DEGREE_DAYS
HEATING TOTAL    1579              1991    -412     1607
 SINCE 7/1         MM              2145      MM       MM
COOLING TOTAL      35                11      24       22
 SINCE 1/1        222               180      42      275
.................................................

WIND (MPH)
AVERAGE WIND SPEED              7.2
HIGHEST WIND SPEED/DIRECTION    37/170    DATE  10/30
HIGHEST GUST SPEED/DIRECTION    47/180    DATE  10/30

SKY COVER
POSSIBLE SUNSHINE (PERCENT)   MM
AVERAGE SKY COVER           0.50
NUMBER OF DAYS FAIR           35
NUMBER OF DAYS PC             33
NUMBER OF DAYS CLOUDY         23

AVERAGE RH (PERCENT)     71

WEATHER CONDITIONS. NUMBER OF DAYS WITH
THUNDERSTORM              0     MIXED PRECIP               0
HEAVY RAIN               15     RAIN                      18
LIGHT RAIN               40     FREEZING RAIN              0
LT FREEZING RAIN          1     HAIL                       0
HEAVY SNOW                0     SNOW                       1
LIGHT SNOW               11     SLEET                      0
FOG                      39     FOG W/VIS <= 1/4 MILE     10
HAZE                      1

-  INDICATES NEGATIVE NUMBERS.
R  INDICATES RECORD WAS SET OR TIED.
MM INDICATES DATA IS MISSING.
T  INDICATES TRACE AMOUNT.

$$
