000
CXUS51 KCAR 070101 CCB
CLMCAR

CLIMATE REPORT
NATIONAL WEATHER SERVICE CARIBOU, ME
852 AM EST FRI MAR 3 2017

...................................

...THE CARIBOU ME CLIMATE SUMMARY FOR THE MONTH OF FEBRUARY 2017...

CLIMATE NORMAL PERIOD 1981 TO 2010
CLIMATE RECORD PERIOD 1939 TO 2017

WEATHER         OBSERVED          NORMAL  DEPART  LAST YEAR`S
                 VALUE   DATE(S)  VALUE   FROM    VALUE  DATE(S)
                                          NORMAL
................................................................
TEMPERATURE (F)
RECORD
 HIGH              59   02/20/1994
 LOW              -41   02/01/1955
HIGHEST            50   02/24        MM      MM       50  02/25
                        02/23
LOWEST            -19   02/12        MM      MM      -14  02/13
AVG. MAXIMUM     26.9              23.9     3.0     28.9
AVG. MINIMUM      6.0               4.2     1.8      7.9
MEAN             16.4              14.1     2.3     18.4
DAYS MAX >= 90      0               0.0     0.0        0
DAYS MAX <= 32     20              21.5    -1.5       18
DAYS MIN <= 32     28              27.3     0.7       28
DAYS MIN <= 0      13              11.4     1.6        7

PRECIPITATION (INCHES)
RECORD
 MAXIMUM         4.72   2008
 MINIMUM         0.26   1978
TOTALS           2.17                     -0.04
DAILY AVG.       0.08              0.08    0.00     0.14
DAYS >= .01        17              11.7     5.3       15
DAYS >= .10         6               5.3     0.7        7
DAYS >= .50         0               1.3    -1.3        3
DAYS >= 1.00        0               0.2    -0.2        0
GREATEST
 24 HR. TOTAL    0.56   02/07 TO 02/08           02/24 TO 02/25
                                                          02/25 TO 02/25
                                                          02/25 TO 02/25

SNOWFALL (INCHES)
RECORDS
 TOTAL           47.7   2008
TOTALS           15.8              22.2    -6.4     16.9
SINCE 7/1        96.6              82.5    14.1     60.0
SNOWDEPTH AVG.     28                19       9        8
DAYS >= 1.0         4               5.3    -1.3        6
GREATEST
 SNOW DEPTH        31   02/20                         11  02/16
                        02/19                             02/11
                        02/18                             02/10
 24 HR TOTAL      4.7   MM                       02/25 TO 02/25
                                                          02/25 TO 02/25
                                                          02/25 TO 02/25

DEGREE_DAYS
HEATING TOTAL    1353              1427     -74     1345
 SINCE 7/1       5981              6721    -740     5742
COOLING TOTAL       0                 0       0        0
 SINCE 1/1          0                 0       0        0
......................................................

WIND (MPH)
AVERAGE WIND SPEED              7.4
HIGHEST WIND SPEED/DIRECTION    31/250    DATE  02/27
HIGHEST GUST SPEED/DIRECTION    44/240    DATE  02/27

SKY COVER
POSSIBLE SUNSHINE (PERCENT)   MM
AVERAGE SKY COVER           0.50
NUMBER OF DAYS FAIR            8
NUMBER OF DAYS PC             13
NUMBER OF DAYS CLOUDY          7

AVERAGE RH (PERCENT)     71

WEATHER CONDITIONS. NUMBER OF DAYS WITH
THUNDERSTORM              0     MIXED PRECIP               0
HEAVY RAIN                1     RAIN                       1
LIGHT RAIN                4     FREEZING RAIN              2
LT FREEZING RAIN          2     HAIL                       0
HEAVY SNOW                1     SNOW                       4
LIGHT SNOW               21     SLEET                      2
FOG                      17     FOG W/VIS <= 1/4 MILE      2
HAZE                     12

-  INDICATES NEGATIVE NUMBERS.
R  INDICATES RECORD WAS SET OR TIED.
MM INDICATES DATA IS MISSING.
T  INDICATES TRACE AMOUNT.

&&

...NORTHERN AND EASTERN MAINE MONTHLY CLIMATE NARRATIVE...

FEBRUARY 2017 FINISHED WITH ABOVE NORMAL TEMPERATURES, NEAR NORMAL
PRECIPITATION, AND VARIABLE SNOWFALL ACROSS THE REGION AS A WHOLE.

THIS MONTH WAS REALLY THE TALE OF TWO FEBRUARY`S WITHIN ONE MONTH;
THE COLD AND SNOWY FIRST HALF AND THE MUCH MILDER AND RAINY SECOND
HALF OF THE MONTH. OVERALL, MONTHLY AVERAGE TEMPERATURES FOR
LOCATIONS ACROSS THE REGION WERE FAIRLY TIGHTLY CLUSTERED BETWEEN
1.5 TO 3.0 DEGREES ABOVE NORMAL, WITH THE FIRST HALF OF THE MONTH
AVERAGING ABOUT 8 DEGREES BELOW NORMAL AND THE SECOND HALF 12 TO 13
DEGREES ABOVE NORMAL. THIS RESULTED IN WIDE DIFFERENCES BETWEEN
MONTHLY MINIMUM TEMPERATURES OF -10S AND -20S RECORDED ON THE 11TH
AND 12TH ACROSS THE NORTH AND MAXIMUM TEMPERATURES OF 50S TO EVEN
NEAR 60 DEGREES RECORDED OVER EASTERN AND ESPECIALLY DOWNEAST
PORTIONS OF THE REGION ON THE 23RD AND 24TH.

PRECIPITATION RANGED FROM AS LITTLE AS 75 PERCENT OF NORMAL AT A FEW
LOCATIONS ACROSS THE NORTH UPWARDS TO 130 PERCENT ALONG THE DOWNEAST
COAST. DURING THE COLD FIRST HALF OF THE MONTH, A MORE SOUTHERN
STORM TRACK FEATURED HEAVY SNOWSTORMS ON THE 8-10TH AND AGAIN ON THE
12TH AND 13TH OVER CENTRAL AND ESPECIALLY DOWNEAST PORTIONS OF THE
REGION, WHERE COMPARATIVELY LITTLE FELL IN PREVIOUS WINTER MONTHS
THIS SEASON. DURING THE SECOND HALF OF THE MONTH, A DRAMATIC CHANGE
IN THE STORM TRACK TO WELL NORTH AND WEST OF MAINE RESULTED IN
MOSTLY RAIN EVENTS EVEN AS FAR NORTH AS THE SAINT JOHN VALLEY.
SUBSEQUENTLY, ONLY 60 TO 75 PERCENT OF AVERAGE SNOWFALL OCCURRED
ACROSS THE FAR NORTH WHILE UPWARDS TO 250 TO 300 PERCENT OF AVERAGE
SNOWFALL OCCURRED OVER DOWNEAST AREAS. AT BANGOR, THE 37.4 INCH
TOTAL FOR THE MONTH WAS THE 5TH SNOWIEST FEBRUARY OF RECORD, BUT
STILL WELL SHORT OF THE ALL TIME RECORD SNOWIEST FEBRUARY OF 58.0
INCHES RECORDED IN FEBRUARY 1969.

SNOW DEPTH GENERALLY WAS ABOVE AVERAGE ACROSS THE ENTIRE REGION THIS
MONTH, REACHING A PEAK THROUGH MID MONTH THEN DECLINING IN THE LAST
THIRD WITH THAWING TEMPERATURES AND RAINFALL. IT`S INTERESTING TO
NOTE THAT EVEN THOUGH THE MAXIMUM SNOW DEPTH AT BOTH CARIBOU AND
BANGOR REACHED 31 INCHES AT MID MONTH, THERE WAS A MUCH GREATER
VARIATION OF SNOW PACK OVER DOWNEAST AREAS AS EVIDENT BY THE INITIAL
SNOW DEPTH MEASUREMENT OF A TRACE ON THE 1ST AND 1 INCH ON THE 28TH
AT BANGOR COMPARED TO THE TOTAL RANGE ONLY FROM 23 O 31 INCHES OF
SNOW DEPTH AT CARIBOU. THE SOLID AND MORE DENSE SNOW PACK ACROSS
CENTRAL AND ESPECIALLY NORTHERN PORTIONS OF THE REGION CONTINUED TO
PROVIDE EXCELLENT SKIING AND SNOW MOBILING CONDITIONS ESPECIALLY
DURING THE FIRST TWO THIRDS OF THE MONTH.

THE OFFICIAL CLIMATE PREDICTION CENTER OUTLOOK FOR MARCH 2017 ACROSS
NORTHERN AND EASTERN MAINE IS NOT SLATED IN ANY PARTICULAR DIRECTION
FOR TEMPERATURE OR TOTAL PRECIPITATION. TEMPERATURES TYPICALLY RANGE
FROM LOWS OF LOWER TEENS TO HIGHS LOWER 30S ACROSS THE FAR NORTH TO
LOWS OF AROUND 20 AND HIGH AROUND 40 OVER DOWNEAST AREAS. TOTAL
PRECIPITATION AVERAGES FROM 2.50 INCHES ACROSS THE FAR NORTH TO 3.00
INCHES OVER DOWNEAST AREAS. SNOWFALL AVERAGES FROM AROUND 10 INCHES
OVER DOWNEAST AREAS TO AROUND 20 INCHES ACROSS THE FAR NORTH.

$$

VJN
