000
CXUS55 KGJT 051814 CCA
CLMCEZ

CLIMATE REPORT...CORRECTED RECORD LOW
NATIONAL WEATHER SERVICE GRAND JUNCTION CO
1214 PM MDT FRI AUG 5 2016

...................................

...THE CORTEZ CO CLIMATE SUMMARY FOR THE MONTH OF JULY 2016...

CLIMATE NORMAL PERIOD 1981 TO 2010
CLIMATE RECORD PERIOD 9999 TO 9999

WEATHER         OBSERVED          NORMAL  DEPART  LAST YEAR`S
                 VALUE   DATE(S)  VALUE   FROM    VALUE  DATE(S)
                                          NORMAL
................................................................
TEMPERATURE (F)
HIGHEST            99   07/28        MM      MM       96  07/01
LOWEST             43   07/12        MM      MM       45  07/28
AVG. MAXIMUM     91.0              90.1     0.9     86.2
AVG. MINIMUM     53.6              52.7     0.9     53.5
MEAN             72.3              71.4     0.9     69.9
DAYS MAX >= 90     25              16.5     8.5        9
DAYS MAX <= 32      0               0.0     0.0        0
DAYS MIN <= 32      0               0.1    -0.1        0
DAYS MIN <= 0       0               0.0     0.0        0

PRECIPITATION (INCHES)
TOTALS           1.46              1.29    0.17     2.00
DAILY AVG.       0.05              0.04    0.01     0.06
DAYS >= .01         8                MM      MM       12
DAYS >= .10         4                MM      MM        6
DAYS >= .50         1                MM      MM        0
DAYS >= 1.00        0                MM      MM        0
GREATEST
 24 HR. TOTAL    0.92   07/02 TO 07/02              0.69
                        07/01 TO 07/02
                        07/02 TO 07/02

SNOWFALL (INCHES)
TOTALS             MM                MM      MM       MM
SINCE 7/1          MM                MM      MM       MM
SNOWDEPTH AVG.     MM                MM      MM       MM
DAYS >= 1.0         0                MM      MM       MM
GREATEST
 SNOW DEPTH        MM                                 MM  MM
 24 HR TOTAL       MM                                 MM

DEGREE_DAYS
HEATING TOTAL       2                 3      -1        0
 SINCE 7/1          2                 3      -1        0
COOLING TOTAL     235               201      34      161
 SINCE 1/1        403               264     139      276
.................................................................

WIND (MPH)
AVERAGE WIND SPEED              6.5
HIGHEST WIND SPEED/DIRECTION    36/200    DATE  07/18
HIGHEST GUST SPEED/DIRECTION    51/280    DATE  07/28

SKY COVER
POSSIBLE SUNSHINE (PERCENT)   MM
AVERAGE SKY COVER           0.10
NUMBER OF DAYS FAIR           29
NUMBER OF DAYS PC              1
NUMBER OF DAYS CLOUDY          1

AVERAGE RH (PERCENT)     44

WEATHER CONDITIONS. NUMBER OF DAYS WITH
THUNDERSTORM             11     MIXED PRECIP               0
HEAVY RAIN                1     RAIN                       6
LIGHT RAIN                9     FREEZING RAIN              0
LT FREEZING RAIN          0     HAIL                       0
HEAVY SNOW                0     SNOW                       0
LIGHT SNOW                0     SLEET                      0
FOG                       4     FOG W/VIS <= 1/4 MILE      0
HAZE                      2

-  INDICATES NEGATIVE NUMBERS.
R  INDICATES RECORD WAS SET OR TIED.
MM INDICATES DATA IS MISSING.
T  INDICATES TRACE AMOUNT.

$$
