000
CXUS52 KCHS 011852
CLMCHS

CLIMATE REPORT
NATIONAL WEATHER SERVICE CHARLESTON SC
247 PM EDT SAT AUG 1 2015

...................................

...THE NORTH CHARLESTON SC CLIMATE SUMMARY FOR THE MONTH OF JULY 2015...

CLIMATE NORMAL PERIOD 1981 TO 2010
CLIMATE RECORD PERIOD 1938 TO 2015

WEATHER         OBSERVED          NORMAL  DEPART  LAST YEAR`S
                 VALUE   DATE(S)  VALUE   FROM    VALUE  DATE(S)
                                          NORMAL
................................................................
TEMPERATURE (F)
RECORD
 HIGH             104   07/20/1986
                        07/19/1986
 LOW               58   07/05/1952
HIGHEST            99   07/23                         97  07/09
LOWEST             70   07/26                         71  07/07
                        07/04
AVG. MAXIMUM     92.5              91.1     1.4     91.2
AVG. MINIMUM     74.1              73.0     1.1     74.9
MEAN             83.3              82.1     1.2     83.0
DAYS MAX >= 90     26              19.4     6.6       17
DAYS MAX <= 32      0               0.0     0.0        0
DAYS MIN <= 32      0               0.0     0.0        0
DAYS MIN <= 0       0               0.0     0.0        0

PRECIPITATION (INCHES)
RECORD
 MAXIMUM        18.46   1964
 MINIMUM         1.76   1972
TOTALS           7.72              6.53    1.19     7.41
DAYS >= .01        10              13.0    -3.0       12
DAYS >= .10         9               8.9     0.1       11
DAYS >= .50         6               4.2     1.8        4
DAYS >= 1.00        3               1.9     1.1        3
GREATEST
 24 HR. TOTAL    1.82   07/02 TO 07/03

SNOWFALL (INCHES)
TOTALS            0.0               0.0     0.0
SINCE 7/1         0.0               0.0     0.0

DEGREE_DAYS
HEATING TOTAL       0                 0       0        0
 SINCE 7/1          0                 0       0        0
COOLING TOTAL     574               529      45      566
 SINCE 1/1       1535              1312     223     1594
.................................................................

WIND (MPH)
AVERAGE WIND SPEED              6.7
HIGHEST WIND SPEED/DIRECTION    39/270
HIGHEST GUST SPEED/DIRECTION    62/290


WEATHER CONDITIONS. NUMBER OF DAYS WITH
THUNDERSTORM              9     MIXED PRECIP               0
HEAVY RAIN                7     RAIN                       5
LIGHT RAIN               13     FREEZING RAIN              0
LT FREEZING RAIN          0     HAIL                       0
HEAVY SNOW                0     SNOW                       0
LIGHT SNOW                0     SLEET                      0
FOG                      10     FOG W/VIS <= 1/4 MILE      1
HAZE                      1

-  INDICATES NEGATIVE NUMBERS.
R  INDICATES RECORD WAS SET OR TIED.
MM INDICATES DATA IS MISSING.
T  INDICATES TRACE AMOUNT.

&&

RECORDS ESTABLISHED DURING THE MONTH:

*JUL 23 - RECORD MAXIMUM TEMPERATURE OF 99 DEGREES

$$
