000
CXUS51 KCLE 011418
CLMCLE


CLIMATE REPORT
NATIONAL WEATHER SERVICE CLEVELAND OH
914 AM EST THU DEC 1 2016

...................................

...THE CLEVELAND OH CLIMATE SUMMARY FOR THE MONTH OF NOVEMBER 2016...

CLIMATE NORMAL PERIOD 1981 TO 2010
CLIMATE RECORD PERIOD 1871 TO 2016

WEATHER         OBSERVED          NORMAL  DEPART  LAST YEAR`S
                 VALUE   DATE(S)  VALUE   FROM    VALUE
                                          NORMAL
.............................................................
TEMPERATURE (F)
RECORD
 HIGH              82   11/01/1950
 LOW                0   11/22/1880
HIGHEST            80   11/01
LOWEST             26   11/23
AVG. MAXIMUM     57.7              50.8     6.9     57.0
AVG. MINIMUM     39.8              36.9     2.9     39.4
MEAN             48.8              43.9     4.9     48.2
DAYS MAX >= 90      0               0.0     0.0        0
DAYS MAX <= 32      0               0.9    -0.9        0
DAYS MIN <= 32      4               9.4    -5.4        7
DAYS MIN <= 0       0               0.0     0.0        0

PRECIPITATION (INCHES)
RECORD
 MAXIMUM         8.80   1985
 MINIMUM         0.41   1904
TOTALS           2.11              3.62   -1.51     2.31
DAYS >= .01        14              13.5     0.5       12
DAYS >= .10         7               8.2    -1.2        6
DAYS >= .50         0               2.2    -2.2        1
DAYS >= 1.00        0               0.7    -0.7        0
GREATEST
 24 HR. TOTAL    0.45   11/08 TO 11/09              0.79

SNOWFALL (INCHES)
RECORDS
 TOTAL           23.4   1996
TOTALS            0.9               4.3    -3.4      0.8
SINCE 7/1         0.9               4.5    -3.6      0.9
DAYS >= 1.0         0               1.5    -1.5        0
GREATEST
 24 HR TOTAL      0.6

DEGREE_DAYS
HEATING TOTAL     487               635    -148      501
 SINCE 7/1        716              1095    -379      865
COOLING TOTAL       8                 1       7        4
 SINCE 1/1       1320               817     503      831
..............................................................

WIND (MPH)
AVERAGE WIND SPEED              9.9
HIGHEST WIND SPEED/DIRECTION    32/170    DATE  11/29
HIGHEST GUST SPEED/DIRECTION    45/160    DATE  11/29

SKY COVER
AVERAGE SKY COVER           0.60

AVERAGE RH (PERCENT)     62

WEATHER CONDITIONS. NUMBER OF DAYS WITH
THUNDERSTORM              0     MIXED PRECIP               0
HEAVY RAIN                1     RAIN                       3
LIGHT RAIN               12     FREEZING RAIN              0
LT FREEZING RAIN          0     HAIL                       0
HEAVY SNOW                0     SNOW                       0
LIGHT SNOW                2     SLEET                      0
FOG                      11     FOG W/VIS <= 1/4 MILE      0
HAZE                      7

-  INDICATES NEGATIVE NUMBERS.
R  INDICATES RECORD WAS SET OR TIED.
MM INDICATES DATA IS MISSING.
T  INDICATES TRACE AMOUNT.

$$
