000
CXUS51 KILN 011146
CLMCMH


CLIMATE REPORT
NATIONAL WEATHER SERVICE WILMINGTON OH
743 AM EDT WED NOV 1 2017

...................................

...THE COLUMBUS CLIMATE SUMMARY FOR THE MONTH OF OCTOBER 2017...

CLIMATE NORMAL PERIOD 1981 TO 2010
CLIMATE RECORD PERIOD 1869 TO 2017

WEATHER         OBSERVED          NORMAL  DEPART  LAST YEAR`S
                 VALUE   DATE(S)  VALUE   FROM    VALUE  DATE(S)
                                          NORMAL
................................................................
TEMPERATURE (F)
RECORD
 HIGH              91   10/07/2007
 LOW               17   10/21/1952
HIGHEST            86   10/04        65      21       83  10/18
LOWEST             31   10/26        43     -12       35  10/25
AVG. MAXIMUM     68.5              65.1     3.4     69.3
AVG. MINIMUM     48.8              45.0     3.8     49.1
MEAN             58.6              55.0     3.6     59.2
DAYS MAX >= 90      0               0.0     0.0        0
DAYS MAX <= 32      0               0.0     0.0        0
DAYS MIN <= 32      1               1.6    -0.6        0
DAYS MIN <= 0       0               0.0     0.0        0

PRECIPITATION (INCHES)
TOTALS           3.57              2.61    0.96     1.73
DAILY AVG.       0.12              0.08    0.04     0.06
DAYS >= .01        10               9.4     0.6        7
DAYS >= .10         8               5.1     2.9        3
DAYS >= .50         2               1.6     0.4        2
DAYS >= 1.00        2               0.6     1.4        0
GREATEST
 24 HR. TOTAL    1.14   10/08 TO 10/08           09/30 TO 10/01
                                                          10/31 TO 10/31
                                                          10/31 TO 10/31
 STORM TOTAL       MM                                 MM
 (MM/DD(HH))            MM                    10/01(00) TO 10/01(00)
                                                 10/31(00) TO 10/31(00)1
                                                 10/31(00) TO 10/31(00)1

SNOWFALL (INCHES)
TOTALS              T               0.2    -0.2      0.0
SINCE 7/1           T               0.2    -0.2      0.0
DAYS >= TRACE       1               0.1     0.9        0
DAYS >= 1.0         0               0.1    -0.1        0
GREATEST
 24 HR TOTAL        T   10/28 TO 10/28           10/31 TO 10/31
                                                          10/31 TO 10/31
                                                          10/31 TO 10/31
 STORM TOTAL       MM                                 MM
 (MM/DD(HH))            MM                    10/31(00) TO 10/31(00)
                                                 10/31(00) TO 10/31(00)1
                                                 10/31(00) TO 10/31(00)1

DEGREE_DAYS
HEATING TOTAL     230               325     -95      214
 SINCE 7/1        281               394    -113      232
COOLING TOTAL      41                13      28       43
 SINCE 1/1       1093              1024      69     1324
..................................................

WIND (MPH)
AVERAGE WIND SPEED              6.9
RESULTANT WIND SPEED/DIRECTION   3/207
HIGHEST WIND SPEED/DIRECTION    35/300    DATE  10/15
HIGHEST GUST SPEED/DIRECTION    45/230    DATE  10/24

SKY COVER
AVERAGE SKY COVER           0.60

AVERAGE RH (PERCENT)     73

WEATHER CONDITIONS. NUMBER OF DAYS WITH
THUNDERSTORM              0     MIXED PRECIP               0
HEAVY RAIN                4     RAIN                       7
LIGHT RAIN               15     FREEZING RAIN              0
LT FREEZING RAIN          0     HAIL                       0
HEAVY SNOW                0     SNOW                       0
LIGHT SNOW                1     SLEET                      0
FOG                      16     FOG W/VIS <= 1/4 MILE      3
HAZE                      0

-  INDICATES NEGATIVE NUMBERS.
R  INDICATES RECORD WAS SET OR TIED.
MM INDICATES DATA IS MISSING.
T  INDICATES TRACE AMOUNT.

$$
