000
CXUS53 KTOP 011415 CCA
CLMCNK

CLIMATE REPORT
NATIONAL WEATHER SERVICE TOPEKA KS...CORRECTION
912 AM CDT SUN OCT 1 2017

...................................

...THE CONCORDIA KS CLIMATE SUMMARY FOR THE MONTH OF SEPTEMBER 2017...

CLIMATE NORMAL PERIOD 1981 TO 2010
CLIMATE RECORD PERIOD 1885 TO 2017

WEATHER         OBSERVED          NORMAL  DEPART  LAST YEAR`S
                 VALUE   DATE(S)  VALUE   FROM    VALUE
                                          NORMAL
.............................................................
TEMPERATURE (F)
RECORD
 HIGH             112   09/03/1947
 LOW               29   09/22/1995
                        09/29/1984
                        09/30/1895
HIGHEST            95   09/14        85      10       95
LOWEST             44   09/07        51      -7       41
                        09/06
AVG. MAXIMUM     82.8              80.0     2.8     81.9
AVG. MINIMUM     58.6              56.0     2.6     59.7
MEAN             70.7              68.0     2.7     70.8
DAYS MAX >= 90      7               4.9     2.1        7
DAYS MAX <= 32      0               0.0     0.0        0
DAYS MIN <= 32      0               0.1    -0.1        0
DAYS MIN <= 0       0               0.0     0.0        0

PRECIPITATION (INCHES)
RECORD
 MAXIMUM         8.94   1946
 MINIMUM         0.08   1956
TOTALS           5.25              2.91    2.34     2.00
DAILY AVG.       0.17              0.10    0.07     0.07
DAYS >= .01         8               7.4     0.6        5
DAYS >= .10         4               4.6    -0.6        4
DAYS >= .50         4               1.8     2.2        2
DAYS >= 1.00        3               0.9     2.1        0
GREATEST
 24 HR. TOTAL    1.96   09/25 TO 09/25              0.98

SNOWFALL (INCHES)
RECORDS
 TOTAL              T   1985
TOTALS            0.0               0.0     0.0      0.0
SINCE 7/1         0.0               0.0     0.0      0.0
SNOWDEPTH AVG.      0                                  0
DAYS >= 1.0         0               0.0     0.0        0
GREATEST
 SNOW DEPTH         0   MM                             0
 24 HR TOTAL      0.0   09/30 TO 09/30               0.0

DEGREE_DAYS
HEATING TOTAL      27                70     -43       41
 SINCE 7/1         27                73     -46       42
COOLING TOTAL     208               160      48      220
 SINCE 1/1       1346              1326      20     1502
..............................................................

WIND (MPH)
AVERAGE WIND SPEED              10.3
HIGHEST WIND SPEED/DIRECTION    35/180    DATE  09/15
HIGHEST GUST SPEED/DIRECTION    48/190    DATE  09/15

SKY COVER
POSSIBLE SUNSHINE (PERCENT)   MM
AVERAGE SKY COVER           0.20
NUMBER OF DAYS FAIR           23
NUMBER OF DAYS PC              6
NUMBER OF DAYS CLOUDY          1

AVERAGE RH (PERCENT)     67

WEATHER CONDITIONS. NUMBER OF DAYS WITH
THUNDERSTORM              8     MIXED PRECIP               0
HEAVY RAIN                3     RAIN                       4
LIGHT RAIN               13     FREEZING RAIN              0
LT FREEZING RAIN          0     HEAVY SNOW                 0
SNOW                      0     LIGHT SNOW                 1
FOG                      10     FOG W/VIS <= 1/4 MILE      1
HAZE                      3

-  INDICATES NEGATIVE NUMBERS.
R  INDICATES RECORD WAS SET OR TIED.
MM INDICATES DATA IS MISSING.
T  INDICATES TRACE AMOUNT.

$$
