000
CXUS51 KGYX 030859
CLMCON

PWMCLMCON 000
TTAA00 KGYX 020939


CLIMATE REPORT
NATIONAL WEATHER SERVICE GRAY ME
459 AM EDT THU NOV 3 2016

...................................

...THE CONCORD NH CLIMATE SUMMARY FOR THE MONTH OF OCTOBER 2016...

CLIMATE NORMAL PERIOD 1981 TO 2010
CLIMATE RECORD PERIOD 1868 TO 2016

WEATHER         OBSERVED          NORMAL  DEPART  LAST YEAR`S
                 VALUE   DATE(S)  VALUE   FROM    VALUE  DATE(S)
                                          NORMAL
................................................................
TEMPERATURE (F)
RECORD
 HIGH              92   10/16/1879
 LOW               10   10/21/1972
                        10/24/1969
HIGHEST            79   10/17        79       0       77  10/12
LOWEST             25   10/27        21       4       19  10/19
AVG. MAXIMUM     62.2              60.5     1.7     60.7
AVG. MINIMUM     39.3              35.8     3.5     35.2
MEAN             50.7              48.2     2.5     48.0
DAYS MAX >= 90      0               0.0     0.0        0
DAYS MAX <= 32      0               0.0     0.0        0
DAYS MIN <= 32      8              12.0    -4.0       12
DAYS MIN <= 0       0               0.0     0.0        0

PRECIPITATION (INCHES)
RECORD
 MAXIMUM        14.57   2005
 MINIMUM         0.05   1924
TOTALS           6.26              4.04    2.22     2.92
DAILY AVG.       0.20              0.13    0.07     0.09
DAYS >= .01        12              10.1     1.9        9
DAYS >= .10         7               6.4     0.6        5
DAYS >= .50         4               2.4     1.6        3
DAYS >= 1.00        2               1.2     0.8        0
GREATEST
 24 HR. TOTAL    3.03   10/20 TO 10/21

SNOWFALL (INCHES)
RECORDS
 TOTAL           23.0   2011
TOTALS            0.0                 T     0.0      0.0
SINCE 7/1         0.0                 T     0.0      0.0
SNOWDEPTH AVG.      0
DAYS >= TRACE       0               0.0     0.0        0
DAYS >= 1.0         0               0.0     0.0        0
GREATEST
 SNOW DEPTH         0
 24 HR TOTAL      0.0

DEGREE_DAYS
HEATING TOTAL     434               524     -90      520
 SINCE 7/1        548               759    -211      608
COOLING TOTAL       0                 2      -2        0
 SINCE 1/1        715               452     263      595
.................................................................

WIND (MPH)
AVERAGE WIND SPEED              5.2
HIGHEST WIND SPEED/DIRECTION    30/300    DATE  10/23
HIGHEST GUST SPEED/DIRECTION    41/290    DATE  10/23

SKY COVER
AVERAGE SKY COVER           0.50

AVERAGE RH (PERCENT)     71

WEATHER CONDITIONS. NUMBER OF DAYS WITH
THUNDERSTORM              1     HEAVY RAIN                 4
RAIN                      6     LIGHT RAIN                15
FREEZING RAIN             0     LT FREEZING RAIN           0
HEAVY SNOW                0     SNOW                       0
LIGHT SNOW                0     FOG                       20
FOG W/VIS <= 1/4 MILE    11     HAZE                       5

-  INDICATES NEGATIVE NUMBERS.
R  INDICATES RECORD WAS SET OR TIED.
MM INDICATES DATA IS MISSING.
T  INDICATES TRACE AMOUNT.

&&

WARM WEATHER BEGAN TO BUILD AT THE BEGINNING OF OCTOBER WITH ABOVE
NORMAL TEMPERATURES OBSERVED THROUGH THE 9TH. A COLD FRONT BROUGHT
RAIN ON THE 9TH ALONG WITH A FEW DAYS OF COOLER TEMPERATURES.
ANOTHER BRIEF WARM UP CAME FOLLOWED QUICKLY BY ANOTHER COLD FRONT
AND A FEW DAYS OF COOL TEMPERATURES. THIS BACK AND FORTH PATTERN
BEGAN TO SHIFT IN MID OCTOBER WHEN A PROLONGED STRETCH OF MUCH
WARMER WEATHER PERSISTED FROM THE 16TH THROUGH THE 22ND, INCLUDING A
HIGH OF 79 DEGREES ON THE 17TH. ON OCTOBER 21 TROPICAL MOISTURE
SURGED NORTHWARD AHEAD OF A COLD FRONT, BRINGING VERY HEAVY RAINFALL
THAT EVENING. OVER THE COURSE OF JUST A FEW HOURS MORE THAN 3 INCHES
OF RAIN WAS OBSERVED. COOLER AIR MOVED IN BEHIND THE FRONT AND
PERSISTED THROUGH MUCH OF THE REST OF THE MONTH. A NOR`EASTER MOVING
OFFSHORE BROUGHT ANOTHER 2 INCHES OF RAIN ON THE 27TH AND 28TH.
THESE TWO MAJOR RAINSTORMS HELPED PUT A DENT IN THE DROUGHT WHICH
HAD INTENSIFIED THROUGH THE SUMMER AND EARLY FALL.

THE AVERAGE TEMPERATURE FOR THE MONTH WAS 50.7 DEGREES WHICH WAS 2.5
DEGREES ABOVE NORMAL. THE WARMEST OCTOBER ON RECORD WAS IN 1879 WHEN
THE AVERAGE TEMPERATURE WAS 57.6 DEGREES. THE COOLEST WAS IN 1925 AT
ONLY 42.2 DEGREES.

A TOTAL OF 6.26 INCHES OF RAIN FELL WHICH WAS 2.22 INCHES ABOVE
NORMAL AND THE WETTEST OCTOBER SINCE 2011. THIS WAS THE FIRST MONTH
OF ABOVE NORMAL PRECIPITATION SINCE FEBRUARY. THE WETTEST OCTOBER
WAS IN 2005 WHEN 14.57 INCHES FELL. THE DRIEST WAS IN 1924 WITH ONLY
0.05 INCHES.

NO SNOW WAS OBSERVED IN OCTOBER 2016. SNOW IS RELATIVELY RARE IN
OCTOBER WITH AT LEAST A TRACE OF SNOW BEING RECORDED IN 52 OF THE
LAST 149 YEARS, MOST RECENTLY IN 2013. MEASURABLE SNOWFALL HAS ONLY
BEEN OBSERVED IN 15 OF THOSE YEARS, MOST RECENTLY IN 2011. THE
SNOWIEST OCTOBER WAS IN 2011 WHEN 23.0 INCHES FELL.

THE FOLLOWING DAILY RECORDS WERE SET OR TIED IN OCTOBER 2016...
DATE RECORD                                  PREVIOUS
21   3.01 - GREATEST PRECIPITATION           2.48 IN 1996

$$

KIMBLE
