000
CXUS55 KPUB 011626
CLMCOS


CLIMATE REPORT
NATIONAL WEATHER SERVICE PUEBLO
1025 AM MDT FRI APR 1 2016

...................................

...THE COLORADO SPRINGS CO CLIMATE SUMMARY FOR THE MONTH OF MARCH 2016...

CLIMATE NORMAL PERIOD 1981 TO 2010
CLIMATE RECORD PERIOD 1872 TO 2016

WEATHER         OBSERVED          NORMAL  DEPART  LAST YEAR`S
                 VALUE   DATE(S)  VALUE   FROM    VALUE  DATE(S)
                                          NORMAL
................................................................
TEMPERATURE (F)
RECORD
 HIGH              81   03/26/1971
 LOW              -16   03/02/1943
HIGHEST            74   03/21        55      19       80  03/16
LOWEST             15   03/20        21      -6       -2  03/05
AVG. MAXIMUM     55.6              52.1     3.5     57.4
AVG. MINIMUM     28.2              26.0     2.2     28.8
MEAN             41.9              39.1     2.8     43.1
DAYS MAX >= 90      0               0.0     0.0
DAYS MAX <= 32      2               2.1    -0.1
DAYS MIN <= 32     24              23.8     0.2
DAYS MIN <= 0       0               0.1    -0.1

PRECIPITATION (INCHES)
RECORD
 MAXIMUM         3.03   1906
 MINIMUM            T   1946
                        1935
                        1922
TOTALS           0.73              1.00   -0.27     0.81
DAILY AVG.       0.02              0.03   -0.01
DAYS >= .01         4               7.6    -3.6
DAYS >= .10         3               2.7     0.3
DAYS >= .50         0               0.4    -0.4
DAYS >= 1.00        0               0.1    -0.1
GREATEST
 24 HR. TOTAL    0.44   03/25 TO 03/26              0.64

SNOWFALL (INCHES)
RECORDS
 TOTAL           30.2   1909
TOTALS           10.5               8.1     2.4      3.9
SINCE 7/1        37.6              32.1     5.5     44.8
SNOWDEPTH AVG.      0
DAYS >= 1.0         3               2.4     0.6
GREATEST
 SNOW DEPTH         5   03/25                          5
                        03/26
 24 HR TOTAL      7.2   03/25 TO 03/26               3.3

DEGREE_DAYS
HEATING TOTAL     710               805     -95      669
 SINCE 7/1       4613              5368    -755     4890
COOLING TOTAL       0                 0       0        0
 SINCE 1/1          0                 0       0        0
.................................................................

WIND (MPH)
AVERAGE WIND SPEED              10.3
HIGHEST WIND SPEED/DIRECTION    51/340    DATE  03/23
HIGHEST GUST SPEED/DIRECTION    67/350    DATE  03/23

SKY COVER
POSSIBLE SUNSHINE (PERCENT)   MM
AVERAGE SKY COVER           0.50
NUMBER OF DAYS FAIR            5
NUMBER OF DAYS PC             23
NUMBER OF DAYS CLOUDY          3

AVERAGE RH (PERCENT)     44

WEATHER CONDITIONS. NUMBER OF DAYS WITH
THUNDERSTORM              0     MIXED PRECIP               0
HEAVY RAIN                0     RAIN                       0
LIGHT RAIN                2     FREEZING RAIN              0
LT FREEZING RAIN          0     HAIL                       0
HEAVY SNOW                1     SNOW                       5
LIGHT SNOW                8     SLEET                      0
FOG                       5     FOG W/VIS <= 1/4 MILE      0
HAZE                      2

-  INDICATES NEGATIVE NUMBERS.
R  INDICATES RECORD WAS SET OR TIED.
MM INDICATES DATA IS MISSING.
T  INDICATES TRACE AMOUNT.

$$
