000
CXUS55 KPUB 011513
CLMCOS


CLIMATE REPORT
NATIONAL WEATHER SERVICE PUEBLO
909 AM MDT THU JUN 1 2017

...................................

...THE COLORADO SPRINGS CO CLIMATE SUMMARY FOR THE MONTH OF MAY 2017...

CLIMATE NORMAL PERIOD 1981 TO 2010
CLIMATE RECORD PERIOD 1872 TO 2017

WEATHER         OBSERVED          NORMAL  DEPART  LAST YEAR`S
                 VALUE   DATE(S)  VALUE   FROM    VALUE  DATE(S)
                                          NORMAL
................................................................
TEMPERATURE (F)
RECORD
 HIGH              94   05/30/2000
 LOW               15   05/01/1916
HIGHEST            82   05/24        74       8       83  05/21
LOWEST             31   05/04        36      -5       26  05/02
AVG. MAXIMUM     68.5              69.1    -0.6     67.7
AVG. MINIMUM     42.9              42.7     0.2     41.3
MEAN             55.7              55.9    -0.2     54.5
DAYS MAX >= 90      0               0.2    -0.2
DAYS MAX <= 32      0               0.0     0.0
DAYS MIN <= 32      2               1.5     0.5
DAYS MIN <= 0       0               0.0     0.0

PRECIPITATION (INCHES)
RECORD
 MAXIMUM         8.13   2015
 MINIMUM         0.09   1927
TOTALS           3.15              2.03    1.12     2.38
DAILY AVG.       0.10              0.07    0.03
DAYS >= .01        11              10.6     0.4
DAYS >= .10         9               5.1     3.9
DAYS >= .50         1               0.9     0.1
DAYS >= 1.00        1               0.3     0.7
GREATEST
 24 HR. TOTAL    1.16   05/17 TO 05/18              0.86

SNOWFALL (INCHES)
RECORDS
 TOTAL           19.4   1978
TOTALS            0.1               0.7    -0.6        T
SINCE 7/1        25.2              37.7   -12.5     50.7
SNOWDEPTH AVG.      0
DAYS >= 1.0         0               0.2    -0.2
GREATEST
 SNOW DEPTH         0   MM                             1
 24 HR TOTAL      0.1   05/18 TO 05/18                 T

DEGREE_DAYS
HEATING TOTAL     284               291      -7      320
 SINCE 7/1       5078              6213   -1135     5476
COOLING TOTAL       2                 9      -7        2
 SINCE 1/1          2                10      -8        2
.................................................................

WIND (MPH)
AVERAGE WIND SPEED              10.7
HIGHEST WIND SPEED/DIRECTION    41/250    DATE  05/25
HIGHEST GUST SPEED/DIRECTION    51/240    DATE  05/16

SKY COVER
POSSIBLE SUNSHINE (PERCENT)   MM
AVERAGE SKY COVER           0.50
NUMBER OF DAYS FAIR            5
NUMBER OF DAYS PC             21
NUMBER OF DAYS CLOUDY          5

AVERAGE RH (PERCENT)     54

WEATHER CONDITIONS. NUMBER OF DAYS WITH
THUNDERSTORM             10     MIXED PRECIP               0
HEAVY RAIN                3     RAIN                       7
LIGHT RAIN               17     FREEZING RAIN              0
LT FREEZING RAIN          0     HAIL                       3
HEAVY SNOW                0     SNOW                       1
LIGHT SNOW                2     SLEET                      1
FOG                       9     FOG W/VIS <= 1/4 MILE      1
HAZE                      0

-  INDICATES NEGATIVE NUMBERS.
R  INDICATES RECORD WAS SET OR TIED.
MM INDICATES DATA IS MISSING.
T  INDICATES TRACE AMOUNT.

$$
