709
CXUS52 KILM 051345
CLMCRE


CLIMATE REPORT
NATIONAL WEATHER SERVICE WILMINGTON NC
944 AM EDT MON JUN 5 2017

...................................

...THE NORTH MYRTLE BEACH SC CLIMATE SUMMARY FOR THE MONTH OF MAY 2017...

CLIMATE NORMAL PERIOD 1981 TO 2010
CLIMATE RECORD PERIOD 1949 TO 2017

WEATHER         OBSERVED          NORMAL  DEPART  LAST YEAR`S
                 VALUE   DATE(S)  VALUE   FROM    VALUE  DATE(S)
                                          NORMAL
................................................................
TEMPERATURE (F)
RECORD
 HIGH              98   05/31/1953
 LOW               38   05/09/1989
                        05/08/1989
HIGHEST            90   05/15                         89  05/08
                        05/11
LOWEST             49   05/08                         47  05/06
AVG. MAXIMUM     81.2              78.6     2.6     78.5
AVG. MINIMUM     63.6              60.8     2.8     62.8
MEAN             72.4              69.7     2.7     70.7
DAYS MAX >= 90      2               0.5     1.5        0
DAYS MAX <= 32      0               0.0     0.0        0
DAYS MIN <= 32      0               0.0     0.0        0
DAYS MIN <= 0       0               0.0     0.0        0

PRECIPITATION (INCHES)
TOTALS           4.30              3.41    0.89     5.21
DAILY AVG.       0.14              0.11    0.03     0.17
DAYS >= .01        13                                 13
DAYS >= .10         7                                  8
DAYS >= .50         3                                  4
DAYS >= 1.00        1                                  2
GREATEST
 24 HR. TOTAL    1.33   05/23 TO 05/23

DEGREE_DAYS
HEATING TOTAL      10                24     -14       12
COOLING TOTAL     247               170      77      196
.....................................................

WIND (MPH)
AVERAGE WIND SPEED              8.9
RESULTANT WIND SPEED/DIRECTION   6/213
HIGHEST WIND SPEED/DIRECTION    33/210    DATE  05/23
HIGHEST GUST SPEED/DIRECTION    43/280    DATE  05/25

SKY COVER
POSSIBLE SUNSHINE (PERCENT)   MM
AVERAGE SKY COVER           0.20
NUMBER OF DAYS FAIR           23
NUMBER OF DAYS PC              7
NUMBER OF DAYS CLOUDY          1

AVERAGE RH (PERCENT)     74

WEATHER CONDITIONS. NUMBER OF DAYS WITH
THUNDERSTORM              9     MIXED PRECIP              MM
HEAVY RAIN                5     RAIN                       7
LIGHT RAIN               14     FREEZING RAIN              0
LT FREEZING RAIN          0     HAIL                      MM
HEAVY SNOW                0     SNOW                       0
LIGHT SNOW                0     SLEET                     MM
FOG                      14     FOG W/VIS <= 1/4 MILE      2
HAZE                      0

-  INDICATES NEGATIVE NUMBERS.
R  INDICATES RECORD WAS SET OR TIED.
MM INDICATES DATA IS MISSING.
T  INDICATES TRACE AMOUNT.

$$
