000
CXUS52 KILM 040324
CLMCRE


CLIMATE REPORT
NATIONAL WEATHER SERVICE WILMINGTON NC
1123 PM EDT WED JUN 3 2015

...................................

...THE NORTH MYRTLE BEACH SC CLIMATE SUMMARY FOR THE MONTH OF MAY 2015...

CLIMATE NORMAL PERIOD 1981 TO 2010
CLIMATE RECORD PERIOD 1949 TO 2015

WEATHER         OBSERVED          NORMAL  DEPART  LAST YEAR`S
                 VALUE   DATE(S)  VALUE   FROM    VALUE  DATE(S)
                                          NORMAL
................................................................
TEMPERATURE (F)
RECORD
 HIGH              98   05/31/1953
 LOW               38   05/09/1989
                        05/08/1989
HIGHEST            88   05/21                         93  05/23
LOWEST             50   05/02                         50  05/20
                        05/01
AVG. MAXIMUM     78.9              78.6     0.3     80.5
AVG. MINIMUM     63.4              60.8     2.6     63.8
MEAN             71.2              69.7     1.5     72.2
DAYS MAX >= 90      0               0.5    -0.5        2
DAYS MAX <= 32      0               0.0     0.0        0
DAYS MIN <= 32      0               0.0     0.0        0
DAYS MIN <= 0       0               0.0     0.0        0

PRECIPITATION (INCHES)
TOTALS           6.80              3.41    3.39     1.59
DAILY AVG.       0.22              0.11    0.11     0.05
DAYS >= .01         6                                  7
DAYS >= .10         5                                  5
DAYS >= .50         3                                  1
DAYS >= 1.00        1                                  0
GREATEST
 24 HR. TOTAL    5.45   05/09 TO 05/10

DEGREE_DAYS
HEATING TOTAL       8                24     -16        9
COOLING TOTAL     206               170      36      240
.......................................................

WIND (MPH)
AVERAGE WIND SPEED              8.4
RESULTANT WIND SPEED/DIRECTION   3/136
HIGHEST WIND SPEED/DIRECTION    38/030    DATE  05/09
HIGHEST GUST SPEED/DIRECTION    50/030    DATE  05/09

SKY COVER
POSSIBLE SUNSHINE (PERCENT)   MM
AVERAGE SKY COVER           0.30
NUMBER OF DAYS FAIR           23
NUMBER OF DAYS PC              6
NUMBER OF DAYS CLOUDY          2

AVERAGE RH (PERCENT)     75

WEATHER CONDITIONS. NUMBER OF DAYS WITH
THUNDERSTORM              3     MIXED PRECIP              MM
HEAVY RAIN                4     RAIN                       6
LIGHT RAIN                7     FREEZING RAIN              0
LT FREEZING RAIN          0     HAIL                      MM
HEAVY SNOW                0     SNOW                       0
LIGHT SNOW                0     SLEET                     MM
FOG                      19     FOG W/VIS <= 1/4 MILE      2
HAZE                      2

-  INDICATES NEGATIVE NUMBERS.
R  INDICATES RECORD WAS SET OR TIED.
MM INDICATES DATA IS MISSING.
T  INDICATES TRACE AMOUNT.

$$
