000
CXUS52 KILM 012121
CLMCRE


CLIMATE REPORT
NATIONAL WEATHER SERVICE WILMINGTON NC
419 PM EST SUN JAN 1 2017

...................................

...THE NORTH MYRTLE BEACH SC CLIMATE SUMMARY FOR THE YEAR OF 2016...

CLIMATE NORMAL PERIOD 1981 TO 2010
CLIMATE RECORD PERIOD 1949 TO 2016

WEATHER         OBSERVED          NORMAL  DEPART  LAST YEAR`S
                 VALUE   DATE(S)  VALUE   FROM    VALUE  DATE(S)
                                          NORMAL
................................................................
TEMPERATURE (F)
RECORD
 HIGH             104   08/05/1954
                        06/26/1952
 LOW                7   01/16/1994
HIGHEST            97   07/30                         97  07/11
                        07/28                             06/14
LOWEST             22   01/20                         15  02/20
AVG. MAXIMUM     73.9              72.4     1.5     74.0
AVG. MINIMUM     56.7              54.6     2.1     57.1
MEAN             65.3              63.5     1.8     65.5
DAYS MAX >= 90     31              15.6    15.4       26
DAYS MAX <= 32      0               0.0     0.0        1
DAYS MIN <= 32     29              29.7    -0.7       35
DAYS MIN <= 0       0               0.0     0.0        0

PRECIPITATION (INCHES)
TOTALS          56.19             52.01    4.18    64.83
DAILY AVG.       0.16              0.14    0.02     0.18
DAYS >= .01        91                                128
DAYS >= .10        58                                 84
DAYS >= .50        31                                 32
DAYS >= 1.00       17                                 18
GREATEST
 24 HR. TOTAL    8.90   09/02 TO 09/02

DEGREE_DAYS
HEATING TOTAL    2149              2448    -299     1923
 SINCE 7/1        739               868    -129      371
COOLING TOTAL    2370              1903     467     2261
 SINCE 1/1       2370              1902     468     2261
..................................................

WIND (MPH)
AVERAGE WIND SPEED              7.6
RESULTANT WIND SPEED/DIRECTION   1/214
HIGHEST WIND SPEED/DIRECTION    44/190    DATE  09/02
HIGHEST GUST SPEED/DIRECTION    70/350    DATE  10/08

SKY COVER
POSSIBLE SUNSHINE (PERCENT)   MM
AVERAGE SKY COVER           0.30
NUMBER OF DAYS FAIR          257
NUMBER OF DAYS PC             71
NUMBER OF DAYS CLOUDY         37

AVERAGE RH (PERCENT)     73

WEATHER CONDITIONS. NUMBER OF DAYS WITH
THUNDERSTORM             66     MIXED PRECIP              MM
HEAVY RAIN               55     RAIN                      69
LIGHT RAIN              139     FREEZING RAIN              0
LT FREEZING RAIN          0     HAIL                      MM
HEAVY SNOW                0     SNOW                       0
LIGHT SNOW                1     SLEET                     MM
FOG                     189     FOG W/VIS <= 1/4 MILE     32
HAZE                     19

-  INDICATES NEGATIVE NUMBERS.
R  INDICATES RECORD WAS SET OR TIED.
MM INDICATES DATA IS MISSING.
T  INDICATES TRACE AMOUNT.

$$
