871
CXUS54 KCRP 011813
CLMCRP

CLIMATE REPORT
NATIONAL WEATHER SERVICE CORPUS CHRISTI TX
1140 AM CST THU FEB 1 2018

...................................

...THE CORPUS CHRISTI CLIMATE SUMMARY FOR THE MONTH OF JANUARY 2018...

CLIMATE NORMAL PERIOD 1981 TO 2010
CLIMATE RECORD PERIOD 1887 TO 2018

WEATHER         OBSERVED          NORMAL  DEPART  LAST YEAR`S
                 VALUE   DATE(S)  VALUE   FROM    VALUE  DATE(S)
                                          NORMAL
................................................................
TEMPERATURE (F)
RECORD
 HIGH              92   01/21/2017
 LOW               14   01/12/1962
                        01/18/1930
HIGHEST            82   01/11        66      16       92  01/21
LOWEST             27   01/03        47     -20       26  01/08
                                                          01/07
AVG. MAXIMUM     64.1              66.9    -2.8     74.3
AVG. MINIMUM     42.2              47.2    -5.0     51.2
MEAN             53.1              57.1    -4.0     62.7
DAYS MAX >= 90      0               0.0     0.0        1
DAYS MAX <= 32      0               0.0     0.0        0
DAYS MIN <= 32      6               1.5     4.5        4
DAYS MIN <= 0       0               0.0     0.0        0

PRECIPITATION (INCHES)
RECORD
 MAXIMUM        10.78   1958
 MINIMUM            T   1909
TOTALS           1.27              1.54   -0.27     0.27
DAILY AVG.       0.04              0.05   -0.01     0.01
DAYS >= .01         6               7.1    -1.1        7
DAYS >= .10         2               3.2    -1.2        0
DAYS >= .50         1               0.8     0.2        0
DAYS >= 1.00        0               0.3    -0.3        0
GREATEST
 24 HR. TOTAL    0.88   01/27 TO 01/27              0.08

SNOWFALL (INCHES)
RECORDS
 TOTAL            3.0   1897
 24 HR TOTAL      3.0   01/29/1897 TO 01/29/1897
TOTALS            0.0               0.0     0.0      0.0
SINCE 7/1         1.0               0.2     0.8      0.0
SNOWDEPTH AVG.      0                MM      MM        0
DAYS >= 1.0         0               0.0     0.0        0
GREATEST
 SNOW DEPTH         0   MM                             0
 24 HR TOTAL      0.0   01/31 TO 01/31               0.0

DEGREE_DAYS
HEATING TOTAL     367               276      91      155
 SINCE 7/1        720               627      93      322
COOLING TOTAL       7                30     -23       92
 SINCE 1/1          7                31     -24       92
.................................................................

WIND (MPH)
AVERAGE WIND SPEED              11.1
HIGHEST WIND SPEED/DIRECTION    44/330    DATE  01/11
HIGHEST GUST SPEED/DIRECTION    52/330    DATE  01/11

SKY COVER
AVERAGE SKY COVER           0.70

AVERAGE RH (PERCENT)     68

WEATHER CONDITIONS. NUMBER OF DAYS WITH
THUNDERSTORM              1     MIXED PRECIP               0
HEAVY RAIN                2     RAIN                       2
LIGHT RAIN               11     FREEZING RAIN              0
LT FREEZING RAIN          1     HAIL                       0
HEAVY SNOW                0     SNOW                       0
LIGHT SNOW                0     SLEET                      0
FOG                      15     FOG W/VIS <= 1/4 MILE      5
HAZE                      5

-  INDICATES NEGATIVE NUMBERS.
R  INDICATES RECORD WAS SET OR TIED.
MM INDICATES DATA IS MISSING.
T  INDICATES TRACE AMOUNT.

$$

88
