000
CXUS51 KRLX 011724
CLMCRW


CLIMATE REPORT
NATIONAL WEATHER SERVICE CHARLESTON WV
122 PM EDT TUE JUL 1 2014

...................................

...THE CHARLESTON CLIMATE SUMMARY FOR THE MONTH OF JUNE 2014...

CLIMATE NORMAL PERIOD 1981 TO 2010
CLIMATE RECORD PERIOD 1901 TO 2014

WEATHER         OBSERVED          NORMAL  DEPART  LAST YEAR`S
                 VALUE   DATE(S)  VALUE   FROM    VALUE  DATE(S)
                                          NORMAL
................................................................
TEMPERATURE (F)
RECORD
 HIGH             105   06/20/1931
 LOW               33   06/11/1972
HIGHEST            91   06/23        MM      MM       89  06/23
                                                          06/12
                                                          06/01
LOWEST             51   06/15        MM      MM       54  06/05
                        06/07                             06/04
AVG. MAXIMUM     84.4              82.2     2.2     82.5
AVG. MINIMUM     62.6              61.6     1.0     62.4
MEAN             73.5              71.9     1.6     72.5
DAYS MAX >= 90      2               2.6    -0.6        0
DAYS MAX <= 32      0               0.0     0.0        0
DAYS MIN <= 32      0               0.0     0.0        0
DAYS MIN <= 0       0               0.0     0.0        0

PRECIPITATION (INCHES)
RECORD
 MAXIMUM        10.56   1998
 MINIMUM         0.70   1966
TOTALS           6.54              4.29    2.25     7.12
DAILY AVG.       0.22              0.14    0.08     0.24
DAYS >= .01        13              12.7     0.3       13
DAYS >= .10        11               8.1     2.9       11
DAYS >= .50         5               3.0     2.0        6
DAYS >= 1.00        2               0.9     1.1        2
GREATEST
 24 HR. TOTAL    2.11   06/04 TO 06/05           06/05 TO 06/06
                                                          06/30 TO 06/30
                                                          06/30 TO 06/30

SNOWFALL (INCHES)
RECORDS
 TOTAL             MM   MM
TOTALS            0.0               0.0     0.0      0.0
SINCE 7/1        51.7              36.4    15.3     25.3
SNOWDEPTH AVG.      0                MM      MM        0
DAYS >= TRACE       0
DAYS >= 1.0         0               0.0     0.0        0
GREATEST
 SNOW DEPTH         0   MM                             0  MM
 24 HR TOTAL      0.0   06/30 TO 06/30           06/30 TO 06/30
                                                          06/30 TO 06/30
                                                          06/30 TO 06/30

DEGREE_DAYS
HEATING TOTAL       0                13     -13        0
 SINCE 7/1       4773              4478     295     4516
COOLING TOTAL     264               220      44      235
 SINCE 1/1        385               330      55      382
.................................................

WIND (MPH)
AVERAGE WIND SPEED              3.8
RESULTANT WIND SPEED/DIRECTION   2/206
HIGHEST WIND SPEED/DIRECTION    37/230    DATE  06/10
HIGHEST GUST SPEED/DIRECTION    46/230    DATE  06/10

SKY COVER
POSSIBLE SUNSHINE (PERCENT)   MM
AVERAGE SKY COVER           0.50
NUMBER OF DAYS FAIR            7
NUMBER OF DAYS PC             20
NUMBER OF DAYS CLOUDY          3

AVERAGE RH (PERCENT)     76

WEATHER CONDITIONS. NUMBER OF DAYS WITH
THUNDERSTORM              0     MIXED PRECIP               0
HEAVY RAIN                6     RAIN                       6
LIGHT RAIN               17     FREEZING RAIN              0
LT FREEZING RAIN          0     HAIL                       0
HEAVY SNOW                0     SNOW                       0
LIGHT SNOW                0     SLEET                      0
FOG                      28     FOG W/VIS <= 1/4 MILE      9
HAZE                      1

-  INDICATES NEGATIVE NUMBERS.
R  INDICATES RECORD WAS SET OR TIED.
MM INDICATES DATA IS MISSING.
T  INDICATES TRACE AMOUNT.

$$
