000
CXUS51 KILN 011141
CLMCVG


CLIMATE REPORT
NATIONAL WEATHER SERVICE WILMINGTON OH
734 AM EDT WED JUL 1 2015

...................................

...THE CINCINNATI CLIMATE SUMMARY FOR THE MONTH OF JUNE 2015...

CLIMATE NORMAL PERIOD 1981 TO 2010
CLIMATE RECORD PERIOD 1869 TO 2015

WEATHER         OBSERVED          NORMAL  DEPART  LAST YEAR`S
                 VALUE   DATE(S)  VALUE   FROM    VALUE  DATE(S)
                                          NORMAL
................................................................
TEMPERATURE (F)
RECORD
 HIGH             102   06/25/1988
                        06/28/1944
                        06/27/1944
 LOW               39   06/11/1972
HIGHEST            92   06/11        82      10       90  06/23
                                                          06/19
LOWEST             52   06/03        61      -9       47  06/14
AVG. MAXIMUM     82.3              82.1     0.2     83.2
AVG. MINIMUM     63.1              62.0     1.1     64.3
MEAN             72.7              72.1     0.6     73.8
DAYS MAX >= 90      5               2.6     2.4        2
DAYS MAX <= 32      0               0.0     0.0        0
DAYS MIN <= 32      0               0.0     0.0        0
DAYS MIN <= 0       0               0.0     0.0        0

PRECIPITATION (INCHES)
TOTALS           7.33              4.03    3.30     6.22
DAILY AVG.       0.24              0.13    0.11     0.21
DAYS >= .01        16              11.5     4.5       12
DAYS >= .10        12               7.4     4.6       10
DAYS >= .50         5               2.7     2.3        4
DAYS >= 1.00        2               0.9     1.1        2
GREATEST
 24 HR. TOTAL    1.98   06/18 TO 06/19           06/24 TO 06/24
                                                          06/23 TO 06/24
                                                          06/24 TO 06/24
 STORM TOTAL       MM                                 MM
 (MM/DD(HH))            MM                    06/24(00) TO 06/24(00)
                                                 06/24(00) TO 06/24(00)4
                                                 06/24(00) TO 06/24(00)4

SNOWFALL (INCHES)
TOTALS            0.0               0.0     0.0      0.0
SINCE 7/1        29.9              22.1     7.8     47.5
DAYS >= TRACE       0               0.0     0.0        0
DAYS >= 1.0         0               0.0     0.0        0
GREATEST
 24 HR TOTAL      0.0   06/30 TO 06/30           06/30 TO 06/30
                                                          06/24 TO 06/24
                                                          06/24 TO 06/24
 STORM TOTAL       MM                                 MM
 (MM/DD(HH))            MM                    06/30(00) TO 06/30(00)
                                                 06/24(00) TO 06/24(00)4
                                                 06/24(00) TO 06/24(00)4

DEGREE_DAYS
HEATING TOTAL      19                15       4        3
 SINCE 7/1       5296              4975     321     5409
COOLING TOTAL     259               226      33      274
 SINCE 1/1        408               320      88      408
.....................................................

WIND (MPH)
AVERAGE WIND SPEED              7.2
RESULTANT WIND SPEED/DIRECTION   3/238
HIGHEST WIND SPEED/DIRECTION    37/340    DATE  06/08
HIGHEST GUST SPEED/DIRECTION    49/280    DATE  06/30

SKY COVER
AVERAGE SKY COVER           0.70

AVERAGE RH (PERCENT)     74

WEATHER CONDITIONS. NUMBER OF DAYS WITH
THUNDERSTORM              0     MIXED PRECIP               0
HEAVY RAIN                7     RAIN                       9
LIGHT RAIN               15     FREEZING RAIN              0
LT FREEZING RAIN          0     HAIL                       0
HEAVY SNOW                0     SNOW                       0
LIGHT SNOW                0     SLEET                      0
FOG                      26     FOG W/VIS <= 1/4 MILE      2
HAZE                     12

-  INDICATES NEGATIVE NUMBERS.
R  INDICATES RECORD WAS SET OR TIED.
MM INDICATES DATA IS MISSING.
T  INDICATES TRACE AMOUNT.

The 7.33 inches of precipitation ties for the 8th wettest June on record. The
wettest June on record is 9.86 inches in 1880.

$$
