000
CXUS53 KUNR 011615
CLMD07


CLIMATE REPORT
NATIONAL WEATHER SERVICE RAPID CITY SD
912 AM MST MON FEB 1 2016

...................................

...THE FAITH SD CLIMATE SUMMARY FOR THE MONTH OF JANUARY 2016...

CLIMATE NORMAL PERIOD 1981 TO 2010
CLIMATE RECORD PERIOD 9999 TO 9999

WEATHER         OBSERVED          NORMAL  DEPART  LAST YEAR`S
                 VALUE   DATE(S)  VALUE   FROM    VALUE  DATE(S)
                                          NORMAL
................................................................
TEMPERATURE (F)
HIGHEST            44   01/29                         70  01/27
LOWEST            -16R  01/17                        -12  01/05
                                                          01/04
AVG. MAXIMUM     28.4              30.0    -1.6     36.2
AVG. MINIMUM     12.7              10.6     2.1     14.8
MEAN             20.5              20.3     0.2     25.5
DAYS MAX >= 90      0                                  0
DAYS MAX <= 32     20                                 11
DAYS MIN <= 32     31                                 26
DAYS MIN <= 0       5                                  9

PRECIPITATION (INCHES)
TOTALS           0.26              0.20    0.06     0.17
DAILY AVG.       0.01              0.01    0.00     0.01
DAYS >= .01         8                                  5
DAYS >= .10         0                                  0
DAYS >= .50         0                                  0
DAYS >= 1.00        0                                  0
GREATEST
 24 HR. TOTAL    0.09   01/24 TO 01/25              0.09

DEGREE_DAYS
HEATING TOTAL    1367              1386     -19     1216
 SINCE 7/1       4022              4529    -507     4309
COOLING TOTAL       0                 0       0        0
 SINCE 1/1          0                 0       0        0
.................................................................

WIND (MPH)
AVERAGE WIND SPEED              12.1
HIGHEST WIND SPEED/DIRECTION    36/330    DATE  01/14
HIGHEST GUST SPEED/DIRECTION    47/190    DATE  01/19

AVERAGE RH (PERCENT)     73


-  INDICATES NEGATIVE NUMBERS.
R  INDICATES RECORD WAS SET OR TIED.
MM INDICATES DATA IS MISSING.
T  INDICATES TRACE AMOUNT.

$$
