000
CXUS53 KUNR 011619
CLMD07


CLIMATE REPORT
NATIONAL WEATHER SERVICE RAPID CITY SD
918 AM MST SUN FEB 1 2015

...................................

...THE FAITH SD CLIMATE SUMMARY FOR THE MONTH OF JANUARY 2015...

CLIMATE NORMAL PERIOD 1981 TO 2010
CLIMATE RECORD PERIOD 9999 TO 9999

WEATHER         OBSERVED          NORMAL  DEPART  LAST YEAR`S
                 VALUE   DATE(S)  VALUE   FROM    VALUE  DATE(S)
                                          NORMAL
................................................................
TEMPERATURE (F)
HIGHEST            70   01/27                         52  01/25
LOWEST            -12   01/05                        -16  01/06
                        01/04                             01/05
AVG. MAXIMUM     36.2              30.0     6.2     31.2
AVG. MINIMUM     14.8              10.6     4.2      9.8
MEAN             25.5              20.3     5.2     20.5
DAYS MAX >= 90      0                                  0
DAYS MAX <= 32     11                                 13
DAYS MIN <= 32     26                                 28
DAYS MIN <= 0       9                                 10

PRECIPITATION (INCHES)
TOTALS           0.17              0.20   -0.03     0.20
DAILY AVG.       0.01              0.01    0.00     0.01
DAYS >= .01         5                                  8
DAYS >= .10         0                                  0
DAYS >= .50         0                                  0
DAYS >= 1.00        0                                  0
GREATEST
 24 HR. TOTAL    0.09   01/05 TO 01/05              0.14

DEGREE_DAYS
HEATING TOTAL    1216              1386    -170     1374
 SINCE 7/1       4309              4529    -220     4694
COOLING TOTAL       0                 0       0        0
 SINCE 1/1          0                 0       0        0
.................................................................

WIND (MPH)
AVERAGE WIND SPEED              14.7
HIGHEST WIND SPEED/DIRECTION    48/330    DATE  01/08
HIGHEST GUST SPEED/DIRECTION    60/320    DATE  01/08

AVERAGE RH (PERCENT)     63


-  INDICATES NEGATIVE NUMBERS.
R  INDICATES RECORD WAS SET OR TIED.
MM INDICATES DATA IS MISSING.
T  INDICATES TRACE AMOUNT.

$$
