000
CXUS53 KUNR 011624
CLMD07


CLIMATE REPORT
NATIONAL WEATHER SERVICE RAPID CITY SD
1007 AM MDT TUE APR 1 2014

...................................

...THE FAITH SD CLIMATE SUMMARY FOR THE MONTH OF MARCH 2014...

CLIMATE NORMAL PERIOD 1981 TO 2010
CLIMATE RECORD PERIOD 9999 TO 9999

WEATHER         OBSERVED          NORMAL  DEPART  LAST YEAR`S
                 VALUE   DATE(S)  VALUE   FROM    VALUE  DATE(S)
                                          NORMAL
................................................................
TEMPERATURE (F)
HIGHEST            64   03/29                         71  03/29
                                                          03/14
LOWEST            -19R  03/02                          3  03/25
AVG. MAXIMUM     39.4              42.9    -3.5     43.3
AVG. MINIMUM     18.0              22.4    -4.4     17.5
MEAN             28.7              32.6    -3.9     30.4
DAYS MAX >= 90      0                                  0
DAYS MAX <= 32      9                                  6
DAYS MIN <= 32     29                                 29
DAYS MIN <= 0       4                                  0

PRECIPITATION (INCHES)
TOTALS           1.19              0.98    0.21     0.43
DAILY AVG.       0.04              0.03    0.01     0.01
DAYS >= .01        11                                  7
DAYS >= .10         5                                  2
DAYS >= .50         0                                  0
DAYS >= 1.00        0                                  0
GREATEST
 24 HR. TOTAL    0.31   03/10 TO 03/10              0.17

DEGREE_DAYS
HEATING TOTAL    1118              1003     115     1066
 SINCE 7/1       7204              6691     513     6409
COOLING TOTAL       0                 0       0        0
 SINCE 1/1          0                 0       0        0
.................................................................

WIND (MPH)
AVERAGE WIND SPEED              12.9
HIGHEST WIND SPEED/DIRECTION    43/340    DATE  03/31
HIGHEST GUST SPEED/DIRECTION    51/340    DATE  03/31

AVERAGE RH (PERCENT)     71


-  INDICATES NEGATIVE NUMBERS.
R  INDICATES RECORD WAS SET OR TIED.
MM INDICATES DATA IS MISSING.
T  INDICATES TRACE AMOUNT.

$$
