000
CXUS52 KMLB 011557
CLMDAB


CLIMATE REPORT
NATIONAL WEATHER SERVICE MELBOURNE FL
1116 AM EDT FRI APR 1 2016

...................................

...THE DAYTONA BEACH CLIMATE SUMMARY FOR THE MONTH OF MARCH 2016...

CLIMATE NORMAL PERIOD 1981 TO 2010
CLIMATE RECORD PERIOD 1923 TO 2016

WEATHER         OBSERVED          NORMAL  DEPART  LAST YEAR`S
                 VALUE   DATE(S)  VALUE   FROM    VALUE
                                          NORMAL
.............................................................
TEMPERATURE (F)
MONTHLY RECORD
 WARMEST         70.1   1945
 COOLEST         57.9   1969
DAILY RECORD
 HIGH              92   03/28/1994
                        03/24/1935
                        03/23/1935
 LOW               26   03/03/1980
MARCH 2016
HIGHEST            89   03/16
                        03/15
                        03/14                         88
LOWEST             42   03/22                         43
AVG. MAXIMUM     79.4              74.5     4.9     79.6
AVG. MINIMUM     59.3              54.2     5.1     59.8
MEAN             69.3              64.3     5.0     69.7
DAYS MAX >= 90      0               0.0     0.0        0
DAYS MAX <= 32      0               0.0     0.0        0
DAYS MIN <= 32      0               0.1    -0.1        0
DAYS MIN <= 0       0               0.0     0.0        0

PRECIPITATION (INCHES)
MONTHLY RECORD
 MAXIMUM        12.15   1996
 MINIMUM         0.08   2006
DAILY RECORD
 MAXIMUM         4.98   03/22/1953
MARCH 2016
TOTALS           1.43              4.24   -2.81     0.86
DAYS >= .01        11               8.2     2.8        4
DAYS >= .10         4               5.3    -1.3        3
DAYS >= .50         0               2.8    -2.8        0
DAYS >= 1.00        0               1.5    -1.5        0
GREATEST
 24 HR. TOTAL    0.42   03/24 TO 03/25

SNOWFALL (INCHES)
TOTALS            0.0               0.0     0.0      0.0
SINCE 7/1         0.0               0.0     0.0      0.0
DAYS >= TRACE       0                                  0

DEGREE_DAYS
HEATING TOTAL      38                97     -59       35
 SINCE 7/1        503               779    -276      682
COOLING TOTAL     180                77     103      190
 SINCE 1/1        230               142      88      230
..............................................................

WIND (MPH)
AVERAGE WIND SPEED              6.5
HIGHEST WIND SPEED/DIRECTION    35/200    DATE  03/17
HIGHEST GUST SPEED/DIRECTION    33/020    DATE  03/21

SKY COVER
POSSIBLE SUNSHINE (PERCENT)   MM
AVERAGE SKY COVER           0.50
NUMBER OF DAYS FAIR            9
NUMBER OF DAYS PC             15
NUMBER OF DAYS CLOUDY          7

AVERAGE RH (PERCENT)     73

WEATHER CONDITIONS. NUMBER OF DAYS WITH
THUNDERSTORM              4     MIXED PRECIP               0
HEAVY RAIN                4     RAIN                       9
LIGHT RAIN               12     LT FREEZING RAIN           0
HAIL                      0     LIGHT SNOW                 0
SLEET                     0     FOG                       18
FOG W/VIS <= 1/4 MILE     2     HAZE                       5

-  INDICATES NEGATIVE NUMBERS.
R  INDICATES RECORD WAS SET OR TIED.
MM INDICATES DATA IS MISSING.
T  INDICATES TRACE AMOUNT.

$$
