000
CXUS52 KMLB 011800
CLMDAB


CLIMATE REPORT
NATIONAL WEATHER SERVICE MELBOURNE FL
134 PM EDT SAT OCT 1 2016

...................................

...THE DAYTONA BEACH CLIMATE SUMMARY FOR THE MONTH OF SEPTEMBER 2016...

CLIMATE NORMAL PERIOD 1981 TO 2010
CLIMATE RECORD PERIOD 1923 TO 2016

WEATHER         OBSERVED          NORMAL  DEPART  LAST YEAR`S
                 VALUE   DATE(S)  VALUE   FROM    VALUE
                                          NORMAL
.............................................................
TEMPERATURE (F)
MONTHLY RECORD
 HOTTEST         82.4   1970
 COLDEST         76.0   1967
DAILY RECORD
 HIGH              99   09/05/1944
 LOW               52   09/27/1956
SEPTEMBER 2016
HIGHEST            91   09/22                         94
                        09/19
                        09/18
LOWEST             66   09/08                         66
AVG. MAXIMUM     88.5              86.9     1.6     87.5
AVG. MINIMUM     73.1              72.2     0.9     73.2
MEAN             80.8              79.5     1.3     80.3
DAYS MAX >= 90      9               4.4     4.6        8
DAYS MAX <= 32      0               0.0     0.0        0
DAYS MIN <= 32      0               0.0     0.0        0
DAYS MIN <= 0       0               0.0     0.0        0

PRECIPITATION (INCHES)
MONTHLY RECORD
 MAXIMUM        18.15   2014
 MINIMUM         0.42   1972
DAILY RECORD
 MAXIMUM         9.02   09/05/2004
SEPTEMBER 2016
TOTALS           8.24              6.96    1.28     5.40
DAYS >= .01        17              13.5     3.5       17
DAYS >= .10        13               8.8     4.2        9
DAYS >= .50         7               4.1     2.9        3
DAYS >= 1.00        1               2.3    -1.3        1
GREATEST
 24 HR. TOTAL    2.53   09/12 TO 09/13

SNOWFALL (INCHES)
TOTALS            0.0               0.0     0.0      0.0
SINCE 7/1         0.0               0.0     0.0      0.0
DAYS >= TRACE       0                                  0

DEGREE_DAYS
HEATING TOTAL       0                 0       0        0
 SINCE 7/1          0                 0       0        0
COOLING TOTAL     480               436      44      465
 SINCE 1/1       2945              2510     435     2959
..............................................................

WIND (MPH)
AVERAGE WIND SPEED              6.1
HIGHEST WIND SPEED/DIRECTION    29/220    DATE  09/02
HIGHEST GUST SPEED/DIRECTION    39/220    DATE  09/02

SKY COVER
POSSIBLE SUNSHINE (PERCENT)   MM
AVERAGE SKY COVER           0.50
NUMBER OF DAYS FAIR            4
NUMBER OF DAYS PC             23
NUMBER OF DAYS CLOUDY          3

AVERAGE RH (PERCENT)     81

WEATHER CONDITIONS. NUMBER OF DAYS WITH
THUNDERSTORM             20     MIXED PRECIP               0
HEAVY RAIN               11     RAIN                      14
LIGHT RAIN               18     LT FREEZING RAIN           0
HAIL                      0     LIGHT SNOW                 0
SLEET                     0     FOG                       20
FOG W/VIS <= 1/4 MILE     0     HAZE                       2

-  INDICATES NEGATIVE NUMBERS.
R  INDICATES RECORD WAS SET OR TIED.
MM INDICATES DATA IS MISSING.
T  INDICATES TRACE AMOUNT.

$$
