256
CXUS52 KMLB 011700
CLMDAB


CLIMATE REPORT
NATIONAL WEATHER SERVICE MELBOURNE FL
1154 AM EDT MON AUG 1 2016

...................................

...THE DAYTONA BEACH CLIMATE SUMMARY FOR THE MONTH OF JULY 2016...

CLIMATE NORMAL PERIOD 1981 TO 2010
CLIMATE RECORD PERIOD 1923 TO 2016

WEATHER         OBSERVED          NORMAL  DEPART  LAST YEAR`S
                 VALUE   DATE(S)  VALUE   FROM    VALUE
                                          NORMAL
.............................................................
TEMPERATURE (F)
MONTHLY RECORD
 HOTTEST         84.1   2016
 COLDEST         77.3   1969
DAILY RECORD
 HIGH             102   07/15/1981
 LOW               60   07/01/1981
JULY 2016
HIGHEST            97   07/29
                        07/28
LOWEST             72   07/25
AVG. MAXIMUM     93.8              90.2     3.6     91.1
AVG. MINIMUM     74.3              73.0     1.3     73.8
MEAN             84.1              81.6     2.5     82.4
DAYS MAX >= 90     31              15.1    15.9       24
DAYS MAX <= 32      0               0.0     0.0        0
DAYS MIN <= 32      0               0.0     0.0        0
DAYS MIN <= 0       0               0.0     0.0        0

PRECIPITATION (INCHES)
MONTHLY RECORD
 MAXIMUM        14.58   1944
 MINIMUM         0.16   1992
DAILY RECORD
 MAXIMUM         6.70   07/28/1926
JULY 2016
TOTALS           0.71              5.83   -5.12     4.04
DAYS >= .01         4              12.8    -8.8       16
DAYS >= .10         3               8.8    -5.8       10
DAYS >= .50         0               4.0    -4.0        3
DAYS >= 1.00        0               1.6    -1.6        1
GREATEST
 24 HR. TOTAL    0.39   06/30 TO 07/01

SNOWFALL (INCHES)
TOTALS            0.0               0.0     0.0      0.0
SINCE 7/1         0.0               0.0     0.0      0.0
DAYS >= TRACE       0                                  0

DEGREE_DAYS
HEATING TOTAL       0                 0       0        0
 SINCE 7/1          0                 0       0        0
COOLING TOTAL     601               515      86      548
 SINCE 1/1       1876              1563     313     1958
..............................................................

WIND (MPH)
AVERAGE WIND SPEED              5.0
HIGHEST WIND SPEED/DIRECTION    23/240    DATE  07/29
HIGHEST GUST SPEED/DIRECTION    30/240    DATE  07/29

SKY COVER
POSSIBLE SUNSHINE (PERCENT)   MM
AVERAGE SKY COVER           0.40
NUMBER OF DAYS FAIR           15
NUMBER OF DAYS PC             16
NUMBER OF DAYS CLOUDY          0

AVERAGE RH (PERCENT)     75

WEATHER CONDITIONS. NUMBER OF DAYS WITH
THUNDERSTORM             13     MIXED PRECIP               0
HEAVY RAIN                3     RAIN                       3
LIGHT RAIN                9     LT FREEZING RAIN           0
HAIL                      0     LIGHT SNOW                 0
SLEET                     0     FOG                        8
FOG W/VIS <= 1/4 MILE     0     HAZE                       2

-  INDICATES NEGATIVE NUMBERS.
R  INDICATES RECORD WAS SET OR TIED.
MM INDICATES DATA IS MISSING.
T  INDICATES TRACE AMOUNT.

$$
