000
CXUS53 KDVN 011722
CLMDBQ


CLIMATE REPORT
NATIONAL WEATHER SERVICE QUAD CITIES IA IL
1122 AM CST MON FEB 1 2016

...................................

...THE DUBUQUE CLIMATE SUMMARY FOR THE MONTH OF JANUARY 2016...

CLIMATE NORMAL PERIOD 1981 TO 2010
CLIMATE RECORD PERIOD 1873 TO 2016

WEATHER         OBSERVED          NORMAL  DEPART
                 VALUE   DATE(S)  VALUE   FROM
                                          NORMAL
................................................
TEMPERATURE (F)
RECORD
 HIGH              63   01/01/1897
 LOW              -32   01/07/1887
HIGHEST            40   01/30        28      12
                        01/14
LOWEST             -9   01/18        11     -20
                        01/17
AVG. MAXIMUM     26.1              26.7    -0.6
AVG. MINIMUM     12.3              11.2     1.1
MEAN             19.1              19.0     0.1
DAYS MAX >= 90      0               0.0     0.0
DAYS MAX <= 32     17              20.2    -3.2
DAYS MIN <= 32     28              30.0    -2.0
DAYS MIN <= 0       7               6.7     0.3

PRECIPITATION (INCHES)
RECORD
 MAXIMUM         6.04   1960
 MINIMUM         0.11   1925
TOTALS           0.46              1.17   -0.71
DAILY AVG.       0.01              0.04   -0.03
DAYS >= .01         8               8.7    -0.7
DAYS >= .10         2
DAYS >= .50         0
DAYS >= 1.00        0               0.0     0.0
GREATEST
 24 HR. TOTAL    0.14   01/07 TO 01/07

SNOWFALL (INCHES)
RECORDS
 TOTAL           34.3   1929
TOTALS            3.7              10.0    -6.3
SINCE 7/1        23.9              24.6    -0.7
SNOWDEPTH AVG.      3
DAYS >= TRACE      10               7.2     2.8
DAYS >= 1.0         2               3.3    -1.3
GREATEST
 SNOW DEPTH         6   01/01
 24 HR TOTAL      1.6   01/25 TO 01/26

DEGREE_DAYS
HEATING TOTAL    1232              1427    -195
 SINCE 7/1       3385              4237    -852
COOLING TOTAL       0                 0       0
 SINCE 1/1          0                 0       0
.................................................

WIND (MPH)
AVERAGE WIND SPEED              10.7
HIGHEST WIND SPEED/DIRECTION    29/330    DATE  01/12
HIGHEST GUST SPEED/DIRECTION    37/320    DATE  01/12

SKY COVER
POSSIBLE SUNSHINE (PERCENT)   MM
AVERAGE SKY COVER           0.50
NUMBER OF DAYS FAIR           13
NUMBER OF DAYS PC             12
NUMBER OF DAYS CLOUDY          6

AVERAGE RH (PERCENT)     80

WEATHER CONDITIONS. NUMBER OF DAYS WITH
THUNDERSTORM              0     HAIL                       0
SLEET                     0     FOG                       14
FOG W/VIS <= 1/4 MILE     2     HAZE                      13

-  INDICATES NEGATIVE NUMBERS.
R  INDICATES RECORD WAS SET OR TIED.
MM INDICATES DATA IS MISSING.
T  INDICATES TRACE AMOUNT.

$$

NOTE: SUPPLEMENTAL CLIMATE DATA WAS USED FROM A NEARBY
CLIMATOLOGICALLY REPRESENTATIVE STATION.
