000
CXUS51 KLWX 020423
CLMDCA

WBCCLMDCA 000
TTAA00 KLWX 010920


CLIMATE REPORT
NATIONAL WEATHER SERVICE BALTIMORE MD/WASHINGTON DC
1123 PM EST FRI DEC 1 2017

...................................

...THE WASHINGTON NATIONAL DC CLIMATE SUMMARY FOR THE MONTH OF NOVEMBER 2017...

CLIMATE NORMAL PERIOD 1981 TO 2010
CLIMATE RECORD PERIOD 1871 TO 2017

WEATHER         OBSERVED          NORMAL  DEPART  LAST YEAR`S
                 VALUE   DATE(S)  VALUE   FROM    VALUE
                                          NORMAL
.............................................................
TEMPERATURE (F)
RECORD
 HIGH              86   11/01/1974
 LOW               11   11/30/1929
HIGHEST            78   11/03        75       3
LOWEST             26   11/11        27      -1
AVG. MAXIMUM     58.5              57.9     0.6     62.0
AVG. MINIMUM     41.1              41.2    -0.1     43.1
MEAN             49.8              49.6     0.2
DAYS MAX >= 90      0               0.0     0.0
DAYS MAX <= 32      0               0.0     0.0
DAYS MIN <= 32      5               3.5     1.5
DAYS MIN <= 0       0               0.0     0.0

PRECIPITATION (INCHES)
RECORD
 MAXIMUM         7.18   1877
 MINIMUM         0.29   1981
TOTALS           2.00              3.17   -1.17     0.76
DAILY AVG.       0.07              0.11   -0.04
DAYS >= .01         9               8.6     0.4
DAYS >= .10         3               5.3    -2.3
DAYS >= .50         2               2.3    -0.3
DAYS >= 1.00        1               0.9     0.1
GREATEST
 24 HR. TOTAL    1.07   11/07 TO 11/07

SNOWFALL (INCHES)
RECORDS
 TOTAL           11.5   1987
TOTALS            0.0               0.5    -0.5
SINCE 7/1         0.0               0.5    -0.5
SNOWDEPTH AVG.      0
DAYS >= TRACE       0               0.2    -0.2
DAYS >= 1.0         0               0.1    -0.1
GREATEST
 SNOW DEPTH         0   MM
 24 HR TOTAL      0.0

DEGREE_DAYS
HEATING TOTAL     456               466     -10      370
 SINCE 7/1        549               695    -146      487
COOLING TOTAL       3                 2       1        6
 SINCE 1/1       1826              1549     277     1994
..............................................................

WIND (MPH)
AVERAGE WIND SPEED              8.4
HIGHEST WIND SPEED/DIRECTION    33/300    DATE  11/19
HIGHEST GUST SPEED/DIRECTION    49/290    DATE  11/19

SKY COVER
POSSIBLE SUNSHINE (PERCENT)   MM
AVERAGE SKY COVER           0.60
NUMBER OF DAYS FAIR            5
NUMBER OF DAYS PC             13
NUMBER OF DAYS CLOUDY         12

AVERAGE RH (PERCENT)     67

WEATHER CONDITIONS. NUMBER OF DAYS WITH
THUNDERSTORM              2     MIXED PRECIP               0
HEAVY RAIN                2     RAIN                       3
LIGHT RAIN               14     FREEZING RAIN              0
LT FREEZING RAIN          0     HAIL                       0
HEAVY SNOW                0     SNOW                       0
LIGHT SNOW                0     SLEET                      0
FOG                       7     FOG W/VIS <= 1/4 MILE      0
HAZE                      0

-  INDICATES NEGATIVE NUMBERS.
R  INDICATES RECORD WAS SET OR TIED.
MM INDICATES DATA IS MISSING.
T  INDICATES TRACE AMOUNT.

&&

WASHINGTON DC...RONALD REAGAN WASHINGTON NATIONAL AIRPORT...

THE MONTHLY AVERAGE TEMPERATURE WAS 49.8, WHICH IS 0.2 DEGREES
ABOVE THE 1981-2010 CLIMATOLOGICAL NORMAL. MONTHLY PRECIPITATION
WAS 2.00, WHICH IS 1.17 INCHES (37 PERCENT) BELOW THE 1981-2010
CLIMATOLOGICAL NORMAL. NO SNOW WAS RECORDED.

THERE WAS 1.07 INCHES OF RAIN ON NOVEMBER 7TH, MAKING IT THE WETTEST
ELECTION DAY ON RECORD. THE PREVIOUS WETTEST WAS 0.82 INCHES IN 1943.

A RECORD DAILY LOW TEMPERATURE OF 26 DEGREES WAS SET ON THE 11TH.
THIS TIED THE RECORD PREVIOUSLY SET IN 1973 AND 1901, AND TIED FOR
THE COLDEST VETERAN`S DAY TEMPERATURE ON RECORD. IT WAS ALSO THE
FIRST RECORD DAILY LOW TEMPERATURE IN NOVEMBER SINCE 1976.

CLIMATE RECORDS HAVE BEEN KEPT AT RONALD REAGAN WASHINGTON NATIONAL
AIRPORT SINCE AUGUST OF 1941. ADDITIONAL TEMPERATURE RECORDS FOR THE
WASHINGTON DC AREA OBSERVED DOWNTOWN EXTEND BACK TO JANUARY OF 1872.
PRECIPITATION RECORDS EXTEND BACK TO JANUARY OF 1871. SNOWFALL
RECORDS BEGAN IN JANUARY OF 1884.

ALL CLIMATE DATA ARE CONSIDERED PRELIMINARY UNTIL REVIEWED BY THE
NATIONAL CENTERS FOR ENVIRONMENTAL INFORMATION (NCEI).

$$

RCM
