000
CXUS53 KILX 011752
CLMDEC

CLIMATE REPORT
NATIONAL WEATHER SERVICE LINCOLN IL
1048 AM CST SUN MAR 1 2015

...................................

...THE DECATUR IL AIRPORT CLIMATE SUMMARY FOR THE MONTH OF FEBRUARY 2015...

CLIMATE NORMAL PERIOD 1981 TO 2010
CLIMATE RECORD PERIOD 9999 TO 9999

WEATHER         OBSERVED          NORMAL  DEPART  LAST YEAR`S
                 VALUE   DATE(S)  VALUE   FROM    VALUE
                                          NORMAL
.............................................................
TEMPERATURE (F)
RECORD
 HIGH              MM   MM
 LOW               MM   MM
HIGHEST            59   02/08        MM      MM       61
LOWEST             -6   02/24        MM      MM      -10
AVG. MAXIMUM     29.7              39.2    -9.5     29.2
AVG. MINIMUM     10.8              22.9   -12.1     10.9
MEAN             20.2              31.0   -10.8     20.1
DAYS MAX >= 90      0               0.0     0.0        0
DAYS MAX <= 32     19               7.3    11.7       19
DAYS MIN <= 32     26              23.5     2.5       25
DAYS MIN <= 0       5               0.2     4.8        7

PRECIPITATION (INCHES)
RECORD
 MAXIMUM           MM   MM
 MINIMUM           MM   MM
TOTALS             MMR             1.98      MM     0.41
DAILY AVG.         MM              0.07      MM     0.02
DAYS >= .01        MM                MM      MM        3
DAYS >= .10        MM                MM      MM        2
DAYS >= .50        MM                MM      MM        0
DAYS >= 1.00       MM                MM      MM        0
GREATEST
 24 HR. TOTAL      MM                               1.01

DEGREE_DAYS
HEATING TOTAL    1246               950     296     1251
 SINCE 7/1       4646              4257     389     4812
COOLING TOTAL       0                 0       0        0
 SINCE 1/1          0                 0       0        0
..............................................................

WIND (MPH)
AVERAGE WIND SPEED              11.2
HIGHEST WIND SPEED/DIRECTION    36/340    DATE  02/14
HIGHEST GUST SPEED/DIRECTION    46/340    DATE  02/14

SKY COVER
POSSIBLE SUNSHINE (PERCENT)   MM
AVERAGE SKY COVER           0.50
NUMBER OF DAYS FAIR           12
NUMBER OF DAYS PC              9
NUMBER OF DAYS CLOUDY          7

AVERAGE RH (PERCENT)     70

WEATHER CONDITIONS. NUMBER OF DAYS WITH
THUNDERSTORM              0     MIXED PRECIP               0
HEAVY RAIN                0     RAIN                       0
LIGHT RAIN                1     FREEZING RAIN              0
LT FREEZING RAIN          0     HAIL                       0
HEAVY SNOW                2     SNOW                       5
LIGHT SNOW               15     SLEET                      0
FOG                      16     FOG W/VIS <= 1/4 MILE      4
HAZE                     16

-  INDICATES NEGATIVE NUMBERS.
R  INDICATES RECORD WAS SET OR TIED.
MM INDICATES DATA IS MISSING.
T  INDICATES TRACE AMOUNT.

$$
