000
CXUS53 KDLH 031428 CCA
CLMDLH


CLIMATE REPORT...CORRECTED
NATIONAL WEATHER SERVICE DULUTH MN
928 AM CDT MON APR 3 2017

...................................

...THE DULUTH MN CLIMATE SUMMARY FOR THE MONTH OF MARCH 2017...

CLIMATE NORMAL PERIOD 1981 TO 2010
CLIMATE RECORD PERIOD 1870 TO 2017

WEATHER         OBSERVED          NORMAL  DEPART  LAST YEAR`S
                 VALUE   DATE(S)  VALUE   FROM    VALUE  DATE(S)
                                          NORMAL
................................................................
TEMPERATURE (F)
RECORD
 HIGH              81   03/28/1946
 LOW              -29   03/02/1989
HIGHEST            59   03/28        MM      MM       60  03/12
LOWEST             -9   03/03        MM      MM       -2  03/01
AVG. MAXIMUM     35.5              34.4     1.1     38.6
AVG. MINIMUM     17.1              17.5    -0.4     24.5
MEAN             26.3              25.9     0.4     31.6
DAYS MAX >= 90      0               0.0     0.0        0
DAYS MAX <= 32     10              12.3    -2.3       10
DAYS MIN <= 32     28              28.0     0.0       25
DAYS MIN <= 0       4               3.1     0.9        1

PRECIPITATION (INCHES)
RECORD
 MAXIMUM         5.12   1965
 MINIMUM         0.22   1959
TOTALS           1.05              1.49   -0.44     3.96
DAILY AVG.       0.03              0.05   -0.02     0.13
DAYS >= .01         8               9.7    -1.7       14
DAYS >= .10         4               4.3    -0.3        7
DAYS >= .50         0               0.5    -0.5        2
DAYS >= 1.00        0               0.1    -0.1        2
GREATEST
 24 HR. TOTAL    0.45  03/16 TO 03/17

SNOWFALL (INCHES)
RECORDS
 TOTAL           48.2   1917
TOTALS            5.3              13.2    -7.9     17.3
SINCE 7/1        64.3              78.8   -14.5     71.5
SNOWDEPTH AVG.      4                12      -8        6
DAYS >= 1.0         3               3.6    -0.6        6
GREATEST
 SNOW DEPTH        10   03/01                         13  03/05
 24 HR TOTAL      3.8   03/16 TO 03/17

DEGREE_DAYS
HEATING TOTAL    1193              1210     -17     1028
 SINCE 7/1       6883              8077   -1194     6865
COOLING TOTAL       0                 0       0        0
 SINCE 1/1          0                 0       0        0
.......................................................

WIND (MPH)
AVERAGE WIND SPEED              10.5
HIGHEST WIND SPEED/DIRECTION    46/260    DATE  03/07
HIGHEST GUST SPEED/DIRECTION    60/260    DATE  03/07

SKY COVER
POSSIBLE SUNSHINE (PERCENT)   MM
AVERAGE SKY COVER           0.40
NUMBER OF DAYS FAIR           16
NUMBER OF DAYS PC              8
NUMBER OF DAYS CLOUDY          7

AVERAGE RH (PERCENT)     67

WEATHER CONDITIONS. NUMBER OF DAYS WITH
THUNDERSTORM              0     MIXED PRECIP               0
HEAVY RAIN                0     RAIN                       2
LIGHT RAIN                6     FREEZING RAIN              0
LT FREEZING RAIN          3     HAIL                       0
HEAVY SNOW                0     SNOW                       1
LIGHT SNOW                9     SLEET                      2
FOG                      10     FOG W/VIS <= 1/4 MILE      4
HAZE                      2

-  INDICATES NEGATIVE NUMBERS.
R  INDICATES RECORD WAS SET OR TIED.
MM INDICATES DATA IS MISSING.
T  INDICATES TRACE AMOUNT.

$$

.MARCH 2017 WAS ABOVE NORMAL FOR TEMPERATURES WITH BELOW NORMAL
PRECIPITATION AT DULUTH MN...

THE AVERAGE TEMPERATURE FOR MARCH WAS 26.3 DEGREES WHICH WAS 0.4
DEGREES ABOVE THE NORMAL OF 25.9 DEGREES. THE HIGHEST TEMPERATURE
FOR THE MONTH WAS 59 DEGREES ON THE 28TH. THE LOWEST TEMPERATURE WAS
-9 DEGREES ON THE 3RD. NO DAILY TEMPERATURE RECORDS WERE BROKEN FOR
THE MONTH. TWELVE DAYS HAD AVERAGE TEMPERATURES BELOW NORMAL.

MARCH 2017 WAS BELOW NORMAL FOR PRECIPITATION WITH A TOTAL OF 1.05
INCHES OF PRECIPITATION RECORDED FOR THE MONTH. THIS WAS 0.44 INCHES
BELOW THE NORMAL OF 1.49 INCHES. THE GREATEST AMOUNT OF
PRECIPITATION IN A 24 HOUR PERIOD OCCURRED ON THE 16TH TO 17TH WHEN
0.45 INCHES WAS RECORDED. AT LEAST A TRACE OF PRECIPITATION WAS
RECORDED ON 12 DAYS. AT LEAST 0.01 INCHES OF PRECIPITATION FELL ON 8
DAYS. AT LEAST 0.10 INCHES FELL ON 4 DAYS. THERE WAS 5.3 INCHES OF
SNOW FOR THE MONTH WHICH IS 7.9 INCHES BELOW THE NORMAL OF 13.2 THE
GREATEST AMOUNT OF SNOWFALL IN A 24 HOUR PERIOD OCCURRED ON THE 16TH
TO 17TH WHERE 3.8 INCHES OF SNOW WAS RECORDED. NO DAILY
PRECIPITATION RECORDS WERE BROKEN FOR THE MONTH.

THE AVERAGE WIND SPEED FOR THE MONTH WAS 10.5 MPH. THE WINDIEST DAY
OF THE MONTH WAS ON THE 7TH WITH AN AVERAGE WIND OF 28.4 MPH. THE
HIGHEST SUSTAINED WIND OCCURRED ON THE 7TH WITH A WIND FROM THE WEST
AT 46 MPH. A PEAK WIND GUST OF 60 MPH WAS RECORDED ON THE 7TH OUT OF
THE WEST. THERE WERE 1193 HEATING DEGREE DAYS FOR THE MONTH WHICH
WAS 17 BELOW THE NORMAL OF 1210. THIS BROUGHT THE SEASONAL TOTAL TO
6883 WHICH WAS 1194 BELOW THE NORMAL OF 8077. THERE WERE 0 COOLING
DEGREE DAYS FOR THE MONTH WHICH WAS NORMAL. THE SEASONAL TOTAL
COOLING DEGREE DAYS STANDS AT 0 WHICH WAS NORMAL. THE HIGHEST SEA
LEVEL PRESSURE FOR THE MONTH WAS 30.71 INCHES REACHED ON THE 10TH
AND THE LOWEST SEA LEVEL PRESSURE READING WAS 29.03 INCHES REACHED
ON THE 7TH.

THE OUTLOOK FOR APRIL...NORMAL HIGHS START IN THE LOWER 40S AND WARM
TO THE MID TO UPPER 50S AT THE END OF THE MONTH. NORMAL LOWS FOR THE
MONTH START IN THE MID 20S AND WARM TO THE MID 30S AT THE END OF
THE MONTH. NORMAL PRECIPITATION FOR APRIL IS 2.43 INCHES. NORMAL
SNOWFALL FOR APRIL IS 6.9 INCHES. THE LATEST CLIMATE PREDICTION
CENTER OUTLOOK INDICATES THAT ODDS ARE SLIGHTLY TILTED TOWARDS ABOVE
NORMAL TEMPERATURES AND PRECIPITATION FOR APRIL.

$$

WL
