000
CXUS53 KEAX 020735
CLMDMO

CLIMATE REPORT
NATIONAL WEATHER SERVICE KANSAS CITY/PLEASANT HILL MO
1253 AM CST FRI DEC 2 2016

...................................

...THE SEDALIA CLIMATE SUMMARY FOR THE MONTH OF NOVEMBER 2016...

CLIMATE NORMAL PERIOD 1981 TO 2010
CLIMATE RECORD PERIOD 9999 TO 9999

WEATHER         OBSERVED          NORMAL  DEPART  LAST YEAR`S
                 VALUE   DATE(S)  VALUE   FROM    VALUE  DATE(S)
                                          NORMAL
................................................................
TEMPERATURE (F)
HIGHEST            84   11/01        75       9       77  11/11
LOWEST             25   11/20        17       8       25  11/22
                                                          11/21
AVG. MAXIMUM     62.9              55.7     7.2     60.2
AVG. MINIMUM     41.9              37.6     4.3     40.1
MEAN             52.4              46.6     5.8     50.1
DAYS MAX >= 90      0               0.0     0.0        0
DAYS MAX <= 32      0               1.0    -1.0        0
DAYS MIN <= 32      4              14.4   -10.4        4
DAYS MIN <= 0       0               0.1    -0.1        0

PRECIPITATION (INCHES)
TOTALS           0.42              3.10   -2.68     7.68
DAILY AVG.       0.01              0.10   -0.09     0.26
DAYS >= .01         6               8.2    -2.2       10
DAYS >= .10         2               5.0    -3.0        7
DAYS >= .50         0               2.1    -2.1        5
DAYS >= 1.00        0               1.0    -1.0        4
GREATEST
 24 HR. TOTAL    0.23   11/02 TO 11/03
                        11/17 TO 11/18

DEGREE_DAYS
HEATING TOTAL     392               554    -162      440
 SINCE 7/1        507               845    -338      645
COOLING TOTAL      23                 3      20        0
 SINCE 1/1       1775              1490     285     1552
.................................................................

WIND (MPH)
AVERAGE WIND SPEED              9.0
HIGHEST WIND SPEED/DIRECTION    30/230    DATE  11/18
HIGHEST GUST SPEED/DIRECTION    40/210    DATE  11/17

SKY COVER
POSSIBLE SUNSHINE (PERCENT)   MM
AVERAGE SKY COVER           0.30
NUMBER OF DAYS FAIR           18
NUMBER OF DAYS PC             10
NUMBER OF DAYS CLOUDY          2

AVERAGE RH (PERCENT)     65

WEATHER CONDITIONS. NUMBER OF DAYS WITH
THUNDERSTORM              1     MIXED PRECIP               0
HEAVY RAIN                2     RAIN                       3
LIGHT RAIN               10     FREEZING RAIN              0
LT FREEZING RAIN          0     HAIL                       0
HEAVY SNOW                0     SNOW                       0
LIGHT SNOW                0     SLEET                      0
FOG                       9     FOG W/VIS <= 1/4 MILE      1
HAZE                      6

-  INDICATES NEGATIVE NUMBERS.
R  INDICATES RECORD WAS SET OR TIED.
MM INDICATES DATA IS MISSING.
T  INDICATES TRACE AMOUNT.

$$
