000
CXUS53 KEAX 011511 RRA
CLMDMO

CLIMATE REPORT
NATIONAL WEATHER SERVICE KANSAS CITY/PLEASANT HILL MO
1003 AM CDT SAT AUG 1 2015

...................................

...THE SEDALIA CLIMATE SUMMARY FOR THE MONTH OF JULY 2015...

CLIMATE NORMAL PERIOD 1981 TO 2010
CLIMATE RECORD PERIOD 9999 TO 9999

WEATHER         OBSERVED          NORMAL  DEPART  LAST YEAR`S
                 VALUE   DATE(S)  VALUE   FROM    VALUE  DATE(S)
                                          NORMAL
................................................................
TEMPERATURE (F)
HIGHEST            96   07/28        97      -1       95  07/25
                        07/14
LOWEST             61   07/09        56       5       54  07/16
                        07/08
                        07/04
AVG. MAXIMUM     87.8              89.1    -1.3     84.9
AVG. MINIMUM     70.5              69.1     1.4     63.6
MEAN             79.2              79.1     0.1     74.2
DAYS MAX >= 90     14              12.8     1.2        8
DAYS MAX <= 32      0               0.0     0.0        0
DAYS MIN <= 32      0               0.0     0.0        0
DAYS MIN <= 0       0               0.0     0.0        0

PRECIPITATION (INCHES)
TOTALS           6.13              4.21    1.92     0.58
DAILY AVG.       0.20              0.14    0.06     0.02
DAYS >= .01         8               8.5    -0.5        6
DAYS >= .10         5               6.1    -1.1        3
DAYS >= .50         3               2.8     0.2        0
DAYS >= 1.00        1               1.4    -0.4        0
GREATEST
 24 HR. TOTAL    4.25   07/01 TO 07/01

DEGREE_DAYS
HEATING TOTAL       0                 0       0        0
 SINCE 7/1          0                 0       0        0
COOLING TOTAL     447               437      10      295
 SINCE 1/1        913               880      33      802
.................................................................

WIND (MPH)
AVERAGE WIND SPEED              7.1
HIGHEST WIND SPEED/DIRECTION    26/360    DATE  07/29
HIGHEST GUST SPEED/DIRECTION    38/360    DATE  07/29

SKY COVER
POSSIBLE SUNSHINE (PERCENT)   MM
AVERAGE SKY COVER           0.30
NUMBER OF DAYS FAIR           22
NUMBER OF DAYS PC              5
NUMBER OF DAYS CLOUDY          4

AVERAGE RH (PERCENT)     73

WEATHER CONDITIONS. NUMBER OF DAYS WITH
THUNDERSTORM              5     MIXED PRECIP               0
HEAVY RAIN                5     RAIN                       4
LIGHT RAIN               11     FREEZING RAIN              0
LT FREEZING RAIN          0     HAIL                       0
HEAVY SNOW                0     SNOW                       0
LIGHT SNOW                0     SLEET                      0
FOG                      15     FOG W/VIS <= 1/4 MILE      0
HAZE                      8

-  INDICATES NEGATIVE NUMBERS.
R  INDICATES RECORD WAS SET OR TIED.
MM INDICATES DATA IS MISSING.
T  INDICATES TRACE AMOUNT.

$$
