000
CXUS55 KTWC 011504 RRA
CLMDUG

CLIMATE REPORT
NATIONAL WEATHER SERVICE TUCSON AZ
801 AM MST MON JUN 1 2015

...................................

...THE DOUGLAS AZ CLIMATE SUMMARY FOR THE MONTH OF MAY 2015...

CLIMATE NORMAL PERIOD 1981 TO 2010
CLIMATE RECORD PERIOD 1948 TO 2015

WEATHER         OBSERVED          NORMAL  DEPART  LAST YEAR`S
                 VALUE   DATE(S)  VALUE   FROM    VALUE  DATE(S)
                                          NORMAL
................................................................
TEMPERATURE (F)
RECORD
 HIGH             105   05/22/2005
                        05/31/2002
 LOW               29   05/02/1967
HIGHEST            98   05/31        96       2      100  05/31
LOWEST             35   05/10        39      -4       39  05/08
AVG. MAXIMUM     83.4              88.1    -4.7     87.1
AVG. MINIMUM     46.5              51.6    -5.1     50.2
MEAN             64.9              69.9    -5.0     68.7
DAYS MAX >= 90      5              12.7    -7.7       11
DAYS MAX <= 32      0               0.0     0.0        0
DAYS MIN <= 32      0               0.0     0.0        0
DAYS MIN <= 0       0               0.0     0.0        0

PRECIPITATION (INCHES)
RECORD
 MAXIMUM         3.16   1992
 MINIMUM         0.00   2013
                        2011
                        2004
TOTALS              T              0.28   -0.28        T
DAILY AVG.          T              0.01   -0.01        T
DAYS >= .01         0               1.9    -1.9        0
DAYS >= .10         0               1.0    -1.0        0
DAYS >= .50         0               0.1    -0.1        0
DAYS >= 1.00        0               0.0     0.0        0
GREATEST
 24 HR. TOTAL       T   05/14 TO 05/14           05/25 TO 05/25
                        05/01 TO 05/02                    05/20 TO 05/21
                        05/02 TO 05/02                    05/21 TO 05/21

DEGREE_DAYS
COOLING TOTAL      58               171    -113      150
 SINCE 1/1         62               201    -139      168
..................................................

WIND (MPH)
AVERAGE WIND SPEED              9.3
HIGHEST WIND SPEED/DIRECTION    37/240    DATE  05/15
HIGHEST GUST SPEED/DIRECTION    46/260    DATE  05/15

AVERAGE RH (PERCENT)     31

WEATHER CONDITIONS. NUMBER OF DAYS WITH
THUNDERSTORM              0     MIXED PRECIP               0
HEAVY RAIN                0     RAIN                       0
LIGHT RAIN                1     FREEZING RAIN              0
LT FREEZING RAIN          0     HAIL                       0
HEAVY SNOW                0     SNOW                       0
LIGHT SNOW                0     SLEET                      0
FOG                       0     FOG W/VIS <= 1/4 MILE      0
HAZE                      0

-  INDICATES NEGATIVE NUMBERS.
R  INDICATES RECORD WAS SET OR TIED.
MM INDICATES DATA IS MISSING.
T  INDICATES TRACE AMOUNT.

$$
