882
CXUS53 KDVN 011722
CLMDVN


CLIMATE REPORT
NATIONAL WEATHER SERVICE QUAD CITIES IA IL
1122 AM CST MON FEB 1 2016

...................................

...THE DAVENPORT IA CLIMATE SUMMARY FOR THE MONTH OF JANUARY 2016...

CLIMATE NORMAL PERIOD 1981 TO 2010
CLIMATE RECORD PERIOD 9999 TO 9999

WEATHER         OBSERVED          NORMAL  DEPART
                 VALUE   DATE(S)  VALUE   FROM
                                          NORMAL
................................................
TEMPERATURE (F)
HIGHEST            50   01/14        31      19
LOWEST             -5   01/18        12     -17
                        01/17
AVG. MAXIMUM     30.5              29.8     0.7
AVG. MINIMUM     14.9              12.7     2.2
MEAN             22.7              21.2     1.5
DAYS MAX >= 90      0
DAYS MAX <= 32     16
DAYS MIN <= 32     29
DAYS MIN <= 0       4

PRECIPITATION (INCHES)
TOTALS           0.40              1.19   -0.79
DAILY AVG.       0.01              0.04   -0.03
DAYS >= .01         7
DAYS >= .10         0
DAYS >= .50         0
DAYS >= 1.00        0
GREATEST
 24 HR. TOTAL    0.16   01/07 TO 01/08

SNOWFALL (INCHES)
TOTALS            1.6
SINCE 7/1        12.8
SNOWDEPTH AVG.      1
DAYS >= TRACE      16
DAYS >= 1.0         1
GREATEST
 SNOW DEPTH         3   01/02
                        01/01
 24 HR TOTAL      1.0   01/19 TO 01/19

DEGREE_DAYS
HEATING TOTAL    1304              1356     -52
 SINCE 7/1       3220              3936    -716
COOLING TOTAL       0                 0       0
 SINCE 1/1          0                 0       0
.................................................

WIND (MPH)
AVERAGE WIND SPEED              11.3
HIGHEST WIND SPEED/DIRECTION    35/330    DATE  01/12
HIGHEST GUST SPEED/DIRECTION    42/320    DATE  01/12

SKY COVER
POSSIBLE SUNSHINE (PERCENT)   MM
AVERAGE SKY COVER           0.40
NUMBER OF DAYS FAIR           13
NUMBER OF DAYS PC             12
NUMBER OF DAYS CLOUDY          6

AVERAGE RH (PERCENT)     77

WEATHER CONDITIONS. NUMBER OF DAYS WITH
THUNDERSTORM              0     HAIL                       0
SLEET                     1     FOG                       13
FOG W/VIS <= 1/4 MILE     1     HAZE                      10

-  INDICATES NEGATIVE NUMBERS.
R  INDICATES RECORD WAS SET OR TIED.
MM INDICATES DATA IS MISSING.
T  INDICATES TRACE AMOUNT.

$$

NOTE: SUPPLEMENTAL CLIMATE DATA WAS USED FROM A NEARBY
CLIMATOLOGICALLY REPRESENTATIVE STATION.
