000
CXUS53 KGID 012208
CLMEAR

CLIMATE REPORT
NATIONAL WEATHER SERVICE HASTINGS NE
350 PM CST SUN MAR 1 2015

...................................

...THE KEARNEY CLIMATE SUMMARY FOR THE MONTH OF FEBRUARY 2015...

CLIMATE NORMAL PERIOD 1981 TO 2010
CLIMATE RECORD PERIOD 1894 TO 2015

WEATHER         OBSERVED          NORMAL  DEPART  LAST YEAR`S
                 VALUE   DATE(S)  VALUE   FROM    VALUE  DATE(S)
                                          NORMAL
................................................................
TEMPERATURE (F)
HIGHEST            66   02/07        66       0       64  02/18
LOWEST             -6   02/27        -5      -1      -15  02/06
                        02/02
AVG. MAXIMUM     40.0              39.7     0.3     33.2
AVG. MINIMUM     13.6              16.6    -3.0     13.2
MEAN             26.8              28.1    -1.3     23.2
DAYS MAX >= 90      0               0.0     0.0        0
DAYS MAX <= 32     13               8.6     4.4       15
DAYS MIN <= 32     24              26.5    -2.5       27
DAYS MIN <= 0       6               3.0     3.0        3

PRECIPITATION (INCHES)
TOTALS             MM              0.55      MM     0.12
DAILY AVG.         MM              0.02      MM
DAYS >= .01        MM               4.2      MM
DAYS >= .10        MM               1.7      MM
DAYS >= .50        MM               0.2      MM
DAYS >= 1.00       MM               0.0      MM
GREATEST
 24 HR. TOTAL      MM

DEGREE_DAYS
HEATING TOTAL    1064              1032      32     1164
COOLING TOTAL       0                 0       0        0
.................................................................

WIND (MPH)
AVERAGE WIND SPEED              11.3
HIGHEST WIND SPEED/DIRECTION    35/360
HIGHEST GUST SPEED/DIRECTION    41/MM

AVERAGE RH (PERCENT)     63


-  INDICATES NEGATIVE NUMBERS.
R  INDICATES RECORD WAS SET OR TIED.
MM INDICATES DATA IS MISSING.
T  INDICATES TRACE AMOUNT.

&&

THE PRECIPITATION DATA SHOWN ABOVE IS RECORDED BY THE AUTOMATED
WEATHER OBSERVING SYSTEM AT THE KEARNEY AIRPORT. THE PRECIPITATION
IS DEPICTED FOR A CALENDAR DAY FROM MIDNIGHT TO MIDNIGHT. SNOWFALL
IS NOT RECORDED BY THAT SYSTEM.

THE OFFICIAL PRECIPITATION...SNOWFALL...AND SNOW DEPTH OBSERVATION
FOR KEARNEY IS RECORDED DAILY BY THE COOPERATIVE OBSERVER AT 7 AM.
THAT INFORMATION FOLLOWS...

...KEARNEY 4NE COOPERATIVE OBSERVER REPORT FOR FEBRUARY 2015...

PRECIPITATION (IN)
MONTH TO DATE..................   0.49
YEAR TO DATE...................   0.54

SNOWFALL (IN)
MONTH TO DATE..................   5.6
SEASONAL TOTAL (SINCE JULY 1ST)   12.1

$$
