000
CXUS53 KGID 011449 RRA
CLMEAR

CLIMATE REPORT
NATIONAL WEATHER SERVICE HASTINGS NE
933 AM CDT MON AUG 1 2016

...................................

...THE KEARNEY CLIMATE SUMMARY FOR THE MONTH OF JULY 2016...

CLIMATE NORMAL PERIOD 1981 TO 2010
CLIMATE RECORD PERIOD 1894 TO 2016

WEATHER         OBSERVED          NORMAL  DEPART  LAST YEAR`S
                 VALUE   DATE(S)  VALUE   FROM    VALUE  DATE(S)
                                          NORMAL
................................................................
TEMPERATURE (F)
HIGHEST            99   07/22       100      -1       99  07/05
                        07/21
                        07/20
LOWEST             57   07/16        51       6       52  07/08
                        07/15                             07/07
                        07/12
AVG. MAXIMUM     87.2              86.7     0.5     87.1
AVG. MINIMUM     64.5              62.6     1.9     63.3
MEAN             75.9              74.7     1.2     75.2
DAYS MAX >= 90     12              10.4     1.6       13
DAYS MAX <= 32      0               0.0     0.0        0
DAYS MIN <= 32      0               0.0     0.0        0
DAYS MIN <= 0       0               0.0     0.0        0

PRECIPITATION (INCHES)
TOTALS           2.40              3.28   -0.88     2.19
DAILY AVG.       0.08              0.11   -0.03
DAYS >= .01         9               8.1     0.9
DAYS >= .10         5               5.4    -0.4
DAYS >= .50         1               2.4    -1.4
DAYS >= 1.00        0               1.1    -1.1
GREATEST
 24 HR. TOTAL    0.70   07/06 TO 07/06

DEGREE_DAYS
HEATING TOTAL       4                 5      -1        4
COOLING TOTAL     350               304      46      331
.................................................................

WIND (MPH)
AVERAGE WIND SPEED              9.1
HIGHEST WIND SPEED/DIRECTION    28/MM
HIGHEST GUST SPEED/DIRECTION    36/MM

AVERAGE RH (PERCENT)     68


-  INDICATES NEGATIVE NUMBERS.
R  INDICATES RECORD WAS SET OR TIED.
MM INDICATES DATA IS MISSING.
T  INDICATES TRACE AMOUNT.

&&
THE PRECIPITATION DATA SHOWN ABOVE IS RECORDED BY THE AUTOMATED
WEATHER OBSERVING SYSTEM AT THE KEARNEY AIRPORT. THE
PRECIPITATION IS DEPICTED FOR A CALENDAR DAY FROM MIDNIGHT TO
MIDNIGHT. SNOWFALL IS NOT RECORDED BY THAT SYSTEM.

THE OFFICIAL PRECIPITATION...SNOWFALL...AND SNOW DEPTH
OBSERVATION FOR KEARNEY IS RECORDED DAILY BY THE
COOPERATIVE OBSERVER AT 7 AM.  THAT INFORMATION FOLLOWS...

...KEARNEY 4NE COOPERATIVE OBSERVER REPORT FOR JULY 2016...

PRECIPITATION (IN)
MONTH TO DATE.......................  3.38
YEAR TO DATE........................ 16.62

SNOWFALL (IN)
MONTH TO DATE......................   0.0
SEASONAL TOTAL (SINCE JULY 1ST)....   0.0
$$
DOXEY
