000
CXUS52 KAKQ 020040
CLMECG


CLIMATE REPORT
NATIONAL WEATHER SERVICE WAKEFIELD, VA
839 PM EDT FRI MAY 1 2015

...................................

...THE ELIZABETH CITY NC CLIMATE SUMMARY FOR THE MONTH OF APRIL 2015...

CLIMATE NORMAL PERIOD 1981 TO 2010
CLIMATE RECORD PERIOD 1934 TO 2015

WEATHER         OBSERVED          NORMAL  DEPART  LAST YEAR`S
                 VALUE   DATE(S)  VALUE   FROM    VALUE  DATE(S)
                                          NORMAL
................................................................
TEMPERATURE (F)
RECORD
 HIGH              95   04/23/1985
                        04/22/1985
 LOW               26   04/10/1985
                        04/03/1985
HIGHEST            84   04/10        73      11       86  04/04
                                                          04/02
LOWEST             32   04/02        45     -13       36  04/01
AVG. MAXIMUM     69.9              69.5     0.4     69.5
AVG. MINIMUM     48.8              47.9     0.9     49.2
MEAN             59.3              58.7     0.6     59.3
DAYS MAX >= 90      0               0.1    -0.1        0
DAYS MAX <= 32      0               0.0     0.0        0
DAYS MIN <= 32      1               0.8     0.2        0
DAYS MIN <= 0       0               0.0     0.0        0

PRECIPITATION (INCHES)
RECORD
 MAXIMUM           MM   MM
 MINIMUM           MM   MM
TOTALS           4.11              3.14    0.97     6.08
DAILY AVG.       0.14              0.10    0.04     0.20
DAYS >= .01        10               9.4     0.6       10
DAYS >= .10         7               5.6     1.4        8
DAYS >= .50         4               1.9     2.1        4
DAYS >= 1.00        2               0.9     1.1        4
GREATEST
 24 HR. TOTAL    1.66   04/19 TO 04/20

SNOWFALL (INCHES)
RECORDS
 TOTAL             MM   MM
TOTALS            0.0
SINCE 7/1           T                MM      MM     10.2
SNOWDEPTH AVG.      0                MM      MM        0
DAYS >= 1.0         0                MM      MM        0
GREATEST
 SNOW DEPTH         0   MM                             0  MM
 24 HR TOTAL      0.0   04/30 TO 04/30           04/30 TO 04/30
                                                          04/30 TO 04/30
                                                          04/30 TO 04/30

DEGREE_DAYS
HEATING TOTAL     190               224     -34      190
 SINCE 7/1       3206              3161      45     3311
COOLING TOTAL      28                35      -7       29
 SINCE 1/1         35                42      -7       29
.................................................

WIND (MPH)
AVERAGE WIND SPEED              9.1
HIGHEST WIND SPEED/DIRECTION    28/230    DATE  04/20
HIGHEST GUST SPEED/DIRECTION    39/220    DATE  04/20

SKY COVER
POSSIBLE SUNSHINE (PERCENT)   MM
AVERAGE SKY COVER           0.30

AVERAGE RH (PERCENT)     67

WEATHER CONDITIONS. NUMBER OF DAYS WITH
THUNDERSTORM              1     MIXED PRECIP               0
HEAVY RAIN                6     RAIN                       6
LIGHT RAIN               14     FREEZING RAIN              0
LT FREEZING RAIN          0     HAIL                       0
HEAVY SNOW                0     SNOW                       0
LIGHT SNOW                0     SLEET                      0
FOG                      13     FOG W/VIS <= 1/4 MILE      3
HAZE                      0

-  INDICATES NEGATIVE NUMBERS.
R  INDICATES RECORD WAS SET OR TIED.
MM INDICATES DATA IS MISSING.
T  INDICATES TRACE AMOUNT.

$$
