000
CXUS52 KAKQ 011037
CLMECG


CLIMATE REPORT
NATIONAL WEATHER SERVICE WAKEFIELD, VA
628 AM EDT WED NOV 1 2017

...................................

...THE ELIZABETH CITY NC CLIMATE SUMMARY FOR THE MONTH OF OCTOBER 2017...

CLIMATE NORMAL PERIOD 1981 TO 2010
CLIMATE RECORD PERIOD 1934 TO 2017

WEATHER         OBSERVED          NORMAL  DEPART  LAST YEAR`S
                 VALUE   DATE(S)  VALUE   FROM    VALUE  DATE(S)
                                          NORMAL
................................................................
TEMPERATURE (F)
RECORD
 HIGH              95   10/06/1954
                        10/07/1941
 LOW               26   10/29/1976
                        10/27/1962
HIGHEST            88   10/10        77      11       85  10/19
                        10/08
LOWEST             38   10/27        58     -20       40  10/23
AVG. MAXIMUM     76.3              72.5     3.8     74.4
AVG. MINIMUM     56.9              52.3     4.6     55.9
MEAN             66.6              62.4     4.2     65.1
DAYS MAX >= 90      0               0.1    -0.1        0
DAYS MAX <= 32      0               0.0     0.0        0
DAYS MIN <= 32      0               0.4    -0.4        0
DAYS MIN <= 0       0               0.0     0.0        0

PRECIPITATION (INCHES)
RECORD
 MAXIMUM           MM   MM
 MINIMUM           MM   MM
TOTALS           3.06              3.07   -0.01    10.28
DAILY AVG.       0.10              0.10    0.00     0.33
DAYS >= .01        11               9.9     1.1        5
DAYS >= .10         4               4.3    -0.3        4
DAYS >= .50         1               1.6    -0.6        3
DAYS >= 1.00        1               1.1    -0.1        2
GREATEST
 24 HR. TOTAL    2.19   10/29 TO 10/29

SNOWFALL (INCHES)
RECORDS
 TOTAL             MM   MM
TOTALS            0.0
SINCE 7/1         0.0                MM      MM      0.0
SNOWDEPTH AVG.      0                MM      MM        0
DAYS >= 1.0         0                MM      MM        0
GREATEST
 SNOW DEPTH         0   MM                             0  MM
 24 HR TOTAL      0.0   10/31 TO 10/31           10/31 TO 10/31
                                                          10/31 TO 10/31
                                                          10/31 TO 10/31

DEGREE_DAYS
HEATING TOTAL      77               139     -62       95
 SINCE 7/1         77               151     -74       95
COOLING TOTAL     134                59      75      110
 SINCE 1/1       1951              1581     370     1945
..................................................

WIND (MPH)
AVERAGE WIND SPEED              8.2
HIGHEST WIND SPEED/DIRECTION    29/250    DATE  10/29
HIGHEST GUST SPEED/DIRECTION    39/260    DATE  10/29

SKY COVER
POSSIBLE SUNSHINE (PERCENT)   MM
AVERAGE SKY COVER           0.40

AVERAGE RH (PERCENT)     79

WEATHER CONDITIONS. NUMBER OF DAYS WITH
THUNDERSTORM              0     MIXED PRECIP               0
HEAVY RAIN                4     RAIN                       5
LIGHT RAIN               12     FREEZING RAIN              0
LT FREEZING RAIN          0     HAIL                       0
HEAVY SNOW                0     SNOW                       0
LIGHT SNOW                0     SLEET                      0
FOG                      18     FOG W/VIS <= 1/4 MILE      6
HAZE                      0

-  INDICATES NEGATIVE NUMBERS.
R  INDICATES RECORD WAS SET OR TIED.
MM INDICATES DATA IS MISSING.
T  INDICATES TRACE AMOUNT.

$$
