000
CXUS52 KAKQ 131943
CLMECG


CLIMATE REPORT
NATIONAL WEATHER SERVICE WAKEFIELD, VA
234 PM EST SAT JAN 13 2018

...................................

...THE ELIZABETH CITY NC CLIMATE SUMMARY FOR THE MONTH OF DECEMBER 2017...

CLIMATE NORMAL PERIOD 1981 TO 2010
CLIMATE RECORD PERIOD 1934 TO 2018

WEATHER         OBSERVED          NORMAL  DEPART  LAST YEAR`S
                 VALUE   DATE(S)  VALUE   FROM    VALUE  DATE(S)
                                          NORMAL
................................................................
TEMPERATURE (F)
RECORD
 HIGH              81   12/03/1991
                        12/09/1978
 LOW                5   12/25/1989
HIGHEST            69   12/23        59      10       79  12/18
LOWEST             20   12/29        43     -23       22  12/16
                                                          12/10
AVG. MAXIMUM     53.0              54.2    -1.2     54.9
AVG. MINIMUM     35.2              34.6     0.6     35.5
MEAN             44.1              44.4    -0.3     45.2
DAYS MAX >= 90      0               0.0     0.0        0
DAYS MAX <= 32      1               0.1     0.9        0
DAYS MIN <= 32     12              13.9    -1.9        9
DAYS MIN <= 0       0               0.0     0.0        0

PRECIPITATION (INCHES)
RECORD
 MAXIMUM         8.25   2003
 MINIMUM         0.94   2011
TOTALS           3.06              2.56    0.50     2.67
DAILY AVG.       0.10              0.08    0.02     0.09
DAYS >= .01        11               9.6     1.4       12
DAYS >= .10         5               5.7    -0.7        7
DAYS >= .50         2               2.0     0.0        0
DAYS >= 1.00        1               0.8     0.2        0
GREATEST
 24 HR. TOTAL    1.30   12/08 TO 12/08

SNOWFALL (INCHES)
RECORDS
 TOTAL              T   2016
                        2009
                        2003
TOTALS              TR
SINCE 7/1           T                MM      MM        T
SNOWDEPTH AVG.      0                MM      MM        0
DAYS >= 1.0         0                MM      MM        0
GREATEST
 SNOW DEPTH         0   MM                             0  MM
 24 HR TOTAL        T   12/27 TO 12/27           12/19 TO 12/19
                                                          12/19 TO 12/19
                                                          12/19 TO 12/19

DEGREE_DAYS
HEATING TOTAL     642               640       2      605
 SINCE 7/1       1076              1155     -79     1095
COOLING TOTAL       0                 2      -2        0
 SINCE 1/1       1961              1590     371     1954
..........................................................

WIND (MPH)
AVERAGE WIND SPEED              8.7
HIGHEST WIND SPEED/DIRECTION    28/290    DATE  12/12
HIGHEST GUST SPEED/DIRECTION    40/300    DATE  12/12

SKY COVER
POSSIBLE SUNSHINE (PERCENT)   MM
AVERAGE SKY COVER           0.40

AVERAGE RH (PERCENT)     75

WEATHER CONDITIONS. NUMBER OF DAYS WITH
THUNDERSTORM              0     MIXED PRECIP               0
HEAVY RAIN                2     RAIN                       4
LIGHT RAIN               11     FREEZING RAIN              0
LT FREEZING RAIN          0     HAIL                       0
HEAVY SNOW                0     SNOW                       0
LIGHT SNOW                1     SLEET                      0
FOG                      15     FOG W/VIS <= 1/4 MILE      2
HAZE                      1

-  INDICATES NEGATIVE NUMBERS.
R  INDICATES RECORD WAS SET OR TIED.
MM INDICATES DATA IS MISSING.
T  INDICATES TRACE AMOUNT.

$$
