000
CXUS56 KEKA 021947
CLMEKA

CLIMATE REPORT
NATIONAL WEATHER SERVICE EUREKA CA
1145 AM PST THU MAR 2 2017

...................................

...THE EUREKA CA CLIMATE SUMMARY FOR THE MONTH OF FEBRUARY 2017...

CLIMATE NORMAL PERIOD 1981 TO 2010
CLIMATE RECORD PERIOD 1886 TO 2017

WEATHER         OBSERVED          NORMAL  DEPART  LAST YEAR`S
                 VALUE   DATE(S)  VALUE   FROM    VALUE
                                          NORMAL
.............................................................
TEMPERATURE (F)
RECORD
 HIGH              85   02/17/1930
 LOW               24   02/04/1899
HIGHEST            68   02/15                MM
LOWEST             33   02/24                MM
AVG. MAXIMUM     55.7                      -0.4
AVG. MINIMUM     43.2                       1.5
MEAN             49.5                       0.6

PRECIPITATION (INCHES)
RECORD
 MAXIMUM        19.49   1902
 MINIMUM         0.50   1923
TOTALS          11.10              5.63    5.47
DAYS >= .01        23              14.9     8.1       11
DAYS >= .10        21              10.1    10.9        6
DAYS >= .50         9               4.2     4.8        2
DAYS >= 1.00        2               1.1     0.9        0
GREATEST
 24 HR. TOTAL    1.15   02/15 TO 02/16

SNOWFALL (INCHES)
 LIQUID 7/1         T                        MM

DEGREE_DAYS
HEATING TOTAL     428               451     -23      396
 SINCE 7/1       2889              2922     -33     2410
COOLING TOTAL       0                 0       0        0
 SINCE 1/1          0                 0       0        0
..............................................................

WIND (MPH)
AVERAGE WIND SPEED              6.8
HIGHEST WIND SPEED/DIRECTION    25/MM     DATE   MM
HIGHEST GUST SPEED/DIRECTION    48/220    DATE  02/07

SKY COVER
POSSIBLE SUNSHINE (PERCENT)    0
AVERAGE SKY COVER           0.90
NUMBER OF DAYS FAIR            2
NUMBER OF DAYS PC              2
NUMBER OF DAYS CLOUDY         24


WEATHER CONDITIONS. NUMBER OF DAYS WITH
THUNDERSTORM              0     HEAVY RAIN                 1
RAIN                      8     LIGHT RAIN                25
HAIL                      1     SLEET                      1
FOG                      16     FOG W/VIS <= 1/4 MILE      0
HAZE                      0

-  INDICATES NEGATIVE NUMBERS.
R  INDICATES RECORD WAS SET OR TIED.
MM INDICATES DATA IS MISSING.
T  INDICATES TRACE AMOUNT.

&&

TOTAL RAINFALL............... 11.10 DEPARTURE FROM NORMAL.....+ 5.47
TOTAL SINCE JANUARY 1ST...... 21.61 DEPARTURE FROM NORMAL.....+ 9.48
TOTAL SINCE OCT 1ST.......... 47.38 DEPARTURE FROM NORMAL.....+19.28

HIGHEST SLP......... 30.40 ON 28 LOWEST SLP........29.29 ON 17

...REMARKS...ALTHOUGH IT RAINED ON ALL BUT THREE DAYS DURING THE
MONTH, NO RECORDS WERE SET OTHER THAN THIS BEING THE NINTH WETTEST
FEBRUARY ON RECORD. ALSO, CONTRARY TO ALL THE LOCAL CHATTER ABOUT
FROSTY MORNINGS, HAVING TO SCRAPE CAR WINDOWS, BRINGING TENDER
PLANTS INDOORS, AND "THIS SURE HAS BEEN A COLD MONTH THIS YEAR,"
FEBRUARY ACTUALLY ENDED UP BEING 6/10THS OF A DEGREE WARMER IN
AVERAGE TEMPERATURE. EVEN MORE ODD IS THAT THE AVERAGE MINIMUM
TEMPERATURE WAS A FULL 1.5 DEGREES WARMER THAN NORMAL AND THE
AVERAGE HIGH TEMPERATURE WAS ONLY SLIGHTLY COOLER THAN NORMAL (0.6
DEGREES).

$$
