000
CXUS54 KEPZ 030344 CCA
CLMELP

CLIMATE REPORT...COR 24 HR TOTAL
NATIONAL WEATHER SERVICE EL PASO, TX
514 AM MDT SUN OCT 1 2017

...................................

...THE EL PASO CLIMATE SUMMARY FOR THE MONTH OF SEPTEMBER 2017...

CLIMATE NORMAL PERIOD 1981 TO 2010
CLIMATE RECORD PERIOD 1879 TO 2017

WEATHER         OBSERVED          NORMAL  DEPART  LAST YEAR`S
                 VALUE   DATE(S)  VALUE   FROM    VALUE  DATE(S)
                                          NORMAL
................................................................
TEMPERATURE (F)
RECORD
 HIGH             104   09/01/1982
 LOW               41   09/30/1945
HIGHEST           100   09/13        91       9       97  09/19
LOWEST             60   09/26        57       3       55  09/26
AVG. MAXIMUM     90.5              87.6     2.9     87.5
AVG. MINIMUM     67.4              63.3     4.1     65.7
MEAN             78.9              75.4     3.5     76.6
DAYS MAX >= 90     21              11.7     9.3       15
DAYS MAX <= 32      0               0.0     0.0        0
DAYS MIN <= 32      0               0.0     0.0        0
DAYS MIN <= 0       0               0.0     0.0        0

PRECIPITATION (INCHES)
RECORD
 MAXIMUM         6.68
 MINIMUM         0.00
TOTALS           1.16              1.51   -0.35     2.12
DAYS >= .01         3                                  6
DAYS >= .10         2                                  4
DAYS >= .50         1                                  1
DAYS >= 1.00        0                                  0
GREATEST
 24 HR. TOTAL    1.04   09/27 TO 09/28
 STORM TOTAL       MM
 (MM/DD(HH))            MM

DEGREE_DAYS
HEATING TOTAL       0                 4      -4        5
 SINCE 7/1          0                 4      -4        5
COOLING TOTAL     425               317     108      360
 SINCE 1/1       2712              2246     466     2584

FREEZE DATES
RECORD
 EARLIEST     10/16/1880
 LATEST       05/02/1967
EARLIEST                        12/06
LATEST                          02/07
.................................................................

WIND (MPH)
AVERAGE WIND SPEED              8.0
HIGHEST WIND SPEED/DIRECTION    31/070    DATE  09/08
HIGHEST GUST SPEED/DIRECTION    41/350    DATE  09/13

SKY COVER
POSSIBLE SUNSHINE (PERCENT)   MM
AVERAGE SKY COVER           0.40
NUMBER OF DAYS FAIR           18
NUMBER OF DAYS PC              9
NUMBER OF DAYS CLOUDY          3

AVERAGE RH (PERCENT)     41

WEATHER CONDITIONS. NUMBER OF DAYS WITH
THUNDERSTORM              5     MIXED PRECIP               0
HEAVY RAIN                1     RAIN                       1
LIGHT RAIN                8     FREEZING RAIN              0
LT FREEZING RAIN          0     HAIL                       0
HEAVY SNOW                0     SNOW                       0
LIGHT SNOW                0     SLEET                      0
FOG                       3     FOG W/VIS <= 1/4 MILE      0
HAZE                      6

-  INDICATES NEGATIVE NUMBERS.
R  INDICATES RECORD WAS SET OR TIED.
MM INDICATES DATA IS MISSING.
T  INDICATES TRACE AMOUNT.

$$
