000
CXUS55 KLKN 011020
CLMELY


CLIMATE REPORT
NATIONAL WEATHER SERVICE ELKO NV
312 AM PDT WED NOV 1  2017

...................................

...THE ELY AIRPORT NV CLIMATE SUMMARY FOR THE MONTH OF OCTOBER 2017...

CLIMATE NORMAL PERIOD 1981 TO 2010
CLIMATE RECORD PERIOD 1893 TO 2017

WEATHER         OBSERVED          NORMAL  DEPART  LAST YEAR`S
                 VALUE   DATE(S)  VALUE   FROM    VALUE  DATE(S)
                                          NORMAL
................................................................
TEMPERATURE (F)
RECORD
 HIGH              86   10/01/2010
 LOW               -3   10/31/1991
                        10/30/1971
HIGHEST            76   10/17        78      -2       74  10/21
                                                          10/14
                                                          10/09
LOWEST             11   10/15        12      -1       15  10/19
AVG. MAXIMUM     64.9              62.5     2.4     65.8
AVG. MINIMUM     24.1              28.0    -3.9     33.1
MEAN             44.5              45.3    -0.8     49.4
DAYS MAX >= 90      0               0.0     0.0        0
DAYS MAX <= 32      0               0.1    -0.1        0
DAYS MIN <= 32     27              22.8     4.2       15
DAYS MIN <= 0       0               0.1    -0.1        0

PRECIPITATION (INCHES)
RECORD
 MAXIMUM         3.67   1981
 MINIMUM         0.00   1952
                        1893
TOTALS           0.04              1.00   -0.96     0.11
DAILY AVG.       0.00              0.03   -0.03     0.00
DAYS >= .01         2               5.4    -3.4        3
DAYS >= .10         0               2.9    -2.9        0
DAYS >= .50         0               0.4    -0.4        0
DAYS >= 1.00        0               0.0     0.0        0
GREATEST
 24 HR. TOTAL    0.02   10/04 TO 10/04              0.08

SNOWFALL (INCHES)
RECORDS
 TOTAL           15.0   1899
TOTALS            0.0               3.0    -3.0        T
SINCE 7/1         5.0               3.4     1.6        T
SNOWDEPTH AVG.      0                                  0
DAYS >= TRACE       0               1.7    -1.7        1
DAYS >= 1.0         0               0.9    -0.9        0
GREATEST
 SNOW DEPTH         0   MM                             0
 24 HR TOTAL      0.0   10/31 TO 10/31                 T

DEGREE_DAYS
HEATING TOTAL     627               612      15      476
 SINCE 7/1        923               928      -5      748
COOLING TOTAL       0                 0       0        0
 SINCE 1/1        433               218     215      267
.................................................................

WIND (MPH)
AVERAGE WIND SPEED              9.4
HIGHEST WIND SPEED/DIRECTION    30/290    DATE  10/20
HIGHEST GUST SPEED/DIRECTION    41/330    DATE  10/08

AVERAGE RH (PERCENT)     39

WEATHER CONDITIONS. NUMBER OF DAYS WITH
THUNDERSTORM              0     MIXED PRECIP               0
HEAVY RAIN                0     RAIN                       0
LIGHT RAIN                4     FREEZING RAIN              0
LT FREEZING RAIN          0     HAIL                       0
HEAVY SNOW                0     SNOW                       0
LIGHT SNOW                0     SLEET                      0
FOG                       1     FOG W/VIS <= 1/4 MILE      0
HAZE                      2

-  INDICATES NEGATIVE NUMBERS.
R  INDICATES RECORD WAS SET OR TIED.
MM INDICATES DATA IS MISSING.
T  INDICATES TRACE AMOUNT.

 &&

=====================================================================

...TIED 6TH DRIEST OCTOBER ON RECORD IN ELY...
...TIED LEAST SNOWY OCTOBER ON RECORD IN ELY...

A RECORD DAILY MINIMUM TEMP OF 11 WAS TIED ON THE 15TH.
A RECORD DAILY MAXIMUM TEMP OF 74 WAS TIED ON THE 29TH.
$$

DS
