000
CXUS55 KLKN 011902
CLMELY


CLIMATE REPORT
NATIONAL WEATHER SERVICE ELKO NV
1047 AM PST MON JAN 1 2018

...................................

...THE ELY AIRPORT NV CLIMATE SUMMARY FOR THE MONTH OF DECEMBER 2017...

CLIMATE NORMAL PERIOD 1981 TO 2010
CLIMATE RECORD PERIOD 1893 TO 2017

WEATHER         OBSERVED          NORMAL  DEPART  LAST YEAR`S
                 VALUE   DATE(S)  VALUE   FROM    VALUE  DATE(S)
                                          NORMAL
................................................................
TEMPERATURE (F)
RECORD
 HIGH              68   12/03/1910
                        12/01/1910
 LOW              -29   12/22/1990
HIGHEST            62   12/29        57       5       55  12/14
LOWEST             -2   12/22        -9       7      -18  12/26
                        12/21
AVG. MAXIMUM     48.6              39.5     9.1     39.6
AVG. MINIMUM     11.1              11.0     0.1     10.6
MEAN             29.9              25.3     4.6     25.1
DAYS MAX >= 90      0               0.0     0.0        0
DAYS MAX <= 32      2               6.7    -4.7        6
DAYS MIN <= 32     31              30.3     0.7       30
DAYS MIN <= 0       2               5.1    -3.1        6

PRECIPITATION (INCHES)
RECORD
 MAXIMUM         3.33   2010
 MINIMUM            T   1976
                        1962
                        1900
TOTALS           0.18              0.59   -0.41     1.17
DAILY AVG.       0.01              0.02   -0.01     0.04
DAYS >= .01         2               6.3    -4.3        5
DAYS >= .10         1               1.9    -0.9        3
DAYS >= .50         0               0.1    -0.1        1
DAYS >= 1.00        0               0.0     0.0        0
GREATEST
 24 HR. TOTAL    0.14   12/20 TO 12/20              0.53

SNOWFALL (INCHES)
RECORDS
 TOTAL           29.8   2010
TOTALS            1.5               8.4    -6.9      9.1
SINCE 7/1         6.5              17.9   -11.4     15.0
SNOWDEPTH AVG.      0                                  1
DAYS >= TRACE       4               5.7    -1.7        9
DAYS >= 1.0         0               2.3    -2.3        2
GREATEST
 SNOW DEPTH         1   12/22                          7
                        12/21
                        12/16
 24 HR TOTAL      0.8   12/20 TO 12/20               7.0

DEGREE_DAYS
HEATING TOTAL    1085              1232    -147     1227
 SINCE 7/1       2729              3100    -371     2780
COOLING TOTAL       0                 0       0        0
 SINCE 1/1        433               218     215      267
.................................................................

WIND (MPH)
AVERAGE WIND SPEED              9.3
HIGHEST WIND SPEED/DIRECTION    38/290    DATE  12/03
HIGHEST GUST SPEED/DIRECTION    53/220    DATE  12/03

AVERAGE RH (PERCENT)     49

WEATHER CONDITIONS. NUMBER OF DAYS WITH
THUNDERSTORM              0     MIXED PRECIP               0
HEAVY RAIN                0     RAIN                       0
LIGHT RAIN                0     FREEZING RAIN              0
LT FREEZING RAIN          0     HAIL                       0
HEAVY SNOW                0     SNOW                       2
LIGHT SNOW                4     SLEET                      0
FOG                       3     FOG W/VIS <= 1/4 MILE      1
HAZE                      2

-  INDICATES NEGATIVE NUMBERS.
R  INDICATES RECORD WAS SET OR TIED.
MM INDICATES DATA IS MISSING.
T  INDICATES TRACE AMOUNT.

&&

=====================================================================

A RECORD DAILY MAXIMUM TEMP OF 60 DEGREES WAS TIED ON THE 15TH.
A RECORD DAILY MAXIMUM TEMP OF 59 DEGREES WAS SET ON THE 28TH.
A RECORD DAILY MAXIMUM TEMP OF 62 DEGREES WAS SET ON THE 29TH.

$$

DS
