000
CXUS56 KPQR 011620
CLMEUG


CLIMATE REPORT
NATIONAL WEATHER SERVICE PORTLAND OREGON
920 AM PDT SUN OCT 1 2017

...................................

...THE EUGENE OR CLIMATE SUMMARY FOR THE MONTH OF SEPTEMBER 2017...

CLIMATE NORMAL PERIOD 1981 TO 2010
CLIMATE RECORD PERIOD 1892 TO 2017

WEATHER         OBSERVED          NORMAL  DEPART  LAST YEAR`S
                 VALUE   DATE(S)  VALUE   FROM    VALUE  DATE(S)
                                          NORMAL
................................................................
TEMPERATURE (F)
HIGHEST            96                                 91  09/26
LOWEST             40                                 40  09/15
AVG. MAXIMUM     77.2              76.9     0.3     76.8
AVG. MINIMUM     49.6              47.0     2.6     46.3
MEAN             63.4              61.9     1.5     61.6
DAYS MAX >= 90      6               2.0     4.0        2
DAYS MAX <= 32      0               0.0     0.0        0
DAYS MIN <= 32      0               0.1    -0.1        0
DAYS MIN <= 0       0               0.0     0.0        0

PRECIPITATION (INCHES)
RECORD
 MAXIMUM         7.08   2013
 MINIMUM         0.00   1999
TOTALS           1.05              1.29   -0.24     0.78
DAYS >= .01         7               5.4     1.6        5
DAYS >= .10         4               3.2     0.8        1
DAYS >= .50         0               0.9    -0.9        1
DAYS >= 1.00        0               0.2    -0.2        0
GREATEST
 24 HR. TOTAL    0.42   09/19 TO 09/19

DEGREE_DAYS
HEATING TOTAL     115               121      -6      105
 SINCE 7/1        131               188     -57      128
COOLING TOTAL      74                30      44       10
 SINCE 1/1        376               238     138      323
.................................................................

WIND (MPH)
AVERAGE WIND SPEED              6.4
RESULTANT WIND SPEED/DIRECTION   1/281
HIGHEST WIND SPEED/DIRECTION    24/210    DATE  09/18
HIGHEST GUST SPEED/DIRECTION    31/240    DATE  09/18

SKY COVER
POSSIBLE SUNSHINE (PERCENT)   MM
AVERAGE SKY COVER           0.60
NUMBER OF DAYS FAIR            9
NUMBER OF DAYS PC             12
NUMBER OF DAYS CLOUDY          9

AVERAGE RH (PERCENT)     68

WEATHER CONDITIONS. NUMBER OF DAYS WITH
THUNDERSTORM              0     MIXED PRECIP               0
HEAVY RAIN                1     RAIN                       4
LIGHT RAIN                8     FREEZING RAIN              0
LT FREEZING RAIN          0     HAIL                       0
HEAVY SNOW                0     SNOW                       0
LIGHT SNOW                0     SLEET                      0
FOG                      17     FOG W/VIS <= 1/4 MILE      2
HAZE                     12

-  INDICATES NEGATIVE NUMBERS.
R  INDICATES RECORD WAS SET OR TIED.
MM INDICATES DATA IS MISSING.
T  INDICATES TRACE AMOUNT.

$$
