712
CXUS53 KPAH 011308
CLMEVV

CLIMATE REPORT
NATIONAL WEATHER SERVICE PADUCAH KY
757 AM CDT SUN OCT 1 2017

...................................

...THE EVANSVILLE ASOS CLIMATE SUMMARY FOR THE MONTH OF SEPTEMBER 2017...

CLIMATE NORMAL PERIOD 1981 TO 2010
CLIMATE RECORD PERIOD 1896 TO 2017

WEATHER         OBSERVED          NORMAL  DEPART  LAST YEAR`S
                 VALUE   DATE(S)  VALUE   FROM    VALUE  DATE(S)
                                          NORMAL
................................................................
TEMPERATURE (F)
RECORD
 HIGH             104   09/06/1925
 LOW               31   09/29/1942
                        09/28/1942
HIGHEST            92   09/26        81      11       95  09/07
                        09/21
LOWEST             46   09/07        58     -12       48  09/27
AVG. MAXIMUM     82.1              81.3     0.8     85.7
AVG. MINIMUM     59.5              56.8     2.7     61.9
MEAN             70.8              69.1     1.7     73.8
DAYS MAX >= 90      6               4.1     1.9       13
DAYS MAX <= 32      0               0.0     0.0        0
DAYS MIN <= 32      0               0.0     0.0        0
DAYS MIN <= 0       0               0.0     0.0        0

PRECIPITATION (INCHES)
RECORD
 MAXIMUM         9.89   1945
 MINIMUM         0.09   2004
TOTALS           3.24              3.05    0.19     4.01
DAILY AVG.       0.11              0.10    0.01     0.13
DAYS >= .01         7               7.4    -0.4       10
DAYS >= .10         4               4.8    -0.8        6
DAYS >= .50         2               1.9     0.1        3
DAYS >= 1.00        1               0.9     0.1        1
GREATEST
 24 HR. TOTAL    1.51   09/18 TO 09/18
 STORM TOTAL       MM
 (MM/DD(HH))            MM

DEGREE_DAYS
HEATING TOTAL      15                46     -31        9
 SINCE 7/1         15                47     -32        9
COOLING TOTAL     198               167      31      281
 SINCE 1/1       1488              1366     122     1667
.................................................................

WIND (MPH)
AVERAGE WIND SPEED              4.9
HIGHEST WIND SPEED/DIRECTION    29/240    DATE  09/04
HIGHEST GUST SPEED/DIRECTION    36/230    DATE  09/04

SKY COVER
POSSIBLE SUNSHINE (PERCENT)   MM
AVERAGE SKY COVER           0.20
NUMBER OF DAYS FAIR           23
NUMBER OF DAYS PC              4
NUMBER OF DAYS CLOUDY          3

AVERAGE RH (PERCENT)     69

WEATHER CONDITIONS. NUMBER OF DAYS WITH
THUNDERSTORM              0     MIXED PRECIP               0
HEAVY RAIN                4     RAIN                       5
LIGHT RAIN                9     FREEZING RAIN              0
LT FREEZING RAIN          0     HAIL                       0
HEAVY SNOW                0     SNOW                       0
LIGHT SNOW                0     SLEET                      0
FOG                      18     FOG W/VIS <= 1/4 MILE      3
HAZE                      3

-  INDICATES NEGATIVE NUMBERS.
R  INDICATES RECORD WAS SET OR TIED.
MM INDICATES DATA IS MISSING.
T  INDICATES TRACE AMOUNT.

$$
