000
CXUS51 KOKX 011459
CLMEWR

CLIMATE REPORT
NATIONAL WEATHER SERVICE NEW YORK NY
1059 AM EDT FRI AUG 1 2014

...................................

...THE NEWARK NJ CLIMATE SUMMARY FOR THE MONTH OF JULY 2014...

CLIMATE NORMAL PERIOD 1981 TO 2010
CLIMATE RECORD PERIOD 1929 TO 2014

WEATHER         OBSERVED          NORMAL  DEPART  LAST YEAR`S
                 VALUE   DATE(S)  VALUE   FROM    VALUE  DATE(S)
                                          NORMAL
................................................................
TEMPERATURE (F)
RECORD
 HIGH             108   07/22/2011
 LOW               51   07/04/1933
HIGHEST            96   07/02        MM      MM      101  07/18
LOWEST             61   07/06        MM      MM       64  07/25
AVG. MAXIMUM     86.0              86.0     0.0     88.6
AVG. MINIMUM     68.0              68.7    -0.7     73.2
MEAN             77.0              77.4    -0.4     80.9
DAYS MAX >= 90      8               8.5    -0.5       15
DAYS MAX <= 32      0               0.0     0.0        0
DAYS MIN <= 32      0               0.0     0.0        0
DAYS MIN <= 0       0               0.0     0.0        0

PRECIPITATION (INCHES)
RECORD
 MAXIMUM        19.09   1897
 MINIMUM         0.84   1932
TOTALS           5.10              4.76    0.34     3.74
DAILY AVG.       0.16              0.15    0.01     0.12
DAYS >= .01        11              10.1     0.9        9
DAYS >= .10         9               6.8     2.2        7
DAYS >= .50         4               3.0     1.0        3
DAYS >= 1.00        2               1.5     0.5        1
GREATEST
 24 HR. TOTAL    1.45   07/03 TO 07/04           07/01 TO 07/01
                                                          07/31 TO 07/31
                                                          07/31 TO 07/31
 STORM TOTAL       MM                                 MM
 (MM/DD(HH))            MM                    07/01(00) TO 07/01(00)
                                                 07/31(00) TO 07/31(00)1
                                                 07/31(00) TO 07/31(00)1

DEGREE_DAYS
HEATING TOTAL       0                 0       0        0
 SINCE 7/1          0                 0       0        0
COOLING TOTAL     381               383      -2      499
 SINCE 1/1        689               698      -9      864
..................................................

WIND (MPH)
AVERAGE WIND SPEED              8.7
HIGHEST WIND SPEED/DIRECTION    30/250    DATE  07/23
HIGHEST GUST SPEED/DIRECTION    45/MM     DATE   MM


WEATHER CONDITIONS. NUMBER OF DAYS WITH
THUNDERSTORM              0     MIXED PRECIP               0
HEAVY RAIN                6     RAIN                       7
LIGHT RAIN               16     FREEZING RAIN              0
LT FREEZING RAIN          0     HAIL                       0
HEAVY SNOW                0     SNOW                       0
LIGHT SNOW                0     SLEET                      0
FOG                       8     FOG W/VIS <= 1/4 MILE      0
HAZE                      2

-  INDICATES NEGATIVE NUMBERS.
R  INDICATES RECORD WAS SET OR TIED.
MM INDICATES DATA IS MISSING.
T  INDICATES TRACE AMOUNT.

$$
