000
CXUS53 KIND 011515
CLMEYE


CLIMATE REPORT
NATIONAL WEATHER SERVICE INDIANAPOLIS IN
1115 AM EDT FRI APR 1 2016

...................................

...THE INDIANAPOLIS EAGLE CREEK IN CLIMATE SUMMARY FOR THE MONTH OF MARCH 2016...

CLIMATE NORMAL PERIOD 1981 TO 2010
CLIMATE RECORD PERIOD 9999 TO 9999

WEATHER         OBSERVED          NORMAL  DEPART  LAST YEAR`S
                 VALUE   DATE(S)  VALUE   FROM    VALUE  DATE(S)
                                          NORMAL
................................................................
TEMPERATURE (F)
HIGHEST            75   03/27                         73  03/16
LOWEST             20   03/02                          1  03/06
AVG. MAXIMUM     58.1              51.5     6.6     47.8
AVG. MINIMUM     40.1              33.4     6.7     29.1
MEAN             49.1              42.4     6.7     38.4
DAYS MAX >= 90      0               0.0     0.0        0
DAYS MAX <= 32      0               1.1    -1.1        3
DAYS MIN <= 32      8              14.5    -6.5       19
DAYS MIN <= 0       0               0.0     0.0        0

PRECIPITATION (INCHES)
TOTALS           2.44              3.30   -0.86     3.07
DAILY AVG.       0.08              0.11   -0.03     0.10
DAYS >= .01         9                MM      MM       12
DAYS >= .10         6                MM      MM        6
DAYS >= .50         2                MM      MM        1
DAYS >= 1.00        0                MM      MM        0
GREATEST
 24 HR. TOTAL    0.77   03/24 TO 03/24

DEGREE_DAYS
HEATING TOTAL     486               700    -214      817
 SINCE 7/1       3999              4825    -826     5503
COOLING TOTAL       0                 1      -1        0
 SINCE 1/1          0                 1      -1        0
.................................................................

WIND (MPH)
AVERAGE WIND SPEED              7.9
HIGHEST WIND SPEED/DIRECTION    36/310    DATE  03/27
HIGHEST GUST SPEED/DIRECTION    47/310    DATE  03/27

SKY COVER
POSSIBLE SUNSHINE (PERCENT)   MM
AVERAGE SKY COVER           0.50
NUMBER OF DAYS FAIR           12
NUMBER OF DAYS PC              9
NUMBER OF DAYS CLOUDY         10

AVERAGE RH (PERCENT)     67

WEATHER CONDITIONS. NUMBER OF DAYS WITH
THUNDERSTORM              4     MIXED PRECIP               0
HEAVY RAIN                6     RAIN                       9
LIGHT RAIN               16     FREEZING RAIN              0
LT FREEZING RAIN          0     HAIL                       0
HEAVY SNOW                0     SNOW                       0
LIGHT SNOW                1     SLEET                      0
FOG                      14     FOG W/VIS <= 1/4 MILE      1
HAZE                      2

-  INDICATES NEGATIVE NUMBERS.
R  INDICATES RECORD WAS SET OR TIED.
MM INDICATES DATA IS MISSING.
T  INDICATES TRACE AMOUNT.

$$
