515
CXAK59 PAFG 020115
CLMFAI


CLIMATE REPORT
NATIONAL WEATHER SERVICE FAIRBANKS, AK
409 PM AKST THU DEC 1 2016

...................................

...THE FAIRBANKS CLIMATE SUMMARY FOR THE MONTH OF NOVEMBER 2016...

CLIMATE NORMAL PERIOD 1981 TO 2010
CLIMATE RECORD PERIOD 1904 TO 2016

WEATHER         OBSERVED          NORMAL  DEPART  LAST YEAR`S
                 VALUE   DATE(S)  VALUE   FROM    VALUE  DATE(S)
                                          NORMAL
................................................................
TEMPERATURE (F)
RECORD
 HIGH              54   11/25/1936
 LOW              -54   11/29/1909
HIGHEST            32   11/01        34      -2       35  11/27
LOWEST            -31   11/29       -28      -3      -27  11/19
                                                          11/18
AVG. MAXIMUM     11.0              10.9     0.1     16.9
AVG. MINIMUM     -3.7              -5.7     2.0      1.3
MEAN              3.7               2.6     1.1      9.1
DAYS MAX >= 90      0               0.0     0.0        0
DAYS MAX <= 32     30              28.0     2.0       28
DAYS MIN <= 32     30              30.0     0.0       30
DAYS MIN <= 0      16              19.6    -3.6       13

PRECIPITATION (INCHES)
RECORD
 MAXIMUM         4.65   1906
 MINIMUM            T   1953
TOTALS           0.29              0.67   -0.38     1.78
DAILY AVG.       0.01              0.02   -0.01     0.06
DAYS >= .01         7              10.3    -3.3       17
DAYS >= .10         1               2.1    -1.1        8
DAYS >= .50         0               0.0     0.0        0
DAYS >= 1.00        0               0.0     0.0        0
GREATEST
 24 HR. TOTAL    0.18   11/05 TO 11/06           11/24 TO 11/24
                                                          11/24 TO 11/24
                                                          11/24 TO 11/24

SNOWFALL (INCHES)
RECORDS
 TOTAL           54.0   1970
 24 HR TOTAL     14.6   11/20/1970 TO 11/20/1970
 SNOW DEPTH        42   11/29/1970
TOTALS            4.4              13.2    -8.8     25.4
SINCE 7/1         5.2              25.8   -20.6     50.1
SNOWDEPTH AVG.      2                 7      -5        8
DAYS >= TRACE      15              11.9     3.1       24
DAYS >= 1.0         2               4.6    -2.6        9
GREATEST
 SNOW DEPTH         3   11/30                         15  11/30
                        11/29                             11/29
                        11/28                             11/28
 24 HR TOTAL      1.7   11/05

DEGREE_DAYS
HEATING TOTAL    1832              1872     -40     1670
 SINCE 7/1       3770              4131    -361     3788
COOLING TOTAL       0                 0       0        0
 SINCE 1/1         76                61      15       62
.....................................................

WIND (MPH)
AVERAGE WIND SPEED              2.0
HIGHEST WIND SPEED/DIRECTION    13/050    DATE  11/30
HIGHEST GUST SPEED/DIRECTION    14/040    DATE  11/30

SKY COVER
AVERAGE SKY COVER           0.60


WEATHER CONDITIONS. NUMBER OF DAYS WITH
THUNDERSTORM              0     MIXED PRECIP               0
HEAVY RAIN                0     RAIN                       0
LIGHT RAIN                0     FREEZING RAIN              0
LT FREEZING RAIN          0     HAIL                       0
HEAVY SNOW                0     SNOW                       0
LIGHT SNOW               15     SLEET                      0
FOG                      14     FOG W/VIS <= 1/4 MILE      1
HAZE                      0

-  INDICATES NEGATIVE NUMBERS.
R  INDICATES RECORD WAS SET OR TIED.
MM INDICATES DATA IS MISSING.
T  INDICATES TRACE AMOUNT.

$$
