000
CXUS53 KFGF 011013
CLMFAR

BISCLMFAR 000
TTAA00 KFGF 010957


CLIMATE REPORT
NATIONAL WEATHER SERVICE EASTERN NORTH DAKOTA/GRAND FORKS
412 AM CST WED MAR 1 2017

...................................

...THE FARGO HECTOR INTL AP ND CLIMATE SUMMARY FOR THE MONTH OF FEBRUARY 2017...

CLIMATE NORMAL PERIOD 1981 TO 2010
CLIMATE RECORD PERIOD 1881 TO 2017

WEATHER         OBSERVED          NORMAL  DEPART  LAST YEAR`S
                 VALUE   DATE(S)  VALUE   FROM    VALUE  DATE(S)
                                          NORMAL
................................................................
TEMPERATURE (F)
RECORD
 HIGH              66   02/25/1958
 LOW              -47   02/09/1888
HIGHEST            56   02/19        23      33       55  02/27
LOWEST             -9   02/08         5     -14       -8  02/13
                                                          02/12
AVG. MAXIMUM     32.0              23.7     8.3     31.1
AVG. MINIMUM     16.4               5.6    10.8     16.0
MEAN             24.2              14.6     9.6     23.6
DAYS MAX >= 90      0               0.0     0.0        0
DAYS MAX <= 32     14              19.0    -5.0       15
DAYS MIN <= 32     26              27.4    -1.4       27
DAYS MIN <= 0       3              10.5    -7.5        3

PRECIPITATION (INCHES)
RECORD
 MAXIMUM         2.18   1908
 MINIMUM         0.03   1954
TOTALS           0.79              0.61    0.18     0.30
DAILY AVG.       0.03              0.02    0.01     0.01
DAYS >= .01         7               7.2    -0.2        9
DAYS >= .10         2               2.1    -0.1        0
DAYS >= .50         0               0.1    -0.1        0
DAYS >= 1.00        0               0.0     0.0        0
GREATEST
 24 HR. TOTAL    0.31   02/20 TO 02/20           02/07 TO 02/07
                                                          02/07 TO 02/07
                                                          02/07 TO 02/07
 STORM TOTAL       MM                                 MM
 (MM/DD(HH))            MM                    02/07(00) TO 02/07(00)
                                                 02/07(00) TO 02/07(00)7
                                                 02/07(00) TO 02/07(00)7

SNOWFALL (INCHES)
RECORDS
 TOTAL           19.5   1979
TOTALS            4.2               7.0    -2.8      5.3
SINCE 7/1        29.3              38.0    -8.7     24.3
SNOWDEPTH AVG.      1                 9      -8        2
DAYS >= 1.0         1               2.4    -1.4        3
GREATEST
 SNOW DEPTH         3   02/26                          4  02/15
                                                          02/06
                                                          02/05
 24 HR TOTAL      2.6   MM
 STORM TOTAL       MM                                 MM
 (MM/DD(HH))            MM                    02/07(00) TO 02/07(00)
                                                 02/07(00) TO 02/07(00)7
                                                 02/07(00) TO 02/07(00)7

DEGREE_DAYS
HEATING TOTAL    1135              1410    -275     1195
 SINCE 7/1       5498              6678   -1180     5523
COOLING TOTAL       0                 0       0        0
 SINCE 1/1          0                 0       0        0
........................................................

WIND (MPH)
AVERAGE WIND SPEED              12.0
HIGHEST WIND SPEED/DIRECTION    32/350    DATE  02/07
HIGHEST GUST SPEED/DIRECTION    39/150    DATE  02/19

SKY COVER
POSSIBLE SUNSHINE (PERCENT)   MM
AVERAGE SKY COVER           0.30
NUMBER OF DAYS FAIR           17
NUMBER OF DAYS PC              9
NUMBER OF DAYS CLOUDY          2

AVERAGE RH (PERCENT)     77

WEATHER CONDITIONS. NUMBER OF DAYS WITH
THUNDERSTORM              0     MIXED PRECIP               0
HEAVY RAIN                0     RAIN                       1
LIGHT RAIN                3     FREEZING RAIN              0
LT FREEZING RAIN          0     HAIL                       0
HEAVY SNOW                1     SNOW                       2
LIGHT SNOW                7     SLEET                      0
FOG                       9     FOG W/VIS <= 1/4 MILE      2
HAZE                      3

-  INDICATES NEGATIVE NUMBERS.
R  INDICATES RECORD WAS SET OR TIED.
MM INDICATES DATA IS MISSING.
T  INDICATES TRACE AMOUNT.

&&

REMARKS...

FEBRUARY 2017 AT FARGO WAS THE 7TH WARMEST ON RECORD DATING BACK TO
1881. THE AVERAGE TEMPERATURE WAS 24.2 DEGREES WHICH IS 9.6 DEGREES
ABOVE THE NORMAL 14.6F. THE 24.2F SURPASSED THE 24.0F OF FEB 1935
FOR THE SEVENTH SPOT. MOST OF THE WARMTH OCCURRED DURING AN
UNPRECEDENTED WARM PERIOD WHICH CAUSED DAILY RECORD HIGHS AT FARGO
ON THE 17TH, 19TH AND 20TH WITH 53F, 56F AND 54F DEGREES.

WITH RESPECT TO PRECIPITATION FEB 2017 WAS ABOVE NORMAL WITH 0.79
INCHES MEASURED. THIS WAS 0.18 INCHES ABOVE THE NORMAL OF 0.61
INCHES. AS FOR SNOWFALL, THE 4.2 INCHES MEASURED WAS 2.8 INCHES
BELOW THE NORMAL 7.0 INCHES.

REMEMBER...THIS DATA IS PROVISIONAL AND SUBJECT TO CHANGE. THE FINAL
AND OFFICIAL RECORDS WILL BE AVAILABLE FROM THE FROM THE NATIONAL
CENTERS FOR ENVIRONMENTAL INFORMATION (FORMERLY THE NATIONAL CLIMATE
DATA CENTER).

$$
