000
CXUS55 KFGZ 011538
CLMFLG


CLIMATE REPORT
NATIONAL WEATHER SERVICE FLAGSTAFF, AZ
838 AM MST MON AUG 1 2016

...................................

...THE FLAGSTAFF AZ AIRPORT CLIMATE SUMMARY FOR THE MONTH OF JULY 2016...

CLIMATE NORMAL PERIOD 1981 TO 2010
CLIMATE RECORD PERIOD 1898 TO 2016

WEATHER         OBSERVED          NORMAL  DEPART  LAST YEAR`S
                 VALUE   DATE(S)  VALUE   FROM    VALUE  DATE(S)
                                          NORMAL
................................................................
TEMPERATURE (F)
RECORD
 HIGH              97   07/05/1973
 LOW               32   07/08/1955
                        07/07/1955
                        07/05/1955
HIGHEST            90   07/27                         84  07/03
LOWEST             41   07/12                         37  07/10
AVG. MAXIMUM     82.5              81.2     1.3     77.6
AVG. MINIMUM     51.1              50.9     0.2     49.8
MEAN             66.8              66.1     0.7     63.7
DAYS MAX >= 90      1               1.0     0.0        0
DAYS MAX <= 32      0               0.0     0.0        0
DAYS MIN <= 32      0               0.0     0.0        0
DAYS MIN <= 0       0               0.0     0.0        0

PRECIPITATION (INCHES)
RECORD
 MAXIMUM         7.58   2013
                        1919
 MINIMUM            T   1993
TOTALS           2.59              2.61   -0.02     2.77
DAILY AVG.       0.08              0.08    0.00     0.09
DAYS >= .01        11              11.6    -0.6       13
DAYS >= .10         8               5.7     2.3        6
DAYS >= .50         2               1.4     0.6        3
DAYS >= 1.00        0               0.5    -0.5        0
GREATEST
 24 HR. TOTAL    0.70   07/30 TO 07/31              0.88

SNOWFALL (INCHES)
RECORDS
 TOTAL            0.0   2009
                        2008
                        2007
TOTALS            0.0               0.0              0.0
SINCE 7/1         0.0               0.0     0.0      0.0
SNOWDEPTH AVG.      0                MM      MM        0
GREATEST
 SNOW DEPTH         0   MM                             0  MM
 24 HR TOTAL      0.0   07/31 TO 07/31               0.0

DEGREE_DAYS
HEATING TOTAL      10                32     -22       59
 SINCE 7/1         10                32     -22       59
COOLING TOTAL      72                64       8       26
 SINCE 1/1        124                81      43       76
.................................................................

WIND (MPH)
AVERAGE WIND SPEED              6.7
HIGHEST WIND SPEED/DIRECTION    35/220    DATE  07/10
HIGHEST GUST SPEED/DIRECTION    46/220    DATE  07/10

SKY COVER
POSSIBLE SUNSHINE (PERCENT)   MM
AVERAGE SKY COVER           0.20
NUMBER OF DAYS FAIR           23
NUMBER OF DAYS PC              8
NUMBER OF DAYS CLOUDY          0

AVERAGE RH (PERCENT)     50

WEATHER CONDITIONS. NUMBER OF DAYS WITH
THUNDERSTORM              0     MIXED PRECIP               0
HEAVY RAIN                1     RAIN                       3
LIGHT RAIN               11     FREEZING RAIN              0
LT FREEZING RAIN          0     HAIL                       0
HEAVY SNOW                0     SNOW                       0
LIGHT SNOW                0     SLEET                      0
FOG                       7     FOG W/VIS <= 1/4 MILE      1
HAZE                      0

-  INDICATES NEGATIVE NUMBERS.
R  INDICATES RECORD WAS SET OR TIED.
MM INDICATES DATA IS MISSING.
T  INDICATES TRACE AMOUNT.

$$
