000
CXUS54 KTSA 011347
CLMFSM

CLIMATE REPORT
NATIONAL WEATHER SERVICE TULSA OK
547 AM CDT FRI AUG 1 2014

...................................

...THE FORT SMITH ARKANSAS CLIMATE SUMMARY FOR THE MONTH OF JULY 2014...

CLIMATE NORMAL PERIOD 1981 TO 2010
CLIMATE RECORD PERIOD 1882 TO 2014

WEATHER         OBSERVED          NORMAL  DEPART  LAST YEAR`S
                 VALUE   DATE(S)  VALUE   FROM    VALUE  DATE(S)
                                          NORMAL
................................................................
TEMPERATURE (F)
RECORD
 HIGH             111   07/14/1954
                        07/13/1954
 LOW               50   07/06/1972
HIGHEST            98   07/27       111     -13      104
LOWEST             59   07/16        50       9       61
AVG. MAXIMUM     87.9              93.0    -5.1     92.7
AVG. MINIMUM     68.6              71.6    -3.0     71.0
MEAN             78.3              82.3    -4.0     81.9
DAYS MAX >= 90     16
DAYS MAX <= 32      0
DAYS MIN <= 32      0
DAYS MIN <= 0       0

PRECIPITATION (INCHES)
RECORD
 MAXIMUM        14.99   1895
 MINIMUM         0.07   2001
TOTALS           2.68              3.30   -0.62     3.95
DAILY AVG.       0.09              0.11   -0.02     0.13
DAYS >= .01        11               6.5     4.5        7
DAYS >= .10         7               4.7     2.3        6
DAYS >= .50         1               2.1    -1.1        3
DAYS >= 1.00        0               0.9    -0.9        1
GREATEST
 24 HR. TOTAL    0.96   07/30 TO 07/31

DEGREE_DAYS
COOLING TOTAL     419               536    -117      534
 SINCE 1/1       1135              1165     -30     1261
.................................................................

WIND (MPH)
AVERAGE WIND SPEED              5.6
HIGHEST WIND SPEED/DIRECTION    46/310    DATE  07/23
HIGHEST GUST SPEED/DIRECTION    66/300    DATE  07/23

SKY COVER
POSSIBLE SUNSHINE (PERCENT)   MM
AVERAGE SKY COVER           0.30
NUMBER OF DAYS FAIR           23
NUMBER OF DAYS PC              4
NUMBER OF DAYS CLOUDY          4

AVERAGE RH (PERCENT)     71

WEATHER CONDITIONS. NUMBER OF DAYS WITH
THUNDERSTORM              5     MIXED PRECIP               0
HEAVY RAIN                4     RAIN                       3
LIGHT RAIN               11     FREEZING RAIN              0
LT FREEZING RAIN          0     HAIL                       0
HEAVY SNOW                0     SNOW                       0
LIGHT SNOW                0     SLEET                      0
FOG                      19     FOG W/VIS <= 1/4 MILE      1
HAZE                      6

-  INDICATES NEGATIVE NUMBERS.
R  INDICATES RECORD WAS SET OR TIED.
MM INDICATES DATA IS MISSING.
T  INDICATES TRACE AMOUNT.

&&
-------------------------------------------------------------------
 YEARLY PRECIPITATION (INCHES):
 TOTAL.....................21.87
 DEPARTURE FROM NORMAL.....-4.90
$$
