000
CXUS55 KGGW 020013
CLMGGW

CLIMATE REPORT
NATIONAL WEATHER SERVICE GLASGOW MT
403 PM MDT SAT JUL 1 2017

...................................

...THE GLASGOW CLIMATE SUMMARY FOR THE MONTH OF JUNE 2017...

CLIMATE NORMAL PERIOD 1981 TO 2010
CLIMATE RECORD PERIOD 1893 TO 2017

WEATHER         OBSERVED          NORMAL  DEPART  LAST YEAR`S
                 VALUE   DATE(S)  VALUE   FROM    VALUE  DATE(S)
                                          NORMAL
................................................................
TEMPERATURE (F)
RECORD
 HIGH             110   06/17/1933
 LOW               24   06/02/1919
HIGHEST            94   06/04                         92  06/08
                        06/01
LOWEST             40   06/23                         44  06/01
AVG. MAXIMUM     80.8              76.7     4.1     79.6
AVG. MINIMUM     50.9              51.3    -0.4     52.4
MEAN             65.8              64.0     1.8     66.0
DAYS MAX >= 90      3                                  1
DAYS MAX <= 32      0                                  0
DAYS MIN <= 32      0                                  0
DAYS MIN <= 0       0                                  0

PRECIPITATION (INCHES)
RECORD
 MAXIMUM        10.29   1923
 MINIMUM         0.07   1903
TOTALS           0.14              2.33   -2.19     3.51
DAILY AVG.       0.00              0.08   -0.08     0.12
DAYS >= .01         7                                 12
DAYS >= .10         0                                  8
DAYS >= .50         0                                  2
DAYS >= 1.00        0                                  1
GREATEST
 24 HR. TOTAL    0.05   06/20 TO 06/21

SNOWFALL (INCHES)
RECORDS
 TOTAL            1.3   1950
 SNOW DEPTH         T   MM
TOTALS            0.0               0.0     0.0      0.0
 LIQUID EQUIV    0.00              0.00    0.00     0.00
SINCE 7/1        37.7              34.8     2.9     27.6
 LIQUID 7/1      3.77              3.50    0.27     2.76
SNOWDEPTH AVG.      0                                  0
DAYS >= TRACE       0                                  0
DAYS >= 1.0         0                                  0
GREATEST
 SNOW DEPTH         0   MM                             0  MM
 24 HR TOTAL      0.0   06/30 TO 06/30

DEGREE_DAYS
HEATING TOTAL      47               105     -58       32
 SINCE 7/1       7960              8436    -476     7089
COOLING TOTAL      80                75       5       69
 SINCE 1/1         95                92       3       80
.................................................................

WIND (MPH)
AVERAGE WIND SPEED              13.0
RESULTANT WIND SPEED/DIRECTION   2/324
HIGHEST WIND SPEED/DIRECTION    43/300    DATE  06/22
HIGHEST GUST SPEED/DIRECTION    54/300    DATE  06/22

SKY COVER
POSSIBLE SUNSHINE (PERCENT)   MM
AVERAGE SKY COVER           0.20
NUMBER OF DAYS FAIR           23
NUMBER OF DAYS PC              7
NUMBER OF DAYS CLOUDY          0

AVERAGE RH (PERCENT)     45

WEATHER CONDITIONS. NUMBER OF DAYS WITH
THUNDERSTORM              0     MIXED PRECIP               0
HEAVY RAIN                0     RAIN                       1
LIGHT RAIN               13     FREEZING RAIN              0
LT FREEZING RAIN          0     HAIL                       0
HEAVY SNOW                0     SNOW                       0
LIGHT SNOW                0     SLEET                      0
FOG                       0     FOG W/VIS <= 1/4 MILE      0
HAZE                      0

-  INDICATES NEGATIVE NUMBERS.
R  INDICATES RECORD WAS SET OR TIED.
MM INDICATES DATA IS MISSING.
T  INDICATES TRACE AMOUNT.

&&

FOR THE THIRD STRAIGHT MONTH, JUNE WAS WARMER AND MUCH DRIER THAN
NORMAL. IN FACT, THE 0.14 INCHES THE FELL DURING THE MONTH WOUND UP
BEING THE THIRD DRIEST JUNE ON RECORD.  IT WAS ALSO 2.19 INCHES
BELOW NORMAL. SINCE APRIL 1ST, ONLY 1.24 INCHES HAS FALLEN, MAKING
THIS THE DRIEST APRIL THROUGH JUNE PERIOD ON RECORD.  THE NEXT
DRIEST WAS 2.16 INCHES WAY BACK IN 1918.

THE AVERAGE TEMPERATURE FOR THE MONTH WAS 65.8 DEGREES, WHICH WAS
1.8 DEGREES WARMER THAN NORMAL.  THE AVERAGE HIGH TEMPERATURE FOR
THE MONTH WAS 80.8 DEGREES, WITH AN AVERAGE LOW OF 50.9 DEGREES. THE
HOTTEST DAYS OF THE MONTH WERE THE 1ST AND 4TH WHEN THE HIGH REACHED
94 DEGREES. THE COOLEST WAS ON THE MORNING OF THE 23RD WHEN THE LOW
DIPPED DOWN TO 40 DEGREES.

JUNE WAS RATHER WINDY AS WELL.  THE WIND GUSTED TO 30 MPH OR GREATER
ON TWENTY THREE DAYS, AND 40 MPH OR GREATER ON EIGHT DAYS. A PEAK
WIND OF 54 MPH WAS RECORDED ON THE 22ND.

LOOKING AHEAD TO JULY, NORMAL HIGH TEMPERATURES TO BEGIN THE MONTH
ARE IN THE LOWER 80S WITH NORMAL LOWS IN THE MID 50S. BY MONTH`S END,
NORMAL HIGHS ARE IN THE UPPER 80S WITH LOWS IN THE UPPER 50S. NORMAL
RAINFALL FOR THE MONTH IS 1.78 INCHES.

$$

BB
