801
CXUS53 KGLD 011719
CLMGLD

CLIMATE REPORT
NATIONAL WEATHER SERVICE GOODLAND
1115 AM MDT FRI APR 1 2016

...................................

...THE GOODLAND KS CLIMATE SUMMARY FOR THE MONTH OF MARCH 2016...

CLIMATE NORMAL PERIOD 1981 TO 2010
CLIMATE RECORD PERIOD 1895 TO 2016

WEATHER         OBSERVED          NORMAL  DEPART  LAST YEAR`S
                 VALUE   DATE(S)  VALUE   FROM    VALUE  DATE(S)
                                          NORMAL
................................................................
TEMPERATURE (F)
RECORD
 HIGH              90   03/20/1907
                        03/19/1907
 LOW              -20   03/03/1960
                        03/11/1948
                        03/10/1948
HIGHEST            81   03/21        79       2       89  03/16
LOWEST             12   03/20         9       3       13  03/05
AVG. MAXIMUM     62.3              54.6     7.7     62.7
AVG. MINIMUM     28.3              26.5     1.8     30.3
MEAN             45.3              40.5     4.8     46.5
DAYS MAX >= 90      0               0.0     0.0        0
DAYS MAX <= 32      0               2.0    -2.0        1
DAYS MIN <= 32     21              22.8    -1.8       18
DAYS MIN <= 0       0               0.4    -0.4        0

PRECIPITATION (INCHES)
RECORD
 MAXIMUM         3.60   1981
 MINIMUM         0.00   1911
TOTALS           0.55              1.07   -0.52     0.11
DAILY AVG.       0.02              0.03   -0.01     0.00
DAYS >= .01         4               6.0    -2.0        4
DAYS >= .10         1               2.6    -1.6        0
DAYS >= .50         0               0.6    -0.6        0
DAYS >= 1.00        0               0.1    -0.1        0
GREATEST
 24 HR. TOTAL    0.46   03/23                          0.05

SNOWFALL (INCHES)
RECORDS
 TOTAL           32.0   1912
TOTALS            4.4               6.8    -2.4      0.6
SINCE 7/1        27.8              30.8    -3.0     22.7
SNOWDEPTH AVG.      0                 3      -3        0
DAYS >= 1.0         1               2.0    -1.0        0
GREATEST
 SNOW DEPTH         T   03/18                          1  03/04
 24 HR TOTAL      3.6   03/23

DEGREE_DAYS
HEATING TOTAL     605               758    -153      565
 SINCE 7/1       4451              5175    -724     4780
COOLING TOTAL       0                 0       0        0
 SINCE 1/1          0                 0       0        0
......................................................

WIND (MPH)
AVERAGE WIND SPEED              14.3
HIGHEST WIND SPEED/DIRECTION    49/340    DATE  03/23
HIGHEST GUST SPEED/DIRECTION    60/340    DATE  03/23

SKY COVER
AVERAGE SKY COVER           0.20

AVERAGE RH (PERCENT)     49

WEATHER CONDITIONS. NUMBER OF DAYS WITH
THUNDERSTORM              0     MIXED PRECIP               0
HEAVY RAIN                0     RAIN                       0
LIGHT RAIN                2     FREEZING RAIN              0
LT FREEZING RAIN          0     HAIL                       0
HEAVY SNOW                1     SNOW                       1
LIGHT SNOW                4     SLEET                      0
FOG                       3     FOG W/VIS <= 1/4 MILE      1
HAZE                      3

-  INDICATES NEGATIVE NUMBERS.
R  INDICATES RECORD WAS SET OR TIED.
MM INDICATES DATA IS MISSING.
T  INDICATES TRACE AMOUNT.

$$
