000
CXUS53 KGID 011311
CLMGRI


CLIMATE REPORT
NATIONAL WEATHER SERVICE HASTINGS NE
806 AM CDT THU SEP 1 2016

...................................

...THE GRAND ISLAND NE CLIMATE SUMMARY FOR THE MONTH OF AUGUST 2016...

CLIMATE NORMAL PERIOD 1981 TO 2010
CLIMATE RECORD PERIOD 1895 TO 2016

WEATHER         OBSERVED          NORMAL  DEPART  LAST YEAR`S
                 VALUE   DATE(S)  VALUE   FROM    VALUE  DATE(S)
                                          NORMAL
................................................................
TEMPERATURE (F)
RECORD
 HIGH             112   08/08/1934
 LOW               38   08/24/1928
HIGHEST            95   08/18        98      -3       96  08/02
LOWEST             47   08/21        51      -4       45  08/24
AVG. MAXIMUM     84.4              85.4    -1.0     84.2
AVG. MINIMUM     62.7              62.6     0.1     60.4
MEAN             73.5              74.0    -0.5     72.3
DAYS MAX >= 90      6               8.3    -2.3        3
DAYS MAX <= 32      0               0.0     0.0        0
DAYS MIN <= 32      0               0.0     0.0        0
DAYS MIN <= 0       0               0.0     0.0        0

PRECIPITATION (INCHES)
RECORD
 MAXIMUM         8.73   1977
 MINIMUM         0.33   1919
TOTALS           0.57              3.12   -2.55     1.24
DAILY AVG.       0.02              0.10   -0.08     0.04
DAYS >= .01         7               8.2    -1.2        9
DAYS >= .10         2               5.6    -3.6        5
DAYS >= .50         0               2.0    -2.0        0
DAYS >= 1.00        0               0.9    -0.9        0
GREATEST
 24 HR. TOTAL    0.31   08/19 TO 08/19
                        08/18 TO 08/19
                        08/19 TO 08/19

SNOWFALL (INCHES)
RECORDS
 TOTAL            0.0   MM
TOTALS            0.0               0.0     0.0      0.0
SINCE 7/1         0.0               0.0     0.0      0.0
SNOWDEPTH AVG.      0                MM      MM        0
DAYS >= 1.0         0               0.0     0.0        0
GREATEST
 SNOW DEPTH         0   MM                             0  MM

DEGREE_DAYS
HEATING TOTAL       1                 8      -7        8
 SINCE 7/1          7                10      -3       13
COOLING TOTAL     274               287     -13      242
 SINCE 1/1       1014               914     100      822
.................................................................

WIND (MPH)
AVERAGE WIND SPEED              8.6
HIGHEST WIND SPEED/DIRECTION    33/010    DATE  08/02
HIGHEST GUST SPEED/DIRECTION    40/010    DATE  08/02

SKY COVER
POSSIBLE SUNSHINE (PERCENT)   MM
NUMBER OF DAYS FAIR           22
NUMBER OF DAYS PC              8
NUMBER OF DAYS CLOUDY          1

AVERAGE RH (PERCENT)     71

WEATHER CONDITIONS. NUMBER OF DAYS WITH
THUNDERSTORM              9     MIXED PRECIP               0
HEAVY RAIN                0     RAIN                       2
LIGHT RAIN               12     FREEZING RAIN              0
LT FREEZING RAIN          0     HAIL                       0
HEAVY SNOW                0     SNOW                       0
LIGHT SNOW                0     SLEET                      0
FOG                      12     FOG W/VIS <= 1/4 MILE      4
HAZE                      1

-  INDICATES NEGATIVE NUMBERS.
R  INDICATES RECORD WAS SET OR TIED.
MM INDICATES DATA IS MISSING.
T  INDICATES TRACE AMOUNT.

$$
MANGELS
