000
CXUS52 KGSP 012304 CCA
CLMGSP

CLIMATE REPORT...ONE THUNDER DAY OCCURRED ON JAN 4
NATIONAL WEATHER SERVICE GREENVILLE-SPARTANBURG SC
823 AM EST SUN FEB 1 2015

...................................

...THE GREENVILLE-SPARTANBURG CLIMATE SUMMARY FOR THE MONTH OF JANUARY 2015...

CLIMATE NORMAL PERIOD 1981 TO 2010
CLIMATE RECORD PERIOD 1884 TO 2015

WEATHER         OBSERVED          NORMAL  DEPART  LAST YEAR`S
                 VALUE   DATE(S)  VALUE   FROM    VALUE  DATE(S)
                                          NORMAL
................................................................
TEMPERATURE (F)
RECORD
 HIGH              82   01/14/1911
 LOW               -6   01/30/1966
HIGHEST            69   01/20        MM      MM       66  01/20
LOWEST              9   01/08        MM      MM        5  01/07
AVG. MAXIMUM     52.2              52.4    -0.2     47.5
AVG. MINIMUM     31.0              32.0    -1.0     24.7
MEAN             41.6              42.2    -0.6     36.1
DAYS MAX >= 90      0               0.0     0.0        0
DAYS MAX <= 32      1               0.5     0.5        2
DAYS MIN <= 32     15              16.1    -1.1       24
DAYS MIN <= 0       0               0.0     0.0        0

PRECIPITATION (INCHES)
RECORD
 MAXIMUM        10.63   1906
 MINIMUM         0.29   1981
TOTALS           3.86              3.82    0.04     3.16
DAILY AVG.       0.12              0.12    0.00     0.10
DAYS >= .01         9              10.2    -1.2        9
DAYS >= .10         7               6.4     0.6        5
DAYS >= .50         5               2.7     2.3        2
DAYS >= 1.00        0               1.1    -1.1        1
GREATEST
 24 HR. TOTAL    1.24   01/03 TO 01/04           01/10 TO 01/11
                                                          01/28 TO 01/28
                                                          01/28 TO 01/28
 STORM TOTAL       MM                                 MM
 (MM/DD(HH))            MM                    01/11(00) TO 01/11(00)
                                                 01/28(00) TO 01/28(00)8
                                                 01/28(00) TO 01/28(00)8

SNOWFALL (INCHES)
RECORDS
 TOTAL           12.9   1893
 24 HR TOTAL     12.0   01/07/1988 TO 01/07/1988
 SNOW DEPTH        MM   MM
TOTALS            0.0               2.3    -2.3      0.8
 LIQUID EQUIV    0.00              0.20   -0.20     0.08
SINCE 7/1           T               2.8    -2.8      0.9
 LIQUID 7/1        MM              0.30      MM     0.09
SNOWDEPTH AVG.      0                MM      MM        0
DAYS >= TRACE       0               1.2    -1.2        1
DAYS >= 1.0         0               0.7    -0.7        0
GREATEST
 SNOW DEPTH         0   MM                             1  01/29
 24 HR TOTAL      0.0   01/31 TO 01/31           01/28 TO 01/28
                                                          01/28 TO 01/28
                                                          01/28 TO 01/28
 STORM TOTAL       MM                                 MM
 (MM/DD(HH))            MM                    01/28(00) TO 01/28(00)
                                                 01/28(00) TO 01/28(00)8
                                                 01/28(00) TO 01/28(00)8

DEGREE_DAYS
HEATING TOTAL     718               707      11      888
 SINCE 7/1       1878              1910     -32     2051
COOLING TOTAL       0                 0       0        0
 SINCE 1/1          0                 0       0        0

FREEZE DATES
RECORD
 EARLIEST     MM
 LATEST       MM
EARLIEST                        MM
LATEST                          MM
.........................................................

WIND (MPH)
AVERAGE WIND SPEED              6.2
HIGHEST WIND SPEED/DIRECTION    25/360    DATE  01/07
HIGHEST GUST SPEED/DIRECTION    39/350    DATE  01/07

SKY COVER
POSSIBLE SUNSHINE (PERCENT)   MM
AVERAGE SKY COVER           0.30
NUMBER OF DAYS FAIR           20
NUMBER OF DAYS PC              4
NUMBER OF DAYS CLOUDY          7

AVERAGE RH (PERCENT)     61

WEATHER CONDITIONS. NUMBER OF DAYS WITH
THUNDERSTORM              1     MIXED PRECIP               0
HEAVY RAIN                3     RAIN                       7
LIGHT RAIN                9     FREEZING RAIN              0
LT FREEZING RAIN          0     HAIL                       0
HEAVY SNOW                0     SNOW                       0
LIGHT SNOW                1     SLEET                      0
FOG                      12     FOG W/VIS <= 1/4 MILE      2
HAZE                      1

-  INDICATES NEGATIVE NUMBERS.
R  INDICATES RECORD WAS SET OR TIED.
MM INDICATES DATA IS MISSING.
T  INDICATES TRACE AMOUNT.

$$
JPT/DEO
