000
CXUS52 KGSP 010850
CLMGSP

CLIMATE REPORT
NATIONAL WEATHER SERVICE GREENVILLE-SPARTANBURG SC
350 AM EST SUN JAN 1 2017

...................................

...THE GREENVILLE-SPARTANBURG CLIMATE SUMMARY FOR THE MONTH OF DECEMBER 2016...

CLIMATE NORMAL PERIOD 1981 TO 2010
CLIMATE RECORD PERIOD 1884 TO 2016

WEATHER         OBSERVED          NORMAL  DEPART  LAST YEAR`S
                 VALUE   DATE(S)  VALUE   FROM    VALUE  DATE(S)
                                          NORMAL
................................................................
TEMPERATURE (F)
RECORD
 HIGH              79   12/11/2007
                        12/10/2007
 LOW                3   12/30/1917
HIGHEST            71   12/18        MM      MM       76  12/26
LOWEST             22   12/10        MM      MM       26  12/19
AVG. MAXIMUM     54.5              54.1     0.4     63.9
AVG. MINIMUM     36.6              34.0     2.6     46.5
MEAN             45.6              44.0     1.6     55.2
DAYS MAX >= 90      0               0.0     0.0        0
DAYS MAX <= 32      0               0.2    -0.2        0
DAYS MIN <= 32     10              14.2    -4.2        2
DAYS MIN <= 0       0               0.0     0.0        0

PRECIPITATION (INCHES)
RECORD
 MAXIMUM        12.56   1931
 MINIMUM         0.37   1965
TOTALS           2.69              4.11   -1.42    10.08
DAILY AVG.       0.09              0.13   -0.04     0.33
DAYS >= .01         9               9.8    -0.8       15
DAYS >= .10         4               6.3    -2.3       12
DAYS >= .50         2               3.0    -1.0        6
DAYS >= 1.00        1               1.4    -0.4        4
GREATEST
 24 HR. TOTAL    1.16   12/29 TO 12/29           12/23 TO 12/24
                        12/29 TO 12/29                    12/31 TO 12/31
                        12/29 TO 12/29                    12/31 TO 12/31
 STORM TOTAL       MM                                 MM
 (MM/DD(HH))            MM                    12/24(00) TO 12/24(00)
                                                 12/31(00) TO 12/31(00)1
                                                 12/31(00) TO 12/31(00)1

SNOWFALL (INCHES)
RECORDS
 TOTAL           14.4   1930
 24 HR TOTAL     12.0   12/17/1930 TO 12/17/1930
 SNOW DEPTH        10   12/04/1971
TOTALS            0.0               0.4    -0.4      0.0
 LIQUID EQUIV    0.00              0.00    0.00     0.00
SINCE 7/1         0.0               0.5    -0.5      0.0
 LIQUID 7/1      0.00              0.10   -0.10     0.00
SNOWDEPTH AVG.      0                MM      MM        0
DAYS >= TRACE       0               0.4    -0.4        0
DAYS >= 1.0         0               0.1    -0.1        0
GREATEST
 SNOW DEPTH         0   MM                             0  MM
 24 HR TOTAL      0.0   MM                       12/31 TO 12/31
                                                          12/31 TO 12/31
                                                          12/31 TO 12/31
 STORM TOTAL       MM                                 MM
 (MM/DD(HH))            MM                    12/31(00) TO 12/31(00)
                                                 12/31(00) TO 12/31(00)1
                                                 12/31(00) TO 12/31(00)1

DEGREE_DAYS
HEATING TOTAL     596               650     -54      309
 SINCE 7/1        922              1203    -281      754
COOLING TOTAL       0                 1      -1       11
 SINCE 1/1       2188              1716     472     1946

FREEZE DATES
RECORD
 EARLIEST     MM
 LATEST       MM
EARLIEST                        MM
LATEST                          MM
..................................................

WIND (MPH)
AVERAGE WIND SPEED              5.7
HIGHEST WIND SPEED/DIRECTION    28/280    DATE  12/29
HIGHEST GUST SPEED/DIRECTION    43/280    DATE  12/29

SKY COVER
POSSIBLE SUNSHINE (PERCENT)   MM
AVERAGE SKY COVER           0.50
NUMBER OF DAYS FAIR           13
NUMBER OF DAYS PC             10
NUMBER OF DAYS CLOUDY          8

AVERAGE RH (PERCENT)     65

WEATHER CONDITIONS. NUMBER OF DAYS WITH
THUNDERSTORM              1     MIXED PRECIP               0
HEAVY RAIN                1     RAIN                       3
LIGHT RAIN               13     FREEZING RAIN              0
LT FREEZING RAIN          0     HAIL                       0
HEAVY SNOW                0     SNOW                       0
LIGHT SNOW                0     SLEET                      0
FOG                      16     FOG W/VIS <= 1/4 MILE      2
HAZE                      5

-  INDICATES NEGATIVE NUMBERS.
R  INDICATES RECORD WAS SET OR TIED.
MM INDICATES DATA IS MISSING.
T  INDICATES TRACE AMOUNT.

$$

OUTLAW
