000
CXUS54 KAMA 011624
CLMGUY


CLIMATE REPORT
NATIONAL WEATHER SERVICE AMARILLO TX
1014 AM CST THU FEB 1 2018

...................................

...THE GUYMON CLIMATE SUMMARY FOR THE MONTH OF JANUARY 2018...

CLIMATE NORMAL PERIOD 1981 TO 2010
CLIMATE RECORD PERIOD 1998 TO 2018

WEATHER         OBSERVED          NORMAL  DEPART  LAST YEAR`S
                 VALUE   DATE(S)  VALUE   FROM    VALUE  DATE(S)
                                          NORMAL
................................................................
TEMPERATURE (F)
HIGHEST            80   01/30                         77  01/11
                        01/20
LOWEST                  01/16                         -7  01/07
AVG. MAXIMUM     55.5              49.6     5.9     49.3
AVG. MINIMUM     19.2              21.6    -2.4     22.5
MEAN             37.4              35.6     1.8     35.9
DAYS MAX >= 90      0               0.0     0.0        0
DAYS MAX <= 32      3               3.7    -0.7        6
DAYS MIN <= 32     28              28.0     0.0       29
DAYS MIN <= 0       2               0.2     1.8        2

PRECIPITATION (INCHES)
TOTALS           0.01              0.40   -0.39     2.01
DAILY AVG.       0.00              0.01   -0.01     0.06
DAYS >= .01         1                MM      MM        7
DAYS >= .10         0                MM      MM        6
DAYS >= .50         0                MM      MM        1
DAYS >= 1.00        0                MM      MM        1
GREATEST
 24 HR. TOTAL    0.01   01/11 TO 01/11

SNOWFALL (INCHES)
TOTALS              T                MM      MM      0.0
SINCE 7/1           T                MM      MM      0.8
DAYS >= TRACE       0                MM      MM
DAYS >= 1.0         0                MM      MM        0
GREATEST
 SNOW DEPTH         0   MM
 24 HR TOTAL      0.0   01/31 TO 01/31

DEGREE_DAYS
HEATING TOTAL     848               911     -63      893
 SINCE 7/1       2467              2728    -261     2383
COOLING TOTAL       0                 0       0        0
 SINCE 1/1          0                 0       0        0
.................................................................

WIND (MPH)
AVERAGE WIND SPEED              10.3
HIGHEST WIND SPEED/DIRECTION    44/350    DATE  01/11
HIGHEST GUST SPEED/DIRECTION    57/360    DATE  01/11

SKY COVER
POSSIBLE SUNSHINE (PERCENT)   MM
NUMBER OF DAYS FAIR           29
NUMBER OF DAYS PC              2
NUMBER OF DAYS CLOUDY          0

AVERAGE RH (PERCENT)     46

WEATHER CONDITIONS. NUMBER OF DAYS WITH
THUNDERSTORM              0     MIXED PRECIP               0
HEAVY RAIN                0     RAIN                       0
LIGHT RAIN                1     FREEZING RAIN              0
LT FREEZING RAIN          0     HEAVY SNOW                 0
SNOW                      0     LIGHT SNOW                 1
SLEET                     0     FOG                        1
FOG W/VIS <= 1/4 MILE     0     HAZE                       1

-  INDICATES NEGATIVE NUMBERS.
R  INDICATES RECORD WAS SET OR TIED.
MM INDICATES DATA IS MISSING.
T  INDICATES TRACE AMOUNT.

$$
