000
CXUS54 KAMA 011741
CLMGUY


CLIMATE REPORT
NATIONAL WEATHER SERVICE AMARILLO TX
1241 PM CDT MON MAY 1 2017

...................................

...THE GUYMON CLIMATE SUMMARY FOR THE MONTH OF APRIL 2017...

CLIMATE NORMAL PERIOD 1981 TO 2010
CLIMATE RECORD PERIOD 1998 TO 2017

WEATHER         OBSERVED          NORMAL  DEPART  LAST YEAR`S
                 VALUE   DATE(S)  VALUE   FROM    VALUE  DATE(S)
                                          NORMAL
................................................................
TEMPERATURE (F)
HIGHEST            91   04/19                         89  04/05
LOWEST             31   04/23                         27  04/02
                        04/06
AVG. MAXIMUM     70.9              70.3     0.6     71.8
AVG. MINIMUM     44.3              40.2     4.1     42.5
MEAN             57.6              55.2     2.4     57.2
DAYS MAX >= 90      1               0.8     0.2        0
DAYS MAX <= 32      0               0.0     0.0        0
DAYS MIN <= 32      2               4.8    -2.8        2
DAYS MIN <= 0       0               0.0     0.0        0

PRECIPITATION (INCHES)
TOTALS           4.04              1.51    2.53     5.26
DAILY AVG.       0.13              0.05    0.08     0.18
DAYS >= .01         9                MM      MM       10
DAYS >= .10         7                MM      MM        6
DAYS >= .50         4                MM      MM        3
DAYS >= 1.00        1                MM      MM        3
GREATEST
 24 HR. TOTAL    1.02   04/29 TO 04/29

SNOWFALL (INCHES)
TOTALS            3.0                MM      MM      0.0
SINCE 7/1         3.8                MM      MM        T
DAYS >= TRACE       2                MM      MM
DAYS >= 1.0         2                MM      MM        0
GREATEST
 SNOW DEPTH         5   04/30
 24 HR TOTAL      2.0   04/04 TO 04/04

DEGREE_DAYS
HEATING TOTAL     250               305     -55      239
 SINCE 7/1       3567              4353    -786     3650
COOLING TOTAL      42                13      29       11
 SINCE 1/1         65                15      50       20
.................................................................

WIND (MPH)
AVERAGE WIND SPEED              13.9
HIGHEST WIND SPEED/DIRECTION    40/210    DATE  04/15
HIGHEST GUST SPEED/DIRECTION    52/210    DATE  04/15

SKY COVER
POSSIBLE SUNSHINE (PERCENT)   MM
NUMBER OF DAYS FAIR           14
NUMBER OF DAYS PC             11
NUMBER OF DAYS CLOUDY          5

AVERAGE RH (PERCENT)     63

WEATHER CONDITIONS. NUMBER OF DAYS WITH
THUNDERSTORM              0     MIXED PRECIP               0
HEAVY RAIN                3     RAIN                       6
LIGHT RAIN                9     FREEZING RAIN              0
LT FREEZING RAIN          0     HEAVY SNOW                 0
SNOW                      2     LIGHT SNOW                 3
SLEET                     0     FOG                       10
FOG W/VIS <= 1/4 MILE     1     HAZE                       0

-  INDICATES NEGATIVE NUMBERS.
R  INDICATES RECORD WAS SET OR TIED.
MM INDICATES DATA IS MISSING.
T  INDICATES TRACE AMOUNT.

$$
