000
CXUX51 KGYX 050101
CLMGYX

PWMCLMGYX 000
TTAA00 KGYX 040306


CLIMATE REPORT
NATIONAL WEATHER SERVICE GRAY ME
901 PM EDT TUE JUL 4 2017

...................................

...THE GRAY ME CLIMATE SUMMARY FOR THE MONTH OF JUNE 2017...

CLIMATE NORMAL PERIOD 1981 TO 2010
CLIMATE RECORD PERIOD 1995 TO 2017

WEATHER         OBSERVED          NORMAL  DEPART  LAST YEAR`S
                 VALUE   DATE(S)  VALUE   FROM    VALUE
                                          NORMAL
.............................................................
TEMPERATURE (F)
RECORD
 HIGH              94   06/02/2013
                        06/07/1999
 LOW               42   06/05/2015
HIGHEST            92   06/11        89       3       86
LOWEST             46   06/06        44       2       47
                        06/03
AVG. MAXIMUM     75.6              74.0     1.6     74.2
AVG. MINIMUM     55.7              54.1     1.6     54.0
MEAN             65.7              64.1     1.6     64.1
DAYS MAX >= 90      3               0.5     2.5        0
DAYS MAX <= 32      0               0.0     0.0        0
DAYS MIN <= 32      0               0.0     0.0        0
DAYS MIN <= 0       0               0.0     0.0        0

PRECIPITATION (INCHES)
RECORD
 MAXIMUM        11.07   2012
 MINIMUM         1.08   1999
TOTALS           3.33              4.30   -0.97     3.76
DAILY AVG.       0.11              0.14   -0.03     0.13
DAYS >= .01        14              13.5     0.5       12
DAYS >= .10         7               8.2    -1.2        4
DAYS >= .50         3               2.9     0.1        2
DAYS >= 1.00        0               1.3    -1.3        1
GREATEST
 24 HR. TOTAL    0.91   06/29 TO 06/30

SNOWFALL (INCHES)
RECORDS
 TOTAL            0.0
TOTALS            0.0               0.0     0.0      0.0
SINCE 7/1       123.9              83.8    40.1     51.8
SNOWDEPTH AVG.      0
DAYS >= TRACE       0               0.0     0.0        0
DAYS >= 1.0         0               0.0     0.0        0
GREATEST
 SNOW DEPTH         0                                  0
 24 HR TOTAL      0.0

DEGREE_DAYS
HEATING TOTAL      77                94     -17       70
 SINCE 7/1       6853              7192    -339     6452
COOLING TOTAL     105                65      40       52
 SINCE 1/1        126                76      50       74
..............................................................



-  INDICATES NEGATIVE NUMBERS.
R  INDICATES RECORD WAS SET OR TIED.
MM INDICATES DATA IS MISSING.
T  INDICATES TRACE AMOUNT.

&&

JUNE BEGAN WITH A PERIOD OF COOL, DAMP WEATHER, BUT THAT WOULD SOON
CHANGE AS A WARM, HUMID AIR MASS MOVED INTO NORTHERN NEW ENGLAND.
THE TEMPERATURE TOPPED 90 DEGREES ON 3 STRAIGHT DAYS FROM JUNE 11
THRU 13. ALTHOUGH A COLD FRONT BROUGHT A FEW COOLER DAYS, THE WARMTH
WOULD RETURN AGAIN WITH SEVERAL MORE DAYS ABOVE 80 DEGREES. THE
WARM, HUMID AIR FINALLY MOVED AWAY ON JUNE 26 WITH COOL AND LESS
HUMID CONDITIONS LASTING THROUGH THE END OF THE MONTH ALONG WITH
OCCASIONAL SHOWERS.

THE AVERAGE TEMPERATURE FOR THE MONTH WAS 65.7 DEGREES WHICH WAS 1.6
DEGREES ABOVE NORMAL. THE WARMEST JUNE ON RECORD WAS IN 1999 WHEN
THE AVERAGE TEMPERATURE WAS 67.6 DEGREES. THE COOLEST WAS ONLY 60.6
DEGREES IN 2015 AND 1998.

A TOTAL OF 4.21 INCHES OF RAIN FELL WHICH WAS 0.97 INCHES BELOW
NORMAL. THE HEAVIEST RAIN WAS ON THE FINAL TWO DAYS OF THE MONTH
WHEN 1.1 INCHES OF RAIN WAS RECORDED. THE WETTEST JUNE ON RECORD WAS
IN 2012 WHEN 11.07 INCHES FELL. THE DRIEST WAS IN 1999 WHEN ONLY
1.08 INCHES WAS RECORDED.

$$

KIMBLE
