285
CXUS56 KHNX 031556
CLMHJO


CLIMATE REPORT
NATIONAL WEATHER SERVICE SAN JOAQUIN VALLEY, CA
848 AM PDT SAT JUN 3 2017

...................................

...THE HANFORD CA AIRPORT CLIMATE SUMMARY FOR THE MONTH OF MAY 2017...

CLIMATE NORMAL PERIOD 1981 TO 2010
CLIMATE RECORD PERIOD 1998 TO 2017

WEATHER         OBSERVED          NORMAL  DEPART  LAST YEAR`S
                 VALUE   DATE(S)  VALUE   FROM    VALUE  DATE(S)
                                          NORMAL
................................................................
TEMPERATURE (F)
RECORD
 HIGH             105   05/31/2001
 LOW               39   05/11/2010
HIGHEST           102   05/23        MM      MM       99  05/31
LOWEST             46   05/18        MM      MM       49  05/22
                                                          05/21
                                                          05/01
AVG. MAXIMUM     85.1              84.0     1.1     84.9
AVG. MINIMUM     55.2              53.5     1.7     56.0
MEAN             70.2              68.7     1.5     70.5
DAYS MAX >= 90     12               7.7     4.3       10
DAYS MIN <= 32      0               0.0     0.0        0

PRECIPITATION (INCHES)
RECORD
 MAXIMUM         1.39   1998
TOTALS           0.39              0.42   -0.03     0.17
DAYS >= .01         2                MM      MM        2
DAYS >= .10         1                MM      MM        1
DAYS >= .50         0                MM      MM        0
DAYS >= 1.00        0                MM      MM        0
GREATEST
 24 HR. TOTAL    0.38   05/07 TO 05/07

SNOWFALL (INCHES)
RECORDS
 TOTAL            0.0
TOTALS            0.0                MM

DEGREE_DAYS
HEATING TOTAL      24                37     -13       10
 SINCE 7/1       2104              2652    -548     2166
COOLING TOTAL     193               153      40      188
 SINCE 1/1        208               189      19      229
.................................................................

WIND (MPH)
AVERAGE WIND SPEED              6.5
HIGHEST WIND SPEED/DIRECTION    24/330    DATE  05/16
HIGHEST GUST SPEED/DIRECTION    31/330    DATE  05/16

AVERAGE RH (PERCENT)     57

WEATHER CONDITIONS. NUMBER OF DAYS WITH
THUNDERSTORM              0     RAIN                       1
HAIL                      0     FOG                        6
FOG W/VIS <= 1/4 MILE     0     HAZE                      15

-  INDICATES NEGATIVE NUMBERS.
R  INDICATES RECORD WAS SET OR TIED.
MM INDICATES DATA IS MISSING.
T  INDICATES TRACE AMOUNT.

$$
