000
CXUS54 KHGX 011933
CLMHOU

CLIMATE REPORT
NATIONAL WEATHER SERVICE HOUSTON/GALVESTON TX
233 PM CDT SAT NOV 1 2014

...................................

...THE HOUSTON INTERCONTINENTAL CLIMATE SUMMARY FOR THE MONTH OF OCTOBER 2014...

CLIMATE NORMAL PERIOD 1981 TO 2010
CLIMATE RECORD PERIOD 1892 TO 2014

WEATHER         OBSERVED          NORMAL  DEPART  LAST YEAR`S
                 VALUE   DATE(S)  VALUE   FROM    VALUE  DATE(S)
                                          NORMAL
................................................................
TEMPERATURE (F)
RECORD
 HIGH              99   10/01/1900
 LOW               29   10/31/1993
HIGHEST            93   10/02        81      12       93  10/05
                        10/01
LOWEST             51   10/15        59      -8       46  10/20
AVG. MAXIMUM     84.8              82.0     2.8     81.5
AVG. MINIMUM     60.8              60.9    -0.1     61.1
MEAN             72.8              71.5     1.3     71.3
DAYS MAX >= 90      6               3.0     3.0        2
DAYS MAX <= 32      0               0.0     0.0        0
DAYS MIN <= 32      0               0.0     0.0        0
DAYS MIN <= 0       0               0.0     0.0        0

PRECIPITATION (INCHES)
RECORD
 MAXIMUM        17.64   1949
 MINIMUM            T   1934
TOTALS           2.95              5.70   -2.75     7.08
DAILY AVG.       0.10              0.18   -0.08     0.23
DAYS >= .01         9               7.9     1.1       13
DAYS >= .10         5               5.3    -0.3        7
DAYS >= .50         3               3.2    -0.2        4
DAYS >= 1.00        0               1.7    -1.7        4

SNOWFALL (INCHES)
RECORDS
 TOTAL            0.0   2002
                        2001
TOTALS            0.0               0.0     0.0      0.0
SINCE 7/1         0.0               0.0     0.0      0.0
SNOWDEPTH AVG.      0                MM      MM        0
DAYS >= 1.0         0               0.0     0.0        0
GREATEST
 SNOW DEPTH         0   MM                             0  MM
 24 HR TOTAL      0.0   10/31 TO 10/31

DEGREE_DAYS
HEATING TOTAL       0                29     -29        8
 SINCE 7/1          0                30     -30        8
COOLING TOTAL     249               229      20      212
 SINCE 1/1       2999              3054     -55     3133
.................................................................

WIND (MPH)
AVERAGE WIND SPEED              5.6
RESULTANT WIND SPEED/DIRECTION   1/118
HIGHEST WIND SPEED/DIRECTION    30/300    DATE  10/02
HIGHEST GUST SPEED/DIRECTION    40/310    DATE  10/13

SKY COVER
AVERAGE SKY COVER           0.30

AVERAGE RH (PERCENT)     70

WEATHER CONDITIONS. NUMBER OF DAYS WITH
THUNDERSTORM              0     MIXED PRECIP               0
HEAVY RAIN                5     RAIN                       5
LIGHT RAIN                9     FREEZING RAIN              0
LT FREEZING RAIN          0     HAIL                       0
HEAVY SNOW                0     SNOW                       0
LIGHT SNOW                0     SLEET                      0
FOG                      15     FOG W/VIS <= 1/4 MILE      0
HAZE                      0

-  INDICATES NEGATIVE NUMBERS.
R  INDICATES RECORD WAS SET OR TIED.
MM INDICATES DATA IS MISSING.
T  INDICATES TRACE AMOUNT.
...................................

...THE HOUSTON/HOBBY AIRPORT CLIMATE SUMMARY FOR THE MONTH OF OCTOBER 2014...

CLIMATE NORMAL PERIOD 1981 TO 2010
CLIMATE RECORD PERIOD 1930 TO 2014

WEATHER         OBSERVED          NORMAL  DEPART  LAST YEAR`S
                 VALUE   DATE(S)  VALUE   FROM    VALUE  DATE(S)
                                          NORMAL
................................................................
TEMPERATURE (F)
RECORD
 HIGH              97   10/02/1938
                        10/01/1938
 LOW               36   10/24/1937
HIGHEST            92   10/02        MM      MM       93  10/05
                        10/01
LOWEST             53   10/15        MM      MM       50  10/20
AVG. MAXIMUM     84.5              81.2     3.3     81.4
AVG. MINIMUM     63.9              63.1     0.8     63.8
MEAN             74.2              72.1     2.1     72.6
DAYS MAX >= 90      6               1.2     4.8        1
DAYS MAX <= 32      0               0.0     0.0        0
DAYS MIN <= 32      0               0.0     0.0        0
DAYS MIN <= 0       0               0.0     0.0        0

PRECIPITATION (INCHES)
RECORD
 MAXIMUM        22.31   1949
 MINIMUM            T   1978
TOTALS           2.56              5.99   -3.43     9.79
DAILY AVG.       0.08              0.19   -0.11     0.32
DAYS >= .01         6               7.6    -1.6       12
DAYS >= .10         5               5.5    -0.5        9
DAYS >= .50         3               3.3    -0.3        5
DAYS >= 1.00        1               1.8    -0.8        5

SNOWFALL (INCHES)
RECORDS
 TOTAL            0.0   2002
                        2001
TOTALS            0.0               0.0     0.0      0.0
SINCE 7/1         0.0               0.0     0.0      0.0
SNOWDEPTH AVG.      0                MM      MM        0
DAYS >= 1.0         0               0.0     0.0        0
GREATEST
 SNOW DEPTH         0   MM                             0  MM
 24 HR TOTAL      0.0   10/31 TO 10/31

DEGREE_DAYS
HEATING TOTAL       0                21     -21        3
 SINCE 7/1          0                21     -21        3
COOLING TOTAL     293               243      50      246
 SINCE 1/1       3083              3036      47     3218
.................................................................

WIND (MPH)
AVERAGE WIND SPEED              5.9
RESULTANT WIND SPEED/DIRECTION   1/133
HIGHEST WIND SPEED/DIRECTION    30/210    DATE  10/13
HIGHEST GUST SPEED/DIRECTION    40/210    DATE  10/13

SKY COVER
AVERAGE SKY COVER           0.30

AVERAGE RH (PERCENT)     70

WEATHER CONDITIONS. NUMBER OF DAYS WITH
THUNDERSTORM              0     MIXED PRECIP               0
HEAVY RAIN                4     RAIN                       6
LIGHT RAIN                6     FREEZING RAIN              0
LT FREEZING RAIN          0     HAIL                       0
HEAVY SNOW                0     SNOW                       0
LIGHT SNOW                0     SLEET                      0
FOG                       8     FOG W/VIS <= 1/4 MILE      0
HAZE                      2

-  INDICATES NEGATIVE NUMBERS.
R  INDICATES RECORD WAS SET OR TIED.
MM INDICATES DATA IS MISSING.
T  INDICATES TRACE AMOUNT.

$$
