000
CXUS54 KHGX 012207
CLMHOU

CLIMATE REPORT NATIONAL WEATHER SERVICE HOUSTON/GALVESTON TX

359 PM CST WED FEB 1 2017

...................................

...THE HOUSTON INTERCONTINENTAL CLIMATE SUMMARY FOR THE MONTH OF JANUARY 2017...

CLIMATE NORMAL PERIOD 1981 TO 2010
CLIMATE RECORD PERIOD 1892 TO 2017

WEATHER         OBSERVED          NORMAL  DEPART  LAST YEAR`S
                 VALUE   DATE(S)  VALUE   FROM    VALUE  DATE(S)
                                          NORMAL
................................................................
TEMPERATURE (F)
RECORD
 HIGH              84   01/26/1975
                        01/30/1911
 LOW                5   01/18/1930
HIGHEST            81   01/12        62      19       79  01/31
LOWEST             21   01/07                         32  01/28
                                                          01/11
AVG. MAXIMUM     69.4              62.9     6.5     63.1
AVG. MINIMUM     50.4              43.2     7.2     41.6
MEAN             59.9              53.1     6.8     52.4
DAYS MAX >= 90      0               0.0     0.0        0
DAYS MAX <= 32      0               0.0     0.0        0
DAYS MIN <= 32      3               3.7    -0.7        2
DAYS MIN <= 0       0               0.0     0.0        0

PRECIPITATION (INCHES)
RECORD
 MAXIMUM        13.11   1891
 MINIMUM         0.07   1909
TOTALS           6.09              3.38    2.71     2.16
DAILY AVG.       0.20              0.11    0.09     0.07
DAYS >= .01        11               9.6     1.4        7
DAYS >= .10         8               5.4     2.6        4
DAYS >= .50         4               2.3     1.7        1
DAYS >= 1.00        2               1.0     1.0        1

SNOWFALL (INCHES)
RECORDS
 TOTAL            2.0   1973
TOTALS            0.0                 T     0.0      0.0
SINCE 7/1         0.0               0.1    -0.1      0.0
SNOWDEPTH AVG.      0                                  0
DAYS >= 1.0         0               0.0     0.0        0
GREATEST
 SNOW DEPTH         0                                  0
 24 HR TOTAL      0.0   01/31 TO 01/31

DEGREE_DAYS
HEATING TOTAL     212               385    -173      390
 SINCE 7/1        529               924    -395      723
COOLING TOTAL      60                15      45        6
 SINCE 1/1         60                12      48        6
.................................................................

WIND (MPH)
AVERAGE WIND SPEED              8.8
RESULTANT WIND SPEED/DIRECTION   1/197
HIGHEST WIND SPEED/DIRECTION    35/320    DATE  01/22
HIGHEST GUST SPEED/DIRECTION    48/300    DATE  01/22

SKY COVER
AVERAGE SKY COVER           0.60

AVERAGE RH (PERCENT)     68

WEATHER CONDITIONS. NUMBER OF DAYS WITH
THUNDERSTORM              6     MIXED PRECIP               0
HEAVY RAIN                6     RAIN                       8
LIGHT RAIN               14     FREEZING RAIN              0
LT FREEZING RAIN          0     HAIL                       0
HEAVY SNOW                0     SNOW                       0
LIGHT SNOW                0     SLEET                      0
FOG                      15     FOG W/VIS <= 1/4 MILE      6
HAZE                      4

-  INDICATES NEGATIVE NUMBERS.
R  INDICATES RECORD WAS SET OR TIED.
MM INDICATES DATA IS MISSING.
T  INDICATES TRACE AMOUNT.
...................................

&&

...THE HOUSTON/HOBBY AIRPORT CLIMATE SUMMARY FOR THE MONTH OF JANUARY 2017...

CLIMATE NORMAL PERIOD 1981 TO 2010
CLIMATE RECORD PERIOD 1930 TO 2017

WEATHER         OBSERVED          NORMAL  DEPART  LAST YEAR`S
                 VALUE   DATE(S)  VALUE   FROM    VALUE  DATE(S)
                                          NORMAL
................................................................
TEMPERATURE (F)
RECORD
 HIGH              85   01/23/1972
 LOW                5   01/23/1940
HIGHEST            81   01/21                         78  01/31
LOWEST             23   01/07                         34  01/28
AVG. MAXIMUM     69.8              63.0     6.8     63.8
AVG. MINIMUM     51.6              45.1     6.5     44.2
MEAN             60.7              54.1     6.6     54.0
DAYS MAX >= 90      0               0.0     0.0        0
DAYS MAX <= 32      0               0.0     0.0        0
DAYS MIN <= 32      3               2.1     0.9        0
DAYS MIN <= 0       0               0.0     0.0        0

PRECIPITATION (INCHES)
RECORD
 MAXIMUM         6.72   2007
 MINIMUM         0.37   2009
TOTALS           4.07              3.87    0.20     2.51
DAILY AVG.       0.13              0.12    0.01     0.08
DAYS >= .01        12               9.2     2.8       10
DAYS >= .10         7               5.8     1.2        6
DAYS >= .50         4               2.5     1.5        1
DAYS >= 1.00        2               1.2     0.8        1

SNOWFALL (INCHES)
RECORDS
 TOTAL            0.0   2002
TOTALS            0.0               0.0     0.0      0.0
SINCE 7/1         0.0               0.0     0.0      0.0
SNOWDEPTH AVG.      0                                  0
DAYS >= 1.0         0               0.0     0.0        0
GREATEST
 SNOW DEPTH         0                                  0
 24 HR TOTAL      0.0   01/31 TO 01/31

DEGREE_DAYS
HEATING TOTAL     189               355    -166      340
 SINCE 7/1        438               831    -393      585
COOLING TOTAL      64                16      48        6
 SINCE 1/1         64                10      54        6
.................................................................

WIND (MPH)
AVERAGE WIND SPEED              9.4
RESULTANT WIND SPEED/DIRECTION   1/223
HIGHEST WIND SPEED/DIRECTION    38/310    DATE  01/22
HIGHEST GUST SPEED/DIRECTION    49/320    DATE  01/22

SKY COVER
AVERAGE SKY COVER           0.60

AVERAGE RH (PERCENT)     69

WEATHER CONDITIONS. NUMBER OF DAYS WITH
THUNDERSTORM              5     MIXED PRECIP               0
HEAVY RAIN                7     RAIN                       7
LIGHT RAIN               13     FREEZING RAIN              0
LT FREEZING RAIN          0     HAIL                       1
HEAVY SNOW                0     SNOW                       0
LIGHT SNOW                0     SLEET                      0
FOG                      13     FOG W/VIS <= 1/4 MILE      7
HAZE                      3

-  INDICATES NEGATIVE NUMBERS.
R  INDICATES RECORD WAS SET OR TIED.
MM INDICATES DATA IS MISSING.
T  INDICATES TRACE AMOUNT.

$$
