000
CXUS53 KGID 011732 CCA
CLMHSI

CLIMATE REPORT...CORRECTED
NATIONAL WEATHER SERVICE HASTINGS NE
1232 PM CDT THU JUN 1 2017

...................................

...THE HASTINGS NE CLIMATE SUMMARY FOR THE MONTH OF MAY 2017...

CLIMATE NORMAL PERIOD 1981 TO 2010
CLIMATE RECORD PERIOD 1894 TO 2017

WEATHER         OBSERVED          NORMAL  DEPART  LAST YEAR`S
                 VALUE   DATE(S)  VALUE   FROM    VALUE  DATE(S)
                                          NORMAL
................................................................
TEMPERATURE (F)
RECORD
 HIGH             105   05/29/1934
 LOW               22   05/01/1909
HIGHEST            89   05/08        90      -1       84  05/29
LOWEST             33   05/01        37      -4       34  05/14
AVG. MAXIMUM     72.8              72.0     0.8     71.0
AVG. MINIMUM     49.5              50.6    -1.1     48.9
MEAN             61.1              61.3    -0.2     59.9
DAYS MAX >= 90      0               0.6    -0.6        0
DAYS MAX <= 32      0               0.0     0.0        0
DAYS MIN <= 32      0               0.1    -0.1        0
DAYS MIN <= 0       0               0.0     0.0        0

PRECIPITATION (INCHES)
RECORD
 MAXIMUM        12.47   1965
 MINIMUM         0.47   1934
TOTALS           6.42              4.57    1.85     3.68
DAILY AVG.       0.21              0.15    0.06     0.12
DAYS >= .01        12                MM      MM       16
DAYS >= .10        11                MM      MM        9
DAYS >= .50         5                MM      MM        4
DAYS >= 1.00        1                MM      MM        0
GREATEST
 24 HR. TOTAL    1.89   05/17 TO 05/17

SNOWFALL (INCHES)
RECORDS
 TOTAL            4.5   1967
TOTALS            0.6               0.0     0.6      0.0
SINCE 7/1        11.1              28.8   -17.7     32.4
SNOWDEPTH AVG.      0                MM      MM        0
DAYS >= 1.0         0                MM      MM        0
GREATEST
 SNOW DEPTH         1   05/01                          0  MM

DEGREE_DAYS
HEATING TOTAL     163               169      -6      176
 SINCE 7/1       5143              6008    -865     5016
COOLING TOTAL      53                54      -1       29
 SINCE 1/1         61                59       2       29
.................................................................

WIND (MPH)
AVERAGE WIND SPEED              10.9
HIGHEST WIND SPEED/DIRECTION    46/290    DATE  05/15
HIGHEST GUST SPEED/DIRECTION    57/280    DATE  05/15

SKY COVER
POSSIBLE SUNSHINE (PERCENT)   MM
AVERAGE SKY COVER           0.30
NUMBER OF DAYS FAIR           21
NUMBER OF DAYS PC              6
NUMBER OF DAYS CLOUDY          4

AVERAGE RH (PERCENT)     61

WEATHER CONDITIONS. NUMBER OF DAYS WITH
THUNDERSTORM             10     MIXED PRECIP               0
HEAVY RAIN                6     RAIN                       9
LIGHT RAIN               15     FREEZING RAIN              0
LT FREEZING RAIN          0     HAIL                       0
HEAVY SNOW                0     SNOW                       0
LIGHT SNOW                1     SLEET                      0
FOG                       8     FOG W/VIS <= 1/4 MILE      0
HAZE                      7

-  INDICATES NEGATIVE NUMBERS.
R  INDICATES RECORD WAS SET OR TIED.
MM INDICATES DATA IS MISSING.
T  INDICATES TRACE AMOUNT.

$$

KELLEY
