000
CXUS51 KRLX 050202
CLMHTS


CLIMATE REPORT
NATIONAL WEATHER SERVICE CHARLESTON WV
1000 PM EDT TUE AUG 4 2015

...................................

...THE HUNTINGTON CLIMATE SUMMARY FOR THE MONTH OF JULY 2015...

CLIMATE NORMAL PERIOD 1981 TO 2010
CLIMATE RECORD PERIOD 1897 TO 2015

WEATHER         OBSERVED          NORMAL  DEPART  LAST YEAR`S
                 VALUE   DATE(S)  VALUE   FROM    VALUE  DATE(S)
                                          NORMAL
................................................................
TEMPERATURE (F)
RECORD
 HIGH             108   07/28/1930
 LOW               46   07/05/1968
HIGHEST            91   07/29        MM      MM       93  07/13
                        07/28
LOWEST             59   07/31        MM      MM       52  07/16
                        07/01
AVG. MAXIMUM     83.3              86.0    -2.7     82.5
AVG. MINIMUM     65.2              65.4    -0.2     62.0
MEAN             74.3              75.7    -1.4     72.2
DAYS MAX >= 90      3               7.9    -4.9        5
DAYS MAX <= 32      0               0.0     0.0        0
DAYS MIN <= 32      0               0.0     0.0        0
DAYS MIN <= 0       0               0.0     0.0        0

PRECIPITATION (INCHES)
RECORD
 MAXIMUM         9.90   1961
 MINIMUM         0.07   2013
TOTALS           7.97              4.55    3.42     4.00
DAILY AVG.       0.26              0.15    0.11     0.13
DAYS >= .01        17              11.1     5.9       11
DAYS >= .10        11               7.5     3.5       11
DAYS >= .50         6               2.9     3.1        3
DAYS >= 1.00        4               1.3     2.7        0
GREATEST
 24 HR. TOTAL    1.83   07/20 TO 07/21              1.16

SNOWFALL (INCHES)
RECORDS
 TOTAL             MM   MM
TOTALS            0.0               0.0     0.0      0.0
SINCE 7/1         0.0               0.0     0.0      0.0
DAYS >= 1.0         0               0.0     0.0        0
GREATEST
 SNOW DEPTH         0   MM                             0  MM
 24 HR TOTAL      0.0   07/31 TO 07/31           07/31 TO 07/31
                                                          07/31 TO 07/31
                                                          07/31 TO 07/31

DEGREE_DAYS
HEATING TOTAL       0                 0       0        3
 SINCE 7/1          0                 0       0        3
COOLING TOTAL     297               332     -35      236
 SINCE 1/1        736               670      66      595
..................................................

WIND (MPH)
AVERAGE WIND SPEED              3.9
HIGHEST WIND SPEED/DIRECTION    32/350    DATE  07/14
HIGHEST GUST SPEED/DIRECTION    50/350    DATE  07/14

SKY COVER
POSSIBLE SUNSHINE (PERCENT)   MM
AVERAGE SKY COVER           0.50
NUMBER OF DAYS FAIR           11
NUMBER OF DAYS PC             12
NUMBER OF DAYS CLOUDY          8

AVERAGE RH (PERCENT)     81

WEATHER CONDITIONS. NUMBER OF DAYS WITH
THUNDERSTORM              0     MIXED PRECIP               0
HEAVY RAIN               11     RAIN                      12
LIGHT RAIN               19     FREEZING RAIN              0
LT FREEZING RAIN          0     HAIL                       0
HEAVY SNOW                0     SNOW                       0
LIGHT SNOW                0     SLEET                      0
FOG                      29     FOG W/VIS <= 1/4 MILE     10
HAZE                      8

-  INDICATES NEGATIVE NUMBERS.
R  INDICATES RECORD WAS SET OR TIED.
MM INDICATES DATA IS MISSING.
T  INDICATES TRACE AMOUNT.

$$
