000
CXUS51 KCAR 081315
CLMHUL


CLIMATE REPORT
NATIONAL WEATHER SERVICE CARIBOU, ME
915 AM EDT THU SEP 8 2016

...................................

...THE HOULTON ME CLIMATE SUMMARY FOR THE SEASON, FROM
6/1/2016 TO 8/31/2016...

CLIMATE NORMAL PERIOD 1981 TO 2010
CLIMATE RECORD PERIOD 1948 TO 2016

WEATHER         OBSERVED          NORMAL  DEPART  LAST YEAR`S
                 VALUE   DATE(S)  VALUE   FROM    VALUE  DATE(S)
                                          NORMAL
................................................................
TEMPERATURE (F)
RECORD
 HIGH              99   08/02/1975
 LOW               28   06/06/1971
HIGHEST            88   08/05        MM      MM       90  08/18
                        07/22
                        06/27
LOWEST             34   06/17        MM      MM       33  06/07
AVG. MAXIMUM     76.0              75.4     0.6     74.3
AVG. MINIMUM     51.8              51.1     0.7     51.5
MEAN             63.9              63.2     0.7     62.9
DAYS MAX >= 90      0               1.8    -1.8        1
DAYS MAX <= 32      0               0.0     0.0        0
DAYS MIN <= 32      0               0.6    -0.6        0
DAYS MIN <= 0       0               0.0     0.0        0

PRECIPITATION (INCHES)
RECORD
 MAXIMUM        16.56   2012
 MINIMUM         9.41   2015
TOTALS          12.48                      1.49
DAILY AVG.       0.14              0.12    0.02     0.10
DAYS >= .01        35              37.6    -2.6       37
DAYS >= .10        23              22.4     0.6       23
DAYS >= .50        10               7.6     2.4        6
DAYS >= 1.00        4               2.1     1.9        2
GREATEST
 24 HR. TOTAL    2.31   MM                       08/31 TO 08/31
                                                          08/31 TO 08/31
                                                          08/31 TO 08/31

SNOWFALL (INCHES)
RECORDS
 TOTAL             MM   MM
TOTALS             MM               0.0      MM      0.0
SINCE 7/1          MM               0.0      MM      0.0
SNOWDEPTH AVG.     MM                MM      MM        0
DAYS >= 1.0         0               0.0     0.0        0
GREATEST
 SNOW DEPTH        MM                                  0  MM
 24 HR TOTAL       MM                            08/31 TO 08/31
                                                          08/31 TO 08/31
                                                          08/31 TO 08/31

DEGREE_DAYS
HEATING TOTAL     269               337     -68      324
 SINCE 7/1         94               156     -62       87
COOLING TOTAL     199               174      25      165
 SINCE 1/1        206               178      28      190
..................................................

WIND (MPH)
AVERAGE WIND SPEED              6.0
HIGHEST WIND SPEED/DIRECTION    26/260    DATE  06/23
HIGHEST GUST SPEED/DIRECTION    37/350    DATE  08/06

SKY COVER
POSSIBLE SUNSHINE (PERCENT)   MM
AVERAGE SKY COVER           0.40
NUMBER OF DAYS FAIR           43
NUMBER OF DAYS PC             29
NUMBER OF DAYS CLOUDY         20

AVERAGE RH (PERCENT)     73

WEATHER CONDITIONS. NUMBER OF DAYS WITH
THUNDERSTORM              0     MIXED PRECIP               0
HEAVY RAIN               16     RAIN                      19
LIGHT RAIN               40     FREEZING RAIN              0
LT FREEZING RAIN          0     HAIL                       0
HEAVY SNOW                0     SNOW                       0
LIGHT SNOW                0     SLEET                      0
FOG                      47     FOG W/VIS <= 1/4 MILE      7
HAZE                      2

-  INDICATES NEGATIVE NUMBERS.
R  INDICATES RECORD WAS SET OR TIED.
MM INDICATES DATA IS MISSING.
T  INDICATES TRACE AMOUNT.

$$
