000
CXUS55 KTFX 011643
CLMHVR


CLIMATE REPORT
NATIONAL WEATHER SERVICE GREAT FALLS MT
626 AM MDT WED JUL 1 2015

...................................

...THE HAVRE MT CLIMATE SUMMARY FOR THE MONTH OF JUNE 2015...

CLIMATE NORMAL PERIOD 1981 TO 2010
CLIMATE RECORD PERIOD 1880 TO 2015

WEATHER         OBSERVED          NORMAL  DEPART  LAST YEAR`S
                 VALUE   DATE(S)  VALUE   FROM    VALUE
                                          NORMAL
.............................................................
TEMPERATURE (F)
RECORD
 HIGH             108   06/21/1900
 LOW               29   06/06/1992
                        06/03/1910
HIGHEST           103   06/28        81      22       83
LOWEST             36   06/15        45      -9       33
AVG. MAXIMUM     83.3              75.8     7.5     72.2
AVG. MINIMUM     49.6              48.5     1.1     46.0
MEAN             66.5              62.2     4.3     59.1
DAYS MAX >= 90      6               2.4     3.6        0
DAYS MAX <= 32      0               0.0     0.0        0
DAYS MIN <= 32      0               0.1    -0.1        0
DAYS MIN <= 0       0               0.0     0.0        0

PRECIPITATION (INCHES)
RECORD
 MAXIMUM           MM   MM
 MINIMUM           MM   MM
TOTALS           0.43              2.19   -1.76     2.69
DAYS >= .01         4              11.4    -7.4
DAYS >= .10         2               5.3    -3.3
DAYS >= .50         0               1.1    -1.1
DAYS >= 1.00        0               0.5    -0.5
GREATEST
 24 HR. TOTAL    0.22   06/01 TO 06/02

SNOWFALL (INCHES)
RECORDS
 TOTAL             MM   5
 24 HR TOTAL       MM
 SNOW DEPTH        MM   MM
TOTALS            0.0               0.0     0.0      0.0
SNOWDEPTH AVG.      0
DAYS >= TRACE       0               0.0     0.0
DAYS >= 1.0         0               0.0     0.0
GREATEST
 SNOW DEPTH         0   MM                             0
 24 HR TOTAL      0.0   06/30 TO 06/30

DEGREE_DAYS
HEATING TOTAL      57               133     -76      175
 SINCE 7/1       7461              8221    -760     8555
COOLING TOTAL     110                48      62        6
 SINCE 1/1        110                59      51       13
..............................................................

WIND (MPH)
AVERAGE WIND SPEED              9.0
HIGHEST WIND SPEED/DIRECTION    39/340    DATE  06/23
HIGHEST GUST SPEED/DIRECTION    52/340    DATE  06/23

SKY COVER
AVERAGE SKY COVER           0.20

AVERAGE RH (PERCENT)     56

WEATHER CONDITIONS. NUMBER OF DAYS WITH
THUNDERSTORM              6     MIXED PRECIP               0
HEAVY RAIN                0     RAIN                       2
LIGHT RAIN               11     FREEZING RAIN              0
LT FREEZING RAIN          0     HAIL                       0
HEAVY SNOW                0     SNOW                       0
LIGHT SNOW                0     SLEET                      0
FOG                       7     FOG W/VIS <= 1/4 MILE      3
HAZE                      2

-  INDICATES NEGATIVE NUMBERS.
R  INDICATES RECORD WAS SET OR TIED.
MM INDICATES DATA IS MISSING.
T  INDICATES TRACE AMOUNT.

&&

AN UPPER-LEVEL HIGH PRESSURE RIDGE DOMINATED THE WEATHER PATTERN IN JUNE...RESULTING
IN OVERALL WARM AND DRY CONDITIONS ACROSS CENTRAL MONTANA. THE AVERAGE MONTHLY
TEMPERATURE IN HAVRE WAS 66.5 DEGREES...TYING THE RECORD FOR 11TH WARMEST JUNE.
MONTHLY RAINFALL REACHED ONLY 0.43 INCHES...RESULTING IN THE FOURTH DRIEST JUNE ON
RECORD.

$$
