000
CXUS53 KUNR 092059
CLMICR


CLIMATE REPORT
NATIONAL WEATHER SERVICE RAPID CITY SD
159 PM MST THU MAR 9 2017

...................................

...THE WINNER REGIONAL AIRPORT SD CLIMATE SUMMARY FOR THE MONTH OF FEBRUARY 2017...

CLIMATE NORMAL PERIOD 1981 TO 2010
CLIMATE RECORD PERIOD 9999 TO 9999

WEATHER         OBSERVED          NORMAL  DEPART  LAST YEAR`S
                 VALUE   DATE(S)  VALUE   FROM    VALUE  DATE(S)
                                          NORMAL
................................................................
TEMPERATURE (F)
HIGHEST            77   02/21                         79  02/27
LOWEST              1   02/08                         12  02/03
AVG. MAXIMUM     45.9              37.7     8.2     46.1
AVG. MINIMUM     24.2              17.0     7.2     26.6
MEAN             35.1              27.3     7.8     36.3
DAYS MAX >= 90      0                                  0
DAYS MAX <= 32      6                                  5
DAYS MIN <= 32     20                                 24
DAYS MIN <= 0       0                                  0

PRECIPITATION (INCHES)
TOTALS           0.56              0.51    0.05     0.32
DAILY AVG.       0.02              0.02    0.00     0.01
DAYS >= .01         4                                  8
DAYS >= .10         2                                  0
DAYS >= .50         0                                  0
DAYS >= 1.00        0                                  0
GREATEST
 24 HR. TOTAL    0.31   02/23 TO 02/23              0.09

DEGREE_DAYS
HEATING TOTAL     830              1054    -224      823
 SINCE 7/1       4152              5009    -857     4293
COOLING TOTAL       0                 0       0        0
 SINCE 1/1          0                 0       0        0
.................................................................

WIND (MPH)
AVERAGE WIND SPEED              12.0
HIGHEST WIND SPEED/DIRECTION    44/200    DATE  02/04
HIGHEST GUST SPEED/DIRECTION    54/190    DATE  02/04

AVERAGE RH (PERCENT)     65

WEATHER CONDITIONS. NUMBER OF DAYS WITH
THUNDERSTORM              0     MIXED PRECIP               0
HEAVY RAIN                0     RAIN                       0
LIGHT RAIN                3     FREEZING RAIN              0
LT FREEZING RAIN          2     HAIL                       0
HEAVY SNOW                0     SNOW                       1
LIGHT SNOW                7     SLEET                      0
FOG                      12     FOG W/VIS <= 1/4 MILE      0
HAZE                      5

-  INDICATES NEGATIVE NUMBERS.
R  INDICATES RECORD WAS SET OR TIED.
MM INDICATES DATA IS MISSING.
T  INDICATES TRACE AMOUNT.

$$
