000
CXUS53 KUNR 011623
CLMIEN


CLIMATE REPORT
NATIONAL WEATHER SERVICE RAPID CITY SD
1022 AM MDT SUN MAY 1 2016

...................................

...THE PINE RIDGE SD CLIMATE SUMMARY FOR THE MONTH OF APRIL 2016...

CLIMATE NORMAL PERIOD 1981 TO 2010
CLIMATE RECORD PERIOD 9999 TO 9999

WEATHER         OBSERVED          NORMAL  DEPART  LAST YEAR`S
                 VALUE   DATE(S)  VALUE   FROM    VALUE  DATE(S)
                                          NORMAL
................................................................
TEMPERATURE (F)
HIGHEST            82   04/13                         77  04/14
                                                          04/11
LOWEST             18   04/11                         11  04/03
AVG. MAXIMUM     60.3              59.9     0.4     61.2
AVG. MINIMUM     34.2              31.3     2.9     31.4
MEAN             47.2              45.6     1.6     46.3
DAYS MAX >= 90      0                                  0
DAYS MAX <= 32      0                                  0
DAYS MIN <= 32     14                                 15
DAYS MIN <= 0       0                                  0

PRECIPITATION (INCHES)
TOTALS           3.47              1.91    1.56     1.88
DAILY AVG.       0.12              0.06    0.06     0.06
DAYS >= .01        12                                 11
DAYS >= .10         7                                  5
DAYS >= .50         2                                  2
DAYS >= 1.00        1                                  0
GREATEST
 24 HR. TOTAL    1.06   04/15 TO 04/16              1.07

DEGREE_DAYS
HEATING TOTAL     526               582     -56      553
 SINCE 7/1       6132              6820    -688     6470
COOLING TOTAL       1                 0       1        0
 SINCE 1/1          1                 0       1        0
.................................................................

WIND (MPH)
AVERAGE WIND SPEED              10.4
HIGHEST WIND SPEED/DIRECTION    39/190    DATE  04/09
HIGHEST GUST SPEED/DIRECTION    53/300    DATE  04/05

AVERAGE RH (PERCENT)     61

WEATHER CONDITIONS. NUMBER OF DAYS WITH
THUNDERSTORM              0     MIXED PRECIP               0
HEAVY RAIN                0     RAIN                       4
LIGHT RAIN               12     FREEZING RAIN              0
LT FREEZING RAIN          0     HAIL                       0
HEAVY SNOW                0     SNOW                       0
LIGHT SNOW                6     SLEET                      0
FOG                      11     FOG W/VIS <= 1/4 MILE      0
HAZE                      3

-  INDICATES NEGATIVE NUMBERS.
R  INDICATES RECORD WAS SET OR TIED.
MM INDICATES DATA IS MISSING.
T  INDICATES TRACE AMOUNT.

$$
