000
CXUS51 KCTP 010902
CLMIPT

PHLCLMIPT 000
TTAA00 KCTP 010850


CLIMATE REPORT
NATIONAL WEATHER SERVICE STATE COLLEGE PA
450 AM EDT SUN MAY 1 2016

...................................

...THE WILLIAMSPORT PA CLIMATE SUMMARY FOR THE MONTH OF APRIL 2016...

CLIMATE NORMAL PERIOD 1981 TO 2010
CLIMATE RECORD PERIOD 1895 TO 2016

WEATHER         OBSERVED          NORMAL  DEPART  LAST YEAR`S
                 VALUE   DATE(S)  VALUE   FROM    VALUE  DATE(S)
                                          NORMAL
................................................................
TEMPERATURE (F)
RECORD
 HIGH              96   04/24/1925
 LOW                8   04/01/1923
HIGHEST            82   04/18                         83  04/18
                        04/17
LOWEST             21   04/05                         27  04/02
                                                          04/01
AVG. MAXIMUM     61.1              60.9     0.2     62.3
AVG. MINIMUM     36.6              38.9    -2.3     38.3
MEAN             48.9              49.9    -1.0     50.3
DAYS MAX >= 90      0               0.1    -0.1        0
DAYS MAX <= 32      0               0.0     0.0        0
DAYS MIN <= 32      7               6.2     0.8        7
DAYS MIN <= 0       0               0.0     0.0        0

PRECIPITATION (INCHES)
RECORD
 MAXIMUM        10.04   2011
 MINIMUM         0.70   1989
TOTALS           1.59              3.24   -1.65     4.19
DAILY AVG.       0.05              0.11   -0.06     0.14
DAYS >= .01        13              11.6     1.4       14
DAYS >= .10         6               7.3    -1.3       10
DAYS >= .50         0               1.9    -1.9        1
DAYS >= 1.00        0               0.6    -0.6        1
GREATEST
 24 HR. TOTAL    0.31   04/07 TO 04/07

SNOWFALL (INCHES)
RECORDS
 TOTAL           13.8   1982
TOTALS            1.8               1.1     0.7        T
SINCE 7/1         7.7              36.0   -28.3     44.4
SNOWDEPTH AVG.      0                MM      MM        0
DAYS >= 1.0         1               0.3     0.7        0
GREATEST
 SNOW DEPTH         0   MM                             2  04/01
 24 HR TOTAL      1.8   04/09

DEGREE_DAYS
HEATING TOTAL     475               459      16      435
 SINCE 7/1       4700              5755   -1055     6061
COOLING TOTAL       0                 5      -5        0
 SINCE 1/1          0                 5      -5        0
....................................................

WIND (MPH)
AVERAGE WIND SPEED              6.2
HIGHEST WIND SPEED/DIRECTION    36/280    DATE  04/03
HIGHEST GUST SPEED/DIRECTION    48/310    DATE  04/03

SKY COVER
POSSIBLE SUNSHINE (PERCENT)   MM
AVERAGE SKY COVER           0.40
NUMBER OF DAYS FAIR           14
NUMBER OF DAYS PC             11
NUMBER OF DAYS CLOUDY          5

AVERAGE RH (PERCENT)     54

WEATHER CONDITIONS. NUMBER OF DAYS WITH
THUNDERSTORM              2     MIXED PRECIP               0
HEAVY RAIN                1     RAIN                       8
LIGHT RAIN               15     FREEZING RAIN              0
LT FREEZING RAIN          0     HAIL                       0
HEAVY SNOW                1     SNOW                       1
LIGHT SNOW                5     SLEET                      0
FOG                       9     FOG W/VIS <= 1/4 MILE      1
HAZE                      1

-  INDICATES NEGATIVE NUMBERS.
R  INDICATES RECORD WAS SET OR TIED.
MM INDICATES DATA IS MISSING.
T  INDICATES TRACE AMOUNT.

&&

$$

JMC
